{"id":73,"date":"2018-10-09T18:49:22","date_gmt":"2018-10-09T16:49:22","guid":{"rendered":"http:\/\/blog.family-riders.de\/m-18\/?page_id=73"},"modified":"2020-04-02T15:43:14","modified_gmt":"2020-04-02T13:43:14","slug":"p-04","status":"publish","type":"page","link":"https:\/\/bf-on-tour.de\/m-18\/p-04\/","title":{"rendered":"Ein Tag in Vilnius &#8211; viel zu wenig!"},"content":{"rendered":"<p>Fr\u00fchst\u00fcck in Kaunas. Irgendwie erinnert es uns an das Buffet auf der F\u00e4hre. Ziemlich rustikal: Gem\u00fcse, Fleischklops und Haferflockenbrei strahlen eine gewisse Dominanz aus. Die russische Reisedelegation, die mit uns das Buffet teilt, scheint das zu lieben. Ungeheure Mengen von allem werden auf den, zugegeben kleinen, Tellern aufgeh\u00e4uft, sp\u00e4ter auf diversen Scheiben Brot verteilt und mehr oder weniger fein s\u00e4uberlich f\u00fcr den Tag verpackt. Wer (?) bitte soll\u00a0das (!)\u00a0alles essen&#8230;?<\/p>\n<p>Wir machen uns z\u00fcgig auf den Weg nach Vilnius. \u00dcber die Autobahn sind es etwa 120 Kilometer, aber das w\u00fcrde wieder ein st\u00e4ndiges Geradeausfahren bedeuten. Dann lieber 140 km \u00fcber eine Nebenstrecke fahren. Blo\u00df, die macht es uns auch nicht leicht. Abweichungen von der Geraden sind hier ebenfalls nur in hom\u00f6opathischen Dosen eingestreut. Ich bin zum ersten Mal heil froh, dass meine Tiger einen Tempomat hat. Irgendwas zwischen 80 und 90 km\/h eingestellt, schnurrt sie willig vor sich hin &#8211; und ich muss h\u00f6llisch aufpassen, nicht weg zu nicken. Na ja, daf\u00fcr ist heute die Landschaft wenigstens ganz nett.<\/p>\n<figure id=\"attachment_81\" aria-describedby=\"caption-attachment-81\" style=\"width: 840px\" class=\"wp-caption aligncenter\"><a href=\"https:\/\/bf-on-tour.dee\/m-18\/wp-content\/uploads\/sites\/19\/2018\/10\/p04-06.jpg\" rel=\"lightbox[73]\"><img loading=\"lazy\" decoding=\"async\" class=\"wp-image-81 size-large\" src=\"https:\/\/bf-on-tour.de\/m-18\/wp-content\/uploads\/sites\/19\/2018\/10\/p04-06-1024x576.jpg\" alt=\"\" width=\"840\" height=\"473\" srcset=\"https:\/\/bf-on-tour.de\/m-18\/wp-content\/uploads\/sites\/19\/2018\/10\/p04-06-1024x576.jpg 1024w, https:\/\/bf-on-tour.de\/m-18\/wp-content\/uploads\/sites\/19\/2018\/10\/p04-06-300x169.jpg 300w, https:\/\/bf-on-tour.de\/m-18\/wp-content\/uploads\/sites\/19\/2018\/10\/p04-06-768x432.jpg 768w, https:\/\/bf-on-tour.de\/m-18\/wp-content\/uploads\/sites\/19\/2018\/10\/p04-06.jpg 1200w\" sizes=\"auto, (max-width: 709px) 85vw, (max-width: 909px) 67vw, (max-width: 1362px) 62vw, 840px\" \/><\/a><figcaption id=\"caption-attachment-81\" class=\"wp-caption-text\">Mittagspause<\/figcaption><\/figure>\n<p>Angekommen! Der Stadtverkehr fordert einiges von Mensch und Maschine, denn der ohnehin rustikale Fahrstil der Litauer wird hier noch durch das \u00fcbliche Gro\u00dfstadtgedr\u00e4ngel und allerlei Wichtigtuer mit PS-Boliden, die \u00fcberhaupt keine Zeit haben, versch\u00e4rft. Aber schlie\u00dflich haben wir unser Hotel gefunden. Mitten in der Altstadt, direkt an der gro\u00dfen Kathedrale. Was f\u00fcr eine tolle Lage!<\/p>\n<figure id=\"attachment_82\" aria-describedby=\"caption-attachment-82\" style=\"width: 840px\" class=\"wp-caption aligncenter\"><a href=\"https:\/\/bf-on-tour.de\/m-18\/wp-content\/uploads\/sites\/19\/2018\/10\/p04-07.jpg\" rel=\"lightbox[73]\"><img loading=\"lazy\" decoding=\"async\" class=\"size-large wp-image-82\" src=\"https:\/\/bf-on-tour.de\/m-18\/wp-content\/uploads\/sites\/19\/2018\/10\/p04-07-1024x870.jpg\" alt=\"\" width=\"840\" height=\"714\" srcset=\"https:\/\/bf-on-tour.de\/m-18\/wp-content\/uploads\/sites\/19\/2018\/10\/p04-07-1024x870.jpg 1024w, https:\/\/bf-on-tour.de\/m-18\/wp-content\/uploads\/sites\/19\/2018\/10\/p04-07-300x255.jpg 300w, https:\/\/bf-on-tour.de\/m-18\/wp-content\/uploads\/sites\/19\/2018\/10\/p04-07-768x652.jpg 768w, https:\/\/bf-on-tour.de\/m-18\/wp-content\/uploads\/sites\/19\/2018\/10\/p04-07.jpg 1200w\" sizes=\"auto, (max-width: 709px) 85vw, (max-width: 909px) 67vw, (max-width: 1362px) 62vw, 840px\" \/><\/a><figcaption id=\"caption-attachment-82\" class=\"wp-caption-text\">Kathedrale von Vilnius<\/figcaption><\/figure>\n<p>Aber etwas merkw\u00fcrdig ist es schon, dieses kleine Hotel <i>Senatoriai<\/i>. Ich gehe zun\u00e4chst von der kopfstein-gepflasterten Stra\u00dfe in das Restaurant, das drei Tische auf dem Gehweg vor einer fensterlosen Hauswand in praller Sonne zu stehen hat, ein paar Stufen hinunter in einen Keller, in dem der Rest untergebracht ist; frage nach dem Hotel und werde in einen Verbindungsflur verwiesen, der zur Rezeption f\u00fchrt, die &#8211; ebenfalls auf Kellerniveau &#8211; wiederum einen Ausgang zum Hinterhof hat, in dem eine Autowerkstatt untergebracht ist. Auf halber H\u00f6he zwischen Keller und zugeparktem Hinterhof, also quasi im Souterrain, finden sich unter einer Markise weitere Tische. Parken der Maschinen? Geht das hier \u00fcberhaupt?<\/p>\n<p>Man weist unseren Tigerlein ein Eckchen zu, das zwischen einer Mauer liegt, die hier das Geb\u00e4ude verl\u00e4ngert und den Hinterhof bis zur Ausfahrt abschlie\u00dft, dem Treppenaufgang zum Hotelzimmertrakt, der einen eigenen Eingang auf halber H\u00f6he zum ersten Stock besitzt und einem 15 cm hohen Hartgummibegrenzer, der daf\u00fcr sorgt, dass genau zu diesem Eckchen kein PKW Zutritt hat. Das Einparken ohne einen der in Hof und Einfahrt eng aneinander stehenden PKW zu besch\u00e4digen ist Millimeterarbeit und erfordert seine Zeit&#8230;<\/p>\n<p>Nach dem Duschen geht&#8217;s in die Altstadt; wir statten der Kathedrale einen Besuch ab. Hier wird in einer Nebenkapelle geheiratet, weshalb das riesige Kirchenschiff von leiser Musik durchweht wird &#8211; Bach zum Beispiel oder das \u201eAve Maria\u201c von Gounod. Das gibt dem schlichten aber Kraft ausstrahlenden Geb\u00e4ude auch noch einen \u00fcberirdischen Touch. Sehr sch\u00f6n!<\/p>\n<figure id=\"attachment_77\" aria-describedby=\"caption-attachment-77\" style=\"width: 840px\" class=\"wp-caption aligncenter\"><a href=\"https:\/\/bf-on-tour.de\/m-18\/wp-content\/uploads\/sites\/19\/2018\/10\/p04-02.jpg\" rel=\"lightbox[73]\"><img loading=\"lazy\" decoding=\"async\" class=\"wp-image-77 size-large\" src=\"https:\/\/bf-on-tour.de\/m-18\/wp-content\/uploads\/sites\/19\/2018\/10\/p04-02-1024x768.jpg\" alt=\"\" width=\"840\" height=\"630\" srcset=\"https:\/\/bf-on-tour.de\/m-18\/wp-content\/uploads\/sites\/19\/2018\/10\/p04-02-1024x768.jpg 1024w, https:\/\/bf-on-tour.de\/m-18\/wp-content\/uploads\/sites\/19\/2018\/10\/p04-02-300x225.jpg 300w, https:\/\/bf-on-tour.de\/m-18\/wp-content\/uploads\/sites\/19\/2018\/10\/p04-02-768x576.jpg 768w, https:\/\/bf-on-tour.de\/m-18\/wp-content\/uploads\/sites\/19\/2018\/10\/p04-02.jpg 1200w\" sizes=\"auto, (max-width: 709px) 85vw, (max-width: 909px) 67vw, (max-width: 1362px) 62vw, 840px\" \/><\/a><figcaption id=\"caption-attachment-77\" class=\"wp-caption-text\">In der Kathedrale<\/figcaption><\/figure>\n<figure id=\"attachment_78\" aria-describedby=\"caption-attachment-78\" style=\"width: 840px\" class=\"wp-caption aligncenter\"><a href=\"https:\/\/bf-on-tour.de\/m-18\/wp-content\/uploads\/sites\/19\/2018\/10\/p04-03-e1539101893224.jpg\" rel=\"lightbox[73]\"><img loading=\"lazy\" decoding=\"async\" class=\"wp-image-78 size-large\" src=\"https:\/\/bf-on-tour.de\/m-18\/wp-content\/uploads\/sites\/19\/2018\/10\/p04-03-e1539101893224-1024x705.jpg\" alt=\"\" width=\"840\" height=\"578\" srcset=\"https:\/\/bf-on-tour.de\/m-18\/wp-content\/uploads\/sites\/19\/2018\/10\/p04-03-e1539101893224-1024x705.jpg 1024w, https:\/\/bf-on-tour.de\/m-18\/wp-content\/uploads\/sites\/19\/2018\/10\/p04-03-e1539101893224-300x207.jpg 300w, https:\/\/bf-on-tour.de\/m-18\/wp-content\/uploads\/sites\/19\/2018\/10\/p04-03-e1539101893224-768x529.jpg 768w, https:\/\/bf-on-tour.de\/m-18\/wp-content\/uploads\/sites\/19\/2018\/10\/p04-03-e1539101893224.jpg 1080w\" sizes=\"auto, (max-width: 709px) 85vw, (max-width: 909px) 67vw, (max-width: 1362px) 62vw, 840px\" \/><\/a><figcaption id=\"caption-attachment-78\" class=\"wp-caption-text\">Litauen ist sehr (!) katholisch!<\/figcaption><\/figure>\n<p>Zur\u00fcck in der Wirklichkeit, nehmen wir einen der letzten HopOn-HopOff-Busse des Tages und stellen auf der kleinen Stadtrundfahrt fest, dass man wohl mindestens drei Tage br\u00e4uchte, um den Sehensw\u00fcrdigkeiten dieser Stadt wenigstens einigerma\u00dfen gerecht werden zu k\u00f6nnen. Es ist unglaublich, ja fast erschreckend, wie dicht hier Geschichte zu erfahren ist.<\/p>\n<figure id=\"attachment_83\" aria-describedby=\"caption-attachment-83\" style=\"width: 840px\" class=\"wp-caption aligncenter\"><a href=\"https:\/\/bf-on-tour.de\/m-18\/wp-content\/uploads\/sites\/19\/2018\/10\/p04-08.jpg\" rel=\"lightbox[73]\"><img loading=\"lazy\" decoding=\"async\" class=\"size-large wp-image-83\" src=\"https:\/\/bf-on-tour.de\/m-18\/wp-content\/uploads\/sites\/19\/2018\/10\/p04-08-1024x698.jpg\" alt=\"\" width=\"840\" height=\"573\" srcset=\"https:\/\/bf-on-tour.de\/m-18\/wp-content\/uploads\/sites\/19\/2018\/10\/p04-08-1024x698.jpg 1024w, https:\/\/bf-on-tour.de\/m-18\/wp-content\/uploads\/sites\/19\/2018\/10\/p04-08-300x205.jpg 300w, https:\/\/bf-on-tour.de\/m-18\/wp-content\/uploads\/sites\/19\/2018\/10\/p04-08-768x524.jpg 768w, https:\/\/bf-on-tour.de\/m-18\/wp-content\/uploads\/sites\/19\/2018\/10\/p04-08.jpg 1200w\" sizes=\"auto, (max-width: 709px) 85vw, (max-width: 909px) 67vw, (max-width: 1362px) 62vw, 840px\" \/><\/a><figcaption id=\"caption-attachment-83\" class=\"wp-caption-text\">Impressionen der Stadtrundfahrt<\/figcaption><\/figure>\n<p>Schier unz\u00e4hlige Kirchen wollen besucht werden, die Burg, die K\u00fcnstlerkolonie\u00a0U\u017eupis, einst ein v\u00f6llig verkommenes Stadtviertel, heute ein Boh\u00e8me \u00e4hnlich dem Montmartre in Paris, das Rathaus, das Litauische Nationaltheater mit seinem imposanten Eingang, die Choral-Synagoge, unz\u00e4hlige Pl\u00e4tze mit historischen Bauten, deren sch\u00f6ne Fassaden jetzt beinahe achtlos an uns vorbei gleiten. Und nicht zuletzt das Dorf in der Stadt, \u017dv\u0117rynas, das einzige Stadtviertel, in dem noch die alten, h\u00e4ufig bunten Holzh\u00e4user des ausgehenden 19. Jahrhunderts in ihren idyllischen G\u00e4rten stehen. Man k\u00f6nnte immer so dabei bleiben. Wie gesagt: Drei Tage &#8211; und ob das wirklich reicht&#8230;?<\/p>\n<figure id=\"attachment_79\" aria-describedby=\"caption-attachment-79\" style=\"width: 768px\" class=\"wp-caption aligncenter\"><a href=\"https:\/\/bf-on-tour.de\/m-18\/wp-content\/uploads\/sites\/19\/2018\/10\/p04-04.jpg\" rel=\"lightbox[73]\"><img loading=\"lazy\" decoding=\"async\" class=\"size-large wp-image-79\" src=\"https:\/\/bf-on-tour.de\/m-18\/wp-content\/uploads\/sites\/19\/2018\/10\/p04-04-768x1024.jpg\" alt=\"\" width=\"768\" height=\"1024\" srcset=\"https:\/\/bf-on-tour.de\/m-18\/wp-content\/uploads\/sites\/19\/2018\/10\/p04-04-768x1024.jpg 768w, https:\/\/bf-on-tour.de\/m-18\/wp-content\/uploads\/sites\/19\/2018\/10\/p04-04-225x300.jpg 225w, https:\/\/bf-on-tour.de\/m-18\/wp-content\/uploads\/sites\/19\/2018\/10\/p04-04.jpg 1200w\" sizes=\"auto, (max-width: 768px) 85vw, 768px\" \/><\/a><figcaption id=\"caption-attachment-79\" class=\"wp-caption-text\">In der Altstadt<\/figcaption><\/figure>\n<p>Wir schlendern durch die teils engen Gassen und erfreuen uns an den zahlreichen H\u00e4ndlern, die hier <em>original Litauische Kunst<\/em> anbieten. Und w\u00e4hrend bei so manch einem die industrielle Fertigung quasi auf der Hand liegt, kann man bei anderen tats\u00e4chlich zuschauen, wie ihre Werke entstehen.<\/p>\n<p>Die Sonne beginnt lange Schatten zu werfen und wir suchen ein Restaurant f\u00fcr das Abendessen. Meines ist dann ein <em>original litauisches Mahl<\/em> &#8211; ich f\u00fchle mich extrem mutig -, das aus etwas merkw\u00fcrdig angegammelt schmeckendem Hackfleisch in Nudelteig, viel Sauerrahm und viel ausgelassenem Speck besteht. Meine bessere H\u00e4lfte ist da etwas vorsichtiger und hat mit ihrer Wahl eines ordentlichen, wenngleich landes-untypischen Fleischst\u00fccks zweifelsohne die besseren Karten.<\/p>\n<figure id=\"attachment_80\" aria-describedby=\"caption-attachment-80\" style=\"width: 840px\" class=\"wp-caption aligncenter\"><a href=\"https:\/\/bf-on-tour.de\/m-18\/wp-content\/uploads\/sites\/19\/2018\/10\/p04-05.jpg\" rel=\"lightbox[73]\"><img loading=\"lazy\" decoding=\"async\" class=\"size-large wp-image-80\" src=\"https:\/\/bf-on-tour.de\/m-18\/wp-content\/uploads\/sites\/19\/2018\/10\/p04-05-937x1024.jpg\" alt=\"\" width=\"840\" height=\"918\" srcset=\"https:\/\/bf-on-tour.de\/m-18\/wp-content\/uploads\/sites\/19\/2018\/10\/p04-05-937x1024.jpg 937w, https:\/\/bf-on-tour.de\/m-18\/wp-content\/uploads\/sites\/19\/2018\/10\/p04-05-274x300.jpg 274w, https:\/\/bf-on-tour.de\/m-18\/wp-content\/uploads\/sites\/19\/2018\/10\/p04-05-768x840.jpg 768w, https:\/\/bf-on-tour.de\/m-18\/wp-content\/uploads\/sites\/19\/2018\/10\/p04-05.jpg 1200w\" sizes=\"auto, (max-width: 709px) 85vw, (max-width: 909px) 67vw, (max-width: 1362px) 62vw, 840px\" \/><\/a><figcaption id=\"caption-attachment-80\" class=\"wp-caption-text\">Abends im Restaurant<\/figcaption><\/figure>\n<p>Unser Tag klingt aus auf dem Platz vor der Kathedrale bei einem Bier. Und auch hier in Vilnius fallen uns die langbeinigen, wohlgeformten und elegant gekleideten weiblichen Wesen auf (darf man das in unserem von Political Correctness und GenderSprech gemarterten Land \u00fcberhaupt noch sagen oder gar schreiben?), die entweder flanieren, Cocktails genie\u00dfen oder mit ihren Kindern spielen. Weit und breit kein Schrat zu sehen. Wir genie\u00dfen es wieder und wieder!<\/p>\n<figure id=\"attachment_76\" aria-describedby=\"caption-attachment-76\" style=\"width: 840px\" class=\"wp-caption aligncenter\"><a href=\"https:\/\/bf-on-tour.de\/m-18\/wp-content\/uploads\/sites\/19\/2018\/10\/p04-01-e1539101948458.jpg\" rel=\"lightbox[73]\"><img loading=\"lazy\" decoding=\"async\" class=\"wp-image-76 size-large\" src=\"https:\/\/bf-on-tour.de\/m-18\/wp-content\/uploads\/sites\/19\/2018\/10\/p04-01-e1539101948458-1024x577.jpg\" alt=\"\" width=\"840\" height=\"473\" srcset=\"https:\/\/bf-on-tour.de\/m-18\/wp-content\/uploads\/sites\/19\/2018\/10\/p04-01-e1539101948458-1024x577.jpg 1024w, https:\/\/bf-on-tour.de\/m-18\/wp-content\/uploads\/sites\/19\/2018\/10\/p04-01-e1539101948458-300x169.jpg 300w, https:\/\/bf-on-tour.de\/m-18\/wp-content\/uploads\/sites\/19\/2018\/10\/p04-01-e1539101948458-768x433.jpg 768w, https:\/\/bf-on-tour.de\/m-18\/wp-content\/uploads\/sites\/19\/2018\/10\/p04-01-e1539101948458.jpg 1197w\" sizes=\"auto, (max-width: 709px) 85vw, (max-width: 909px) 67vw, (max-width: 1362px) 62vw, 840px\" \/><\/a><figcaption id=\"caption-attachment-76\" class=\"wp-caption-text\">Der Tag klingt aus<\/figcaption><\/figure>\n<p><a href=\"https:\/\/bf-on-tour.de\/m-18\/p-03\"><img loading=\"lazy\" decoding=\"async\" class=\"alignleft wp-image-10\" src=\"https:\/\/bf-on-tour.de\/m-18\/wp-content\/uploads\/sites\/19\/2018\/10\/zurueck.png\" alt=\"\" width=\"50\" height=\"37\" \/><\/a> <a href=\"https:\/\/bf-on-tour.de\/m-18\/p-05\"><img loading=\"lazy\" decoding=\"async\" class=\"alignright wp-image-9\" src=\"https:\/\/bf-on-tour.de\/m-18\/wp-content\/uploads\/sites\/19\/2018\/10\/weiter.png\" alt=\"\" width=\"50\" height=\"37\" \/><\/a><\/p>\n","protected":false},"excerpt":{"rendered":"<p>Fr\u00fchst\u00fcck in Kaunas. Irgendwie erinnert es uns an das Buffet auf der F\u00e4hre. Ziemlich rustikal: Gem\u00fcse, Fleischklops und Haferflockenbrei strahlen eine gewisse Dominanz aus. Die russische Reisedelegation, die mit uns das Buffet teilt, scheint das zu lieben. Ungeheure Mengen von allem werden auf den, zugegeben kleinen, Tellern aufgeh\u00e4uft, sp\u00e4ter auf diversen Scheiben Brot verteilt und &hellip; <a href=\"https:\/\/bf-on-tour.de\/m-18\/p-04\/\" class=\"more-link\"><span class=\"screen-reader-text\">\u201eEin Tag in Vilnius &#8211; viel zu wenig!\u201c <\/span>weiterlesen<\/a><\/p>\n","protected":false},"author":1,"featured_media":0,"parent":0,"menu_order":3,"comment_status":"open","ping_status":"closed","template":"","meta":{"footnotes":""},"class_list":["post-73","page","type-page","status-publish","hentry"],"yoast_head":"<!-- This site is optimized with the Yoast SEO plugin v27.1.1 - https:\/\/yoast.com\/product\/yoast-seo-wordpress\/ -->\n<title>Ein Tag in Vilnius - viel zu wenig! - Rund um die Ostsee<\/title>\n<meta name=\"robots\" content=\"index, follow, max-snippet:-1, max-image-preview:large, max-video-preview:-1\" \/>\n<link rel=\"canonical\" href=\"https:\/\/bf-on-tour.de\/m-18\/p-04\/\" \/>\n<meta property=\"og:locale\" content=\"de_DE\" \/>\n<meta property=\"og:type\" content=\"article\" \/>\n<meta property=\"og:title\" content=\"Ein Tag in Vilnius - viel zu wenig! - Rund um die Ostsee\" \/>\n<meta property=\"og:description\" content=\"Fr\u00fchst\u00fcck in Kaunas. Irgendwie erinnert es uns an das Buffet auf der F\u00e4hre. Ziemlich rustikal: Gem\u00fcse, Fleischklops und Haferflockenbrei strahlen eine gewisse Dominanz aus. Die russische Reisedelegation, die mit uns das Buffet teilt, scheint das zu lieben. Ungeheure Mengen von allem werden auf den, zugegeben kleinen, Tellern aufgeh\u00e4uft, sp\u00e4ter auf diversen Scheiben Brot verteilt und &hellip; \u201eEin Tag in Vilnius &#8211; viel zu wenig!\u201c weiterlesen\" \/>\n<meta property=\"og:url\" content=\"https:\/\/bf-on-tour.de\/m-18\/p-04\/\" \/>\n<meta property=\"og:site_name\" content=\"Rund um die Ostsee\" \/>\n<meta property=\"article:modified_time\" content=\"2020-04-02T13:43:14+00:00\" \/>\n<meta property=\"og:image\" content=\"https:\/\/bf-on-tour.de\/m-18\/wp-content\/uploads\/sites\/19\/2018\/10\/p04-06-1024x576.jpg\" \/>\n<meta name=\"twitter:card\" content=\"summary_large_image\" \/>\n<meta name=\"twitter:label1\" content=\"Gesch\u00e4tzte Lesezeit\" \/>\n\t<meta name=\"twitter:data1\" content=\"5\u00a0Minuten\" \/>\n<script type=\"application\/ld+json\" class=\"yoast-schema-graph\">{\"@context\":\"https:\/\/schema.org\",\"@graph\":[{\"@type\":\"WebPage\",\"@id\":\"https:\/\/bf-on-tour.de\/m-18\/p-04\/\",\"url\":\"https:\/\/bf-on-tour.de\/m-18\/p-04\/\",\"name\":\"Ein Tag in Vilnius - viel zu wenig! - Rund um die Ostsee\",\"isPartOf\":{\"@id\":\"https:\/\/bf-on-tour.de\/m-18\/#website\"},\"primaryImageOfPage\":{\"@id\":\"https:\/\/bf-on-tour.de\/m-18\/p-04\/#primaryimage\"},\"image\":{\"@id\":\"https:\/\/bf-on-tour.de\/m-18\/p-04\/#primaryimage\"},\"thumbnailUrl\":\"https:\/\/bf-on-tour.de\/m-18\/wp-content\/uploads\/sites\/19\/2018\/10\/p04-06-1024x576.jpg\",\"datePublished\":\"2018-10-09T16:49:22+00:00\",\"dateModified\":\"2020-04-02T13:43:14+00:00\",\"breadcrumb\":{\"@id\":\"https:\/\/bf-on-tour.de\/m-18\/p-04\/#breadcrumb\"},\"inLanguage\":\"de\",\"potentialAction\":[{\"@type\":\"ReadAction\",\"target\":[\"https:\/\/bf-on-tour.de\/m-18\/p-04\/\"]}]},{\"@type\":\"ImageObject\",\"inLanguage\":\"de\",\"@id\":\"https:\/\/bf-on-tour.de\/m-18\/p-04\/#primaryimage\",\"url\":\"https:\/\/bf-on-tour.de\/m-18\/wp-content\/uploads\/sites\/19\/2018\/10\/p04-06.jpg\",\"contentUrl\":\"https:\/\/bf-on-tour.de\/m-18\/wp-content\/uploads\/sites\/19\/2018\/10\/p04-06.jpg\",\"width\":1200,\"height\":675},{\"@type\":\"BreadcrumbList\",\"@id\":\"https:\/\/bf-on-tour.de\/m-18\/p-04\/#breadcrumb\",\"itemListElement\":[{\"@type\":\"ListItem\",\"position\":1,\"name\":\"Startseite\",\"item\":\"https:\/\/bf-on-tour.de\/m-18\/\"},{\"@type\":\"ListItem\",\"position\":2,\"name\":\"Ein Tag in Vilnius &#8211; viel zu wenig!\"}]},{\"@type\":\"WebSite\",\"@id\":\"https:\/\/bf-on-tour.de\/m-18\/#website\",\"url\":\"https:\/\/bf-on-tour.de\/m-18\/\",\"name\":\"Rund um die Ostsee\",\"description\":\"Litauen, Lettland, Estland, Finnland, \u00c5land, Schweden\",\"potentialAction\":[{\"@type\":\"SearchAction\",\"target\":{\"@type\":\"EntryPoint\",\"urlTemplate\":\"https:\/\/bf-on-tour.de\/m-18\/?s={search_term_string}\"},\"query-input\":{\"@type\":\"PropertyValueSpecification\",\"valueRequired\":true,\"valueName\":\"search_term_string\"}}],\"inLanguage\":\"de\"}]}<\/script>\n<!-- \/ Yoast SEO plugin. -->","yoast_head_json":{"title":"Ein Tag in Vilnius - viel zu wenig! - Rund um die Ostsee","robots":{"index":"index","follow":"follow","max-snippet":"max-snippet:-1","max-image-preview":"max-image-preview:large","max-video-preview":"max-video-preview:-1"},"canonical":"https:\/\/bf-on-tour.de\/m-18\/p-04\/","og_locale":"de_DE","og_type":"article","og_title":"Ein Tag in Vilnius - viel zu wenig! - Rund um die Ostsee","og_description":"Fr\u00fchst\u00fcck in Kaunas. Irgendwie erinnert es uns an das Buffet auf der F\u00e4hre. Ziemlich rustikal: Gem\u00fcse, Fleischklops und Haferflockenbrei strahlen eine gewisse Dominanz aus. Die russische Reisedelegation, die mit uns das Buffet teilt, scheint das zu lieben. Ungeheure Mengen von allem werden auf den, zugegeben kleinen, Tellern aufgeh\u00e4uft, sp\u00e4ter auf diversen Scheiben Brot verteilt und &hellip; \u201eEin Tag in Vilnius &#8211; viel zu wenig!\u201c weiterlesen","og_url":"https:\/\/bf-on-tour.de\/m-18\/p-04\/","og_site_name":"Rund um die Ostsee","article_modified_time":"2020-04-02T13:43:14+00:00","og_image":[{"url":"https:\/\/bf-on-tour.de\/m-18\/wp-content\/uploads\/sites\/19\/2018\/10\/p04-06-1024x576.jpg","type":"","width":"","height":""}],"twitter_card":"summary_large_image","twitter_misc":{"Gesch\u00e4tzte Lesezeit":"5\u00a0Minuten"},"schema":{"@context":"https:\/\/schema.org","@graph":[{"@type":"WebPage","@id":"https:\/\/bf-on-tour.de\/m-18\/p-04\/","url":"https:\/\/bf-on-tour.de\/m-18\/p-04\/","name":"Ein Tag in Vilnius - viel zu wenig! - Rund um die Ostsee","isPartOf":{"@id":"https:\/\/bf-on-tour.de\/m-18\/#website"},"primaryImageOfPage":{"@id":"https:\/\/bf-on-tour.de\/m-18\/p-04\/#primaryimage"},"image":{"@id":"https:\/\/bf-on-tour.de\/m-18\/p-04\/#primaryimage"},"thumbnailUrl":"https:\/\/bf-on-tour.de\/m-18\/wp-content\/uploads\/sites\/19\/2018\/10\/p04-06-1024x576.jpg","datePublished":"2018-10-09T16:49:22+00:00","dateModified":"2020-04-02T13:43:14+00:00","breadcrumb":{"@id":"https:\/\/bf-on-tour.de\/m-18\/p-04\/#breadcrumb"},"inLanguage":"de","potentialAction":[{"@type":"ReadAction","target":["https:\/\/bf-on-tour.de\/m-18\/p-04\/"]}]},{"@type":"ImageObject","inLanguage":"de","@id":"https:\/\/bf-on-tour.de\/m-18\/p-04\/#primaryimage","url":"https:\/\/bf-on-tour.de\/m-18\/wp-content\/uploads\/sites\/19\/2018\/10\/p04-06.jpg","contentUrl":"https:\/\/bf-on-tour.de\/m-18\/wp-content\/uploads\/sites\/19\/2018\/10\/p04-06.jpg","width":1200,"height":675},{"@type":"BreadcrumbList","@id":"https:\/\/bf-on-tour.de\/m-18\/p-04\/#breadcrumb","itemListElement":[{"@type":"ListItem","position":1,"name":"Startseite","item":"https:\/\/bf-on-tour.de\/m-18\/"},{"@type":"ListItem","position":2,"name":"Ein Tag in Vilnius &#8211; viel zu wenig!"}]},{"@type":"WebSite","@id":"https:\/\/bf-on-tour.de\/m-18\/#website","url":"https:\/\/bf-on-tour.de\/m-18\/","name":"Rund um die Ostsee","description":"Litauen, Lettland, Estland, Finnland, \u00c5land, Schweden","potentialAction":[{"@type":"SearchAction","target":{"@type":"EntryPoint","urlTemplate":"https:\/\/bf-on-tour.de\/m-18\/?s={search_term_string}"},"query-input":{"@type":"PropertyValueSpecification","valueRequired":true,"valueName":"search_term_string"}}],"inLanguage":"de"}]}},"_links":{"self":[{"href":"https:\/\/bf-on-tour.de\/m-18\/wp-json\/wp\/v2\/pages\/73","targetHints":{"allow":["GET"]}}],"collection":[{"href":"https:\/\/bf-on-tour.de\/m-18\/wp-json\/wp\/v2\/pages"}],"about":[{"href":"https:\/\/bf-on-tour.de\/m-18\/wp-json\/wp\/v2\/types\/page"}],"author":[{"embeddable":true,"href":"https:\/\/bf-on-tour.de\/m-18\/wp-json\/wp\/v2\/users\/1"}],"replies":[{"embeddable":true,"href":"https:\/\/bf-on-tour.de\/m-18\/wp-json\/wp\/v2\/comments?post=73"}],"version-history":[{"count":17,"href":"https:\/\/bf-on-tour.de\/m-18\/wp-json\/wp\/v2\/pages\/73\/revisions"}],"predecessor-version":[{"id":557,"href":"https:\/\/bf-on-tour.de\/m-18\/wp-json\/wp\/v2\/pages\/73\/revisions\/557"}],"wp:attachment":[{"href":"https:\/\/bf-on-tour.de\/m-18\/wp-json\/wp\/v2\/media?parent=73"}],"curies":[{"name":"wp","href":"https:\/\/api.w.org\/{rel}","templated":true}]}}