{"version":"1.0","provider_name":"Rund um die Ostsee","provider_url":"https:\/\/bf-on-tour.de\/m-18","author_name":"Wolfgang","author_url":"https:\/\/bf-on-tour.de\/m-18\/author\/lupus\/","title":"Europas Mitte und ein Berg aus Kreuzen - Rund um die Ostsee","type":"rich","width":600,"height":338,"html":"<blockquote class=\"wp-embedded-content\" data-secret=\"NOdrsDBLeH\"><a href=\"https:\/\/bf-on-tour.de\/m-18\/p-05\/\">Europas Mitte und ein Berg aus Kreuzen<\/a><\/blockquote><iframe sandbox=\"allow-scripts\" security=\"restricted\" src=\"https:\/\/bf-on-tour.de\/m-18\/p-05\/embed\/#?secret=NOdrsDBLeH\" width=\"600\" height=\"338\" title=\"&#8222;Europas Mitte und ein Berg aus Kreuzen&#8220; &#8211; Rund um die Ostsee\" data-secret=\"NOdrsDBLeH\" frameborder=\"0\" marginwidth=\"0\" marginheight=\"0\" scrolling=\"no\" class=\"wp-embedded-content\"><\/iframe><script>\n\/*! This file is auto-generated *\/\n!function(d,l){\"use strict\";l.querySelector&&d.addEventListener&&\"undefined\"!=typeof URL&&(d.wp=d.wp||{},d.wp.receiveEmbedMessage||(d.wp.receiveEmbedMessage=function(e){var t=e.data;if((t||t.secret||t.message||t.value)&&!\/[^a-zA-Z0-9]\/.test(t.secret)){for(var s,r,n,a=l.querySelectorAll('iframe[data-secret=\"'+t.secret+'\"]'),o=l.querySelectorAll('blockquote[data-secret=\"'+t.secret+'\"]'),c=new RegExp(\"^https?:$\",\"i\"),i=0;i<o.length;i++)o[i].style.display=\"none\";for(i=0;i<a.length;i++)s=a[i],e.source===s.contentWindow&&(s.removeAttribute(\"style\"),\"height\"===t.message?(1e3<(r=parseInt(t.value,10))?r=1e3:~~r<200&&(r=200),s.height=r):\"link\"===t.message&&(r=new URL(s.getAttribute(\"src\")),n=new URL(t.value),c.test(n.protocol))&&n.host===r.host&&l.activeElement===s&&(d.top.location.href=t.value))}},d.addEventListener(\"message\",d.wp.receiveEmbedMessage,!1),l.addEventListener(\"DOMContentLoaded\",function(){for(var e,t,s=l.querySelectorAll(\"iframe.wp-embedded-content\"),r=0;r<s.length;r++)(t=(e=s[r]).getAttribute(\"data-secret\"))||(t=Math.random().toString(36).substring(2,12),e.src+=\"#?secret=\"+t,e.setAttribute(\"data-secret\",t)),e.contentWindow.postMessage({message:\"ready\",secret:t},\"*\")},!1)))}(window,document);\n\/\/# sourceURL=https:\/\/bf-on-tour.de\/m-18\/wp-includes\/js\/wp-embed.min.js\n<\/script>\n","description":"Die Nacht ist grausam. Bis 23:00 Uhr Betrieb im Souterrain-Teil des Hotels &#8211; also direkt unter unseren Fenstern, die mangels Klimaanlage ge\u00f6ffnet sind. Im Zimmer ein Ventilator. Sch\u00f6n, aber auf Dauer nervig. Danach diverse Ein- und Ausparker auf dem Hinterhof, deren Fahrer gern mal mit den T\u00fcren knallen, sich die inzwischen zusammen gestellten St\u00fchle des &hellip; \u201e\u201c weiterlesen","thumbnail_url":"https:\/\/bf-on-tour.de\/m-18\/wp-content\/uploads\/sites\/19\/2018\/11\/Senatoriai-287x300.jpg"}

Die Nacht ist grausam. Bis 23:00 Uhr Betrieb im Souterrain-Teil des Hotels &#8211; also direkt unter unseren Fenstern, die mangels Klimaanlage geöffnet sind. Im Zimmer ein Ventilator. Schön, aber auf Dauer nervig. Danach diverse Ein- und Ausparker auf dem Hinterhof, deren Fahrer gern mal mit den Türen knallen, sich die inzwischen zusammen gestellten Stühle des &hellip; „“ weiterlesen
