{"id":265,"date":"2017-09-03T14:27:57","date_gmt":"2017-09-03T12:27:57","guid":{"rendered":"http:\/\/blog.family-riders.de\/blackforest\/?page_id=265"},"modified":"2020-04-03T11:18:17","modified_gmt":"2020-04-03T09:18:17","slug":"seite-04","status":"publish","type":"page","link":"https:\/\/bf-on-tour.de\/m-17\/seite-04\/","title":{"rendered":"Jura f\u00fcr Juristen..?!"},"content":{"rendered":"<p>Sicherlich, wenn es um Jurisprudenz geht! Aber gl\u00fccklicherweise hat der Begriff Jura auch noch eine geologische und, daraus resultierend, geographische Bedeutung, die Nicht-Juristen, Wanderer, Radfahrer und insbesondere Motoradfahrer gern in Augenschein nehmen. Wir auch!<\/p>\n<figure id=\"attachment_316\" aria-describedby=\"caption-attachment-316\" style=\"width: 840px\" class=\"wp-caption aligncenter\"><a href=\"https:\/\/bf-on-tour.de\/m-17\/wp-content\/uploads\/sites\/8\/2017\/09\/S04-01.jpg\" rel=\"lightbox[265]\"><img loading=\"lazy\" decoding=\"async\" class=\"wp-image-316 size-large\" src=\"https:\/\/bf-on-tour.de\/m-17\/wp-content\/uploads\/sites\/8\/2017\/09\/S04-01-e1504434907874-1024x701.jpg\" alt=\"\" width=\"840\" height=\"575\" srcset=\"https:\/\/bf-on-tour.de\/m-17\/wp-content\/uploads\/sites\/8\/2017\/09\/S04-01-e1504434907874-1024x701.jpg 1024w, https:\/\/bf-on-tour.de\/m-17\/wp-content\/uploads\/sites\/8\/2017\/09\/S04-01-e1504434907874-300x205.jpg 300w, https:\/\/bf-on-tour.de\/m-17\/wp-content\/uploads\/sites\/8\/2017\/09\/S04-01-e1504434907874-768x525.jpg 768w, https:\/\/bf-on-tour.de\/m-17\/wp-content\/uploads\/sites\/8\/2017\/09\/S04-01-e1504434907874.jpg 1197w\" sizes=\"auto, (max-width: 709px) 85vw, (max-width: 909px) 67vw, (max-width: 1362px) 62vw, 840px\" \/><\/a><figcaption id=\"caption-attachment-316\" class=\"wp-caption-text\">Unterwegs im Schweizer Jura<\/figcaption><\/figure>\n<p>Nun ist der geographische Jura recht lang gestreckt, so dass die besonders typischen Gegenden des Schweizer und Franz\u00f6sischen Faltenjura mit tiefen T\u00e4lern und Klusen (frz.: Clue de &#8230;) von unserem Urlaubsstandort einfach zu weit weg sind. Was f\u00fcr uns erreichbar bleibt, ist der \u00f6stliche Rest des Schweizer Tafeljura in den Kantonen Aargau und Solothurn.<\/p>\n<figure id=\"attachment_317\" aria-describedby=\"caption-attachment-317\" style=\"width: 840px\" class=\"wp-caption aligncenter\"><a href=\"https:\/\/bf-on-tour.de\/m-17\/wp-content\/uploads\/sites\/8\/2017\/09\/S04-02.jpg\" rel=\"lightbox[265]\"><img loading=\"lazy\" decoding=\"async\" class=\"size-large wp-image-317\" src=\"https:\/\/bf-on-tour.de\/m-17\/wp-content\/uploads\/sites\/8\/2017\/09\/S04-02-1024x271.jpg\" alt=\"\" width=\"840\" height=\"222\" srcset=\"https:\/\/bf-on-tour.de\/m-17\/wp-content\/uploads\/sites\/8\/2017\/09\/S04-02-1024x271.jpg 1024w, https:\/\/bf-on-tour.de\/m-17\/wp-content\/uploads\/sites\/8\/2017\/09\/S04-02-300x79.jpg 300w, https:\/\/bf-on-tour.de\/m-17\/wp-content\/uploads\/sites\/8\/2017\/09\/S04-02-768x203.jpg 768w, https:\/\/bf-on-tour.de\/m-17\/wp-content\/uploads\/sites\/8\/2017\/09\/S04-02.jpg 1200w\" sizes=\"auto, (max-width: 709px) 85vw, (max-width: 909px) 67vw, (max-width: 1362px) 62vw, 840px\" \/><\/a><figcaption id=\"caption-attachment-317\" class=\"wp-caption-text\">Panorama in der N\u00e4he von Rothenfluh<\/figcaption><\/figure>\n<p>Zu Hause habe ich dazu eine vermeintlich sch\u00f6ne Tour \u00fcber kleine und kleinste Stra\u00dfen zwischen Bad S\u00e4ckingen, Sissach, Aarau, Brugg und Laufenburg geplant gehabt, die sich allerdings schon bei der Realisierung im Navi und sp\u00e4ter dann auch beim Abfahren einer ver\u00e4nderten Route als nicht fahrbar herausstellt. Genau diese Stra\u00dfen sind n\u00e4mlich fast alle f\u00fcr Motorfahrzeuge gesperrt. Und da man in der Schweiz gr\u00f6\u00dften Wert auf die Einhaltung von Verkehrsregeln legt, trauen wir uns auch nicht, diese Wege trotzdem zu befahren (das \u00fcberlassen wir lieber dem Schweizer Milit\u00e4r, das sich v\u00f6llig cool \u00fcber jedwede Beschilderung hinwegsetzt und mit Mannschafts- und Sch\u00fctzenpanzern querfeldein durch die Landschaft brettert).<\/p>\n<figure id=\"attachment_318\" aria-describedby=\"caption-attachment-318\" style=\"width: 840px\" class=\"wp-caption aligncenter\"><a href=\"https:\/\/bf-on-tour.de\/m-17\/wp-content\/uploads\/sites\/8\/2017\/09\/S04-03.jpg\" rel=\"lightbox[265]\"><img loading=\"lazy\" decoding=\"async\" class=\"wp-image-318 size-large\" src=\"https:\/\/bf-on-tour.de\/m-17\/wp-content\/uploads\/sites\/8\/2017\/09\/S04-03-e1504434998375-1024x562.jpg\" alt=\"\" width=\"840\" height=\"461\" srcset=\"https:\/\/bf-on-tour.de\/m-17\/wp-content\/uploads\/sites\/8\/2017\/09\/S04-03-e1504434998375-1024x562.jpg 1024w, https:\/\/bf-on-tour.de\/m-17\/wp-content\/uploads\/sites\/8\/2017\/09\/S04-03-e1504434998375-300x165.jpg 300w, https:\/\/bf-on-tour.de\/m-17\/wp-content\/uploads\/sites\/8\/2017\/09\/S04-03-e1504434998375-768x422.jpg 768w, https:\/\/bf-on-tour.de\/m-17\/wp-content\/uploads\/sites\/8\/2017\/09\/S04-03-e1504434998375.jpg 1197w\" sizes=\"auto, (max-width: 709px) 85vw, (max-width: 909px) 67vw, (max-width: 1362px) 62vw, 840px\" \/><\/a><figcaption id=\"caption-attachment-318\" class=\"wp-caption-text\">Unterwegs auf kleinen und kleinsten Stra\u00dfen<\/figcaption><\/figure>\n<p>Wir erk\u00e4mpfen uns daf\u00fcr die erlaubten Nebenstra\u00dfen, die kleinen und kleinsten D\u00f6rfer und die wunderbare Landschaft dieses \u201eRestjura\u201c bei gut 30 Grad C im glei\u00dfenden Sonnenschein. Es ist wieder einmal eine echte Hitzeschlacht, bei der jede noch so kleine Waldstrecke und selbst der winzigste Schattenwurf auf die Stra\u00dfe mit gro\u00dfer Dankbarkeit angenommen und besonders genussvoll durchfahren wird.<\/p>\n<figure id=\"attachment_319\" aria-describedby=\"caption-attachment-319\" style=\"width: 675px\" class=\"wp-caption aligncenter\"><a href=\"https:\/\/bf-on-tour.de\/m-17\/wp-content\/uploads\/sites\/8\/2017\/09\/S04-04.jpg\" rel=\"lightbox[265]\"><img loading=\"lazy\" decoding=\"async\" class=\"size-full wp-image-319\" src=\"https:\/\/bf-on-tour.de\/m-17\/wp-content\/uploads\/sites\/8\/2017\/09\/S04-04.jpg\" alt=\"\" width=\"675\" height=\"900\" srcset=\"https:\/\/bf-on-tour.de\/m-17\/wp-content\/uploads\/sites\/8\/2017\/09\/S04-04.jpg 675w, https:\/\/bf-on-tour.de\/m-17\/wp-content\/uploads\/sites\/8\/2017\/09\/S04-04-225x300.jpg 225w\" sizes=\"auto, (max-width: 675px) 85vw, 675px\" \/><\/a><figcaption id=\"caption-attachment-319\" class=\"wp-caption-text\">Jede Schattenstrecke wird dankbar angenommen!<\/figcaption><\/figure>\n<p>Rothenfluh, Kienberg, W\u00f6lflinswil, K\u00fcttigen und Densb\u00fcren sind Ortsnamen, die man wohl nur auf Karten mit gro\u00dfem Ma\u00dfstab findet &#8211; au\u00dfer man f\u00e4hrt, wie wir, durch sie hindurch.<\/p>\n<p>In B\u00f6zen gibt es Mittag im \u201eLandgasthaus Frohsinn\u201c. Was f\u00fcr ein sch\u00f6ner Name! Das Lokal wird sehr zuvorkommend von einem Inder gef\u00fchrt und das Angebot umfasst alles vom Standardschnitzel \u00fcber diverse Pizzen bis zu Nasi- und Bami Goreng. Wir essen Lezteres und sind h\u00f6chst zufrieden. Allerdings l\u00e4sst der f\u00fcr diese Zufriedenheit aufgerufene Preis unseren Frohsinn dann doch wieder etwas verfliegen. Die Schweiz ist und bleibt eben ein teures Pflaster&#8230;<\/p>\n<p>Dann geht es wieder in die Berge: M\u00f6nthal, Oberh\u00f6fen Ag und Etzgen folgen aufeinander, bevor wir wieder unten am Rhein angekommen sind und bei Laufenburg zur\u00fcck nach Deutschland, nach Todtmoos fahren.<\/p>\n<figure id=\"attachment_320\" aria-describedby=\"caption-attachment-320\" style=\"width: 840px\" class=\"wp-caption aligncenter\"><a href=\"https:\/\/bf-on-tour.de\/m-17\/wp-content\/uploads\/sites\/8\/2017\/09\/S04-05.jpg\" rel=\"lightbox[265]\"><img loading=\"lazy\" decoding=\"async\" class=\"size-large wp-image-320\" src=\"https:\/\/bf-on-tour.de\/m-17\/wp-content\/uploads\/sites\/8\/2017\/09\/S04-05-1024x768.jpg\" alt=\"\" width=\"840\" height=\"630\" srcset=\"https:\/\/bf-on-tour.de\/m-17\/wp-content\/uploads\/sites\/8\/2017\/09\/S04-05-1024x768.jpg 1024w, https:\/\/bf-on-tour.de\/m-17\/wp-content\/uploads\/sites\/8\/2017\/09\/S04-05-300x225.jpg 300w, https:\/\/bf-on-tour.de\/m-17\/wp-content\/uploads\/sites\/8\/2017\/09\/S04-05-768x576.jpg 768w, https:\/\/bf-on-tour.de\/m-17\/wp-content\/uploads\/sites\/8\/2017\/09\/S04-05.jpg 1200w\" sizes=\"auto, (max-width: 709px) 85vw, (max-width: 909px) 67vw, (max-width: 1362px) 62vw, 840px\" \/><\/a><figcaption id=\"caption-attachment-320\" class=\"wp-caption-text\">Am Rhein<\/figcaption><\/figure>\n<p>Leider hat Babytiger auf der Tour bei einem etwas eigenwilligen Abbiegeman\u00f6ver ihren Kupplungshebel und den linken Blinker eingeb\u00fc\u00dft, so dass wir zu Hause zun\u00e4chst Erste Hilfe leisten und uns dann nach einem Triumph-H\u00e4ndler in der Umgebung erkundigen (Google wei\u00df schlie\u00dflich alles &#8211; selbst, wo im tiefsten Schwarzwald englische Motorr\u00e4der repariert werden). Und so steht die Tour f\u00fcr morgen also auch schon fest&#8230;!<\/p>\n<p><a href=\"https:\/\/bf-on-tour.de\/m-17\/seite-03\"><img loading=\"lazy\" decoding=\"async\" class=\"alignleft wp-image-343\" src=\"https:\/\/bf-on-tour.de\/m-17\/wp-content\/uploads\/sites\/8\/2017\/09\/zurueck.png\" alt=\"\" width=\"50\" height=\"37\" \/><\/a><a href=\"https:\/\/bf-on-tour.de\/m-17\/seite-05\"><img loading=\"lazy\" decoding=\"async\" class=\"alignright wp-image-344\" src=\"https:\/\/bf-on-tour.de\/m-17\/wp-content\/uploads\/sites\/8\/2017\/09\/weiter.png\" alt=\"\" width=\"50\" height=\"37\" \/><\/a><\/p>\n","protected":false},"excerpt":{"rendered":"<p>Sicherlich, wenn es um Jurisprudenz geht! Aber gl\u00fccklicherweise hat der Begriff Jura auch noch eine geologische und, daraus resultierend, geographische Bedeutung, die Nicht-Juristen, Wanderer, Radfahrer und insbesondere Motoradfahrer gern in Augenschein nehmen. Wir auch! Nun ist der geographische Jura recht lang gestreckt, so dass die besonders typischen Gegenden des Schweizer und Franz\u00f6sischen Faltenjura mit tiefen &hellip; <a href=\"https:\/\/bf-on-tour.de\/m-17\/seite-04\/\" class=\"more-link\"><span class=\"screen-reader-text\">\u201eJura f\u00fcr Juristen..?!\u201c <\/span>weiterlesen<\/a><\/p>\n","protected":false},"author":1,"featured_media":0,"parent":0,"menu_order":4,"comment_status":"open","ping_status":"closed","template":"","meta":{"footnotes":""},"class_list":["post-265","page","type-page","status-publish","hentry"],"_links":{"self":[{"href":"https:\/\/bf-on-tour.de\/m-17\/wp-json\/wp\/v2\/pages\/265","targetHints":{"allow":["GET"]}}],"collection":[{"href":"https:\/\/bf-on-tour.de\/m-17\/wp-json\/wp\/v2\/pages"}],"about":[{"href":"https:\/\/bf-on-tour.de\/m-17\/wp-json\/wp\/v2\/types\/page"}],"author":[{"embeddable":true,"href":"https:\/\/bf-on-tour.de\/m-17\/wp-json\/wp\/v2\/users\/1"}],"replies":[{"embeddable":true,"href":"https:\/\/bf-on-tour.de\/m-17\/wp-json\/wp\/v2\/comments?post=265"}],"version-history":[{"count":7,"href":"https:\/\/bf-on-tour.de\/m-17\/wp-json\/wp\/v2\/pages\/265\/revisions"}],"predecessor-version":[{"id":426,"href":"https:\/\/bf-on-tour.de\/m-17\/wp-json\/wp\/v2\/pages\/265\/revisions\/426"}],"wp:attachment":[{"href":"https:\/\/bf-on-tour.de\/m-17\/wp-json\/wp\/v2\/media?parent=265"}],"curies":[{"name":"wp","href":"https:\/\/api.w.org\/{rel}","templated":true}]}}