{"id":417,"date":"2016-08-13T12:02:51","date_gmt":"2016-08-13T10:02:51","guid":{"rendered":"http:\/\/blog.family-riders.de\/norway\/?page_id=417"},"modified":"2021-02-26T17:43:40","modified_gmt":"2021-02-26T16:43:40","slug":"p-03","status":"publish","type":"page","link":"https:\/\/bf-on-tour.de\/m-16\/p-03\/","title":{"rendered":"Tag 3: Trondheim im Regen"},"content":{"rendered":"<p style=\"text-align: justify;\">Am Morgen sind wir in Trondheim. Nidaros-Dom und Altstadt rufen zur Besichtigung und die Liegezeit von 3 \u00bd Stunden l\u00e4sst uns ausreichend Zeit dazu &#8211; wenn doch blo\u00df mal der Regen aufh\u00f6ren w\u00fcrde. Egal, wir machen uns auf den Weg.<\/p>\n<figure id=\"attachment_419\" aria-describedby=\"caption-attachment-419\" style=\"width: 1600px\" class=\"wp-caption alignnone\"><a href=\"https:\/\/bf-on-tour.de\/m-16\/wp-content\/uploads\/sites\/2\/2016\/08\/P03-01.jpg\" rel=\"lightbox[417]\"><img loading=\"lazy\" decoding=\"async\" class=\"size-full wp-image-419\" src=\"https:\/\/bf-on-tour.de\/m-16\/wp-content\/uploads\/sites\/2\/2016\/08\/P03-01.jpg\" alt=\"Trondheim schl\u00e4ft noch\" width=\"1600\" height=\"1200\" srcset=\"https:\/\/bf-on-tour.de\/m-16\/wp-content\/uploads\/sites\/2\/2016\/08\/P03-01.jpg 1600w, https:\/\/bf-on-tour.de\/m-16\/wp-content\/uploads\/sites\/2\/2016\/08\/P03-01-150x113.jpg 150w, https:\/\/bf-on-tour.de\/m-16\/wp-content\/uploads\/sites\/2\/2016\/08\/P03-01-300x225.jpg 300w, https:\/\/bf-on-tour.de\/m-16\/wp-content\/uploads\/sites\/2\/2016\/08\/P03-01-1024x768.jpg 1024w, https:\/\/bf-on-tour.de\/m-16\/wp-content\/uploads\/sites\/2\/2016\/08\/P03-01-1200x900.jpg 1200w\" sizes=\"auto, (max-width: 709px) 85vw, (max-width: 909px) 67vw, (max-width: 1362px) 62vw, 840px\" \/><\/a><figcaption id=\"caption-attachment-419\" class=\"wp-caption-text\">Trondheim schl\u00e4ft noch<\/figcaption><\/figure>\n<p style=\"text-align: justify;\">9:30 Uhr: Trondheim schl\u00e4ft noch und wir kommen uns irgendwie deplatziert vor, so ganz allein mitten im Regen in der noch leeren Stadt. Einige Gesch\u00e4fte sind bereits ge\u00f6ffnet, auch ein paar Bars und Restaurants, aber es gibt kaum jemanden, der die Angebote nutzen wollte. Also streifen wir einfach mal hierhin und mal dorthin, kreuz und quer durch die Gassen, nur so rechte Freude kommt nicht auf. Der Regen hat deutlich zugenommen.<\/p>\n<figure id=\"attachment_420\" aria-describedby=\"caption-attachment-420\" style=\"width: 1600px\" class=\"wp-caption alignnone\"><a href=\"https:\/\/bf-on-tour.de\/m-16\/wp-content\/uploads\/sites\/2\/2016\/08\/P03-02.jpg\" rel=\"lightbox[417]\"><img loading=\"lazy\" decoding=\"async\" class=\"size-full wp-image-420\" src=\"https:\/\/bf-on-tour.de\/m-16\/wp-content\/uploads\/sites\/2\/2016\/08\/P03-02.jpg\" alt=\"Stiftsg\u00e5rden\" width=\"1600\" height=\"1200\" srcset=\"https:\/\/bf-on-tour.de\/m-16\/wp-content\/uploads\/sites\/2\/2016\/08\/P03-02.jpg 1600w, https:\/\/bf-on-tour.de\/m-16\/wp-content\/uploads\/sites\/2\/2016\/08\/P03-02-150x113.jpg 150w, https:\/\/bf-on-tour.de\/m-16\/wp-content\/uploads\/sites\/2\/2016\/08\/P03-02-300x225.jpg 300w, https:\/\/bf-on-tour.de\/m-16\/wp-content\/uploads\/sites\/2\/2016\/08\/P03-02-1024x768.jpg 1024w, https:\/\/bf-on-tour.de\/m-16\/wp-content\/uploads\/sites\/2\/2016\/08\/P03-02-1200x900.jpg 1200w\" sizes=\"auto, (max-width: 709px) 85vw, (max-width: 909px) 67vw, (max-width: 1362px) 62vw, 840px\" \/><\/a><figcaption id=\"caption-attachment-420\" class=\"wp-caption-text\">Stiftsg\u00e5rden<\/figcaption><\/figure>\n<p style=\"text-align: justify;\">In der Stadtkirche V\u00e5r Frue treffen wir auf eine Reihe \u00e4lterer, \u00e4rmlich gekleideter Menschen, die hier Ihre Handys laden und Kaffee oder Tee trinken &#8211; und die uns sehr freundlich einladen, es Ihnen gleich zu tun. Wir haben ein etwas schlechtes Gewissen ob unseres eigenen, recht opulenten Fr\u00fchst\u00fccks an Bord, lehnen dankend ab und besichtigen einfach das Kirchenschiff. Schlicht, sch\u00f6n, eben echt nordisch, aber mit einer ziemlich \u00fcppigen Orgel.<\/p>\n<figure id=\"attachment_421\" aria-describedby=\"caption-attachment-421\" style=\"width: 225px\" class=\"wp-caption alignleft\"><a href=\"https:\/\/bf-on-tour.de\/m-16\/wp-content\/uploads\/sites\/2\/2016\/08\/P03-03.jpg\" rel=\"lightbox[417]\"><img loading=\"lazy\" decoding=\"async\" class=\"wp-image-421 size-medium\" src=\"https:\/\/bf-on-tour.de\/m-16\/wp-content\/uploads\/sites\/2\/2016\/08\/P03-03-225x300.jpg\" alt=\"V\u00e5r Frue Kirche\" width=\"225\" height=\"300\" srcset=\"https:\/\/bf-on-tour.de\/m-16\/wp-content\/uploads\/sites\/2\/2016\/08\/P03-03-225x300.jpg 225w, https:\/\/bf-on-tour.de\/m-16\/wp-content\/uploads\/sites\/2\/2016\/08\/P03-03-113x150.jpg 113w, https:\/\/bf-on-tour.de\/m-16\/wp-content\/uploads\/sites\/2\/2016\/08\/P03-03-768x1024.jpg 768w, https:\/\/bf-on-tour.de\/m-16\/wp-content\/uploads\/sites\/2\/2016\/08\/P03-03.jpg 900w\" sizes=\"auto, (max-width: 225px) 85vw, 225px\" \/><\/a><figcaption id=\"caption-attachment-421\" class=\"wp-caption-text\">V\u00e5r Frue Kirche<\/figcaption><\/figure>\n<p style=\"text-align: justify;\">Beim Schachtelwirt versuchen wir dann mal ins Internet zu kommen, denn es gibt zwar \u00fcberall\u00a0<i>eduroam<\/i>, das europaweite Roamingnetz der Universit\u00e4ten, aber die Kommune legt einen kostenpflichtigen Layer f\u00fcr ihr &#8222;\u00f6ffentliches&#8220; WiFi-Angebot dar\u00fcber, und pl\u00f6tzlich wird die Zeit knapp. Um 12:00 Uhr legt die Trollfjord ab und wer nicht p\u00fcnktlich an Bord ist, schwimmt.<\/p>\n<figure id=\"attachment_424\" aria-describedby=\"caption-attachment-424\" style=\"width: 225px\" class=\"wp-caption alignright\"><a href=\"https:\/\/bf-on-tour.de\/m-16\/wp-content\/uploads\/sites\/2\/2016\/08\/P03-06.jpg\" rel=\"lightbox[417]\"><img loading=\"lazy\" decoding=\"async\" class=\"wp-image-424 size-medium\" src=\"https:\/\/bf-on-tour.de\/m-16\/wp-content\/uploads\/sites\/2\/2016\/08\/P03-06-225x300.jpg\" alt=\"Knapp um die Ecke\" width=\"225\" height=\"300\" srcset=\"https:\/\/bf-on-tour.de\/m-16\/wp-content\/uploads\/sites\/2\/2016\/08\/P03-06-225x300.jpg 225w, https:\/\/bf-on-tour.de\/m-16\/wp-content\/uploads\/sites\/2\/2016\/08\/P03-06-113x150.jpg 113w, https:\/\/bf-on-tour.de\/m-16\/wp-content\/uploads\/sites\/2\/2016\/08\/P03-06-768x1024.jpg 768w, https:\/\/bf-on-tour.de\/m-16\/wp-content\/uploads\/sites\/2\/2016\/08\/P03-06.jpg 900w\" sizes=\"auto, (max-width: 225px) 85vw, 225px\" \/><\/a><figcaption id=\"caption-attachment-424\" class=\"wp-caption-text\">Knapp um die Ecke<\/figcaption><\/figure>\n<p style=\"text-align: justify;\">Wir sind zwar gerade noch p\u00fcnktlich, &#8222;schwimmen&#8220; aber trotzdem. Die Turnschuhe sind durch, Jacken und Hosen auch und selbst die BaseCaps haben aufgegeben. Gut, dass es jetzt wieder etwas zu Essen gibt und der Nachmittag aus Nichtstun und aus dem Fenster schauen besteht. Da kann alles fein trocknen.<\/p>\n<p style=\"text-align: justify;\">Am Nachmittag passieren wir dann noch den wohl ber\u00fchmtesten Leuchtturm Norwegens, das\u00a0Kjeungskjar fyr, der einzige achteckige Leuchtturm in Norwegen.\u00a0Der Turm ist 21\u00a0Meter hoch,\u00a0wurde 1880 errichtet und ist seit 1987 nicht mehr bewohnt. Er steht heute unter\u00a0Denkmalschutz.<\/p>\n<figure id=\"attachment_423\" aria-describedby=\"caption-attachment-423\" style=\"width: 1600px\" class=\"wp-caption aligncenter\"><a href=\"https:\/\/bf-on-tour.de\/m-16\/wp-content\/uploads\/sites\/2\/2016\/08\/P03-05.jpg\" rel=\"lightbox[417]\"><img loading=\"lazy\" decoding=\"async\" class=\"wp-image-423 size-full\" src=\"https:\/\/bf-on-tour.de\/m-16\/wp-content\/uploads\/sites\/2\/2016\/08\/P03-05.jpg\" alt=\"P03 - 05\" width=\"1600\" height=\"1200\" srcset=\"https:\/\/bf-on-tour.de\/m-16\/wp-content\/uploads\/sites\/2\/2016\/08\/P03-05.jpg 1600w, https:\/\/bf-on-tour.de\/m-16\/wp-content\/uploads\/sites\/2\/2016\/08\/P03-05-150x113.jpg 150w, https:\/\/bf-on-tour.de\/m-16\/wp-content\/uploads\/sites\/2\/2016\/08\/P03-05-300x225.jpg 300w, https:\/\/bf-on-tour.de\/m-16\/wp-content\/uploads\/sites\/2\/2016\/08\/P03-05-1024x768.jpg 1024w, https:\/\/bf-on-tour.de\/m-16\/wp-content\/uploads\/sites\/2\/2016\/08\/P03-05-1200x900.jpg 1200w\" sizes=\"auto, (max-width: 709px) 85vw, (max-width: 909px) 67vw, (max-width: 1362px) 62vw, 840px\" \/><\/a><figcaption id=\"caption-attachment-423\" class=\"wp-caption-text\">Kjeungskjar fyr<\/figcaption><\/figure>\n<p><a href=\"https:\/\/bf-on-tour.de\/m-16\/p-02\/\"><img loading=\"lazy\" decoding=\"async\" class=\"alignleft wp-image-573\" src=\"https:\/\/bf-on-tour.de\/m-16\/wp-content\/uploads\/sites\/2\/2017\/06\/zur\u00fcck.png\" alt=\"\" width=\"50\" height=\"37\" \/><\/a> <a href=\"https:\/\/bf-on-tour.de\/m-16\/p-04\/\"><img loading=\"lazy\" decoding=\"async\" class=\"alignright wp-image-572\" src=\"https:\/\/bf-on-tour.de\/m-16\/wp-content\/uploads\/sites\/2\/2017\/06\/weiter.png\" alt=\"\" width=\"50\" height=\"37\" \/><\/a><\/p>\n","protected":false},"excerpt":{"rendered":"<p>Am Morgen sind wir in Trondheim. Nidaros-Dom und Altstadt rufen zur Besichtigung und die Liegezeit von 3 \u00bd Stunden l\u00e4sst uns ausreichend Zeit dazu &#8211; wenn doch blo\u00df mal der Regen aufh\u00f6ren w\u00fcrde. Egal, wir machen uns auf den Weg. 9:30 Uhr: Trondheim schl\u00e4ft noch und wir kommen uns irgendwie deplatziert vor, so ganz allein &hellip; <a href=\"https:\/\/bf-on-tour.de\/m-16\/p-03\/\" class=\"more-link\"><span class=\"screen-reader-text\">\u201eTag 3: Trondheim im Regen\u201c <\/span>weiterlesen<\/a><\/p>\n","protected":false},"author":1,"featured_media":0,"parent":0,"menu_order":3,"comment_status":"open","ping_status":"closed","template":"","meta":{"footnotes":""},"class_list":["post-417","page","type-page","status-publish","hentry"],"_links":{"self":[{"href":"https:\/\/bf-on-tour.de\/m-16\/wp-json\/wp\/v2\/pages\/417","targetHints":{"allow":["GET"]}}],"collection":[{"href":"https:\/\/bf-on-tour.de\/m-16\/wp-json\/wp\/v2\/pages"}],"about":[{"href":"https:\/\/bf-on-tour.de\/m-16\/wp-json\/wp\/v2\/types\/page"}],"author":[{"embeddable":true,"href":"https:\/\/bf-on-tour.de\/m-16\/wp-json\/wp\/v2\/users\/1"}],"replies":[{"embeddable":true,"href":"https:\/\/bf-on-tour.de\/m-16\/wp-json\/wp\/v2\/comments?post=417"}],"version-history":[{"count":12,"href":"https:\/\/bf-on-tour.de\/m-16\/wp-json\/wp\/v2\/pages\/417\/revisions"}],"predecessor-version":[{"id":657,"href":"https:\/\/bf-on-tour.de\/m-16\/wp-json\/wp\/v2\/pages\/417\/revisions\/657"}],"wp:attachment":[{"href":"https:\/\/bf-on-tour.de\/m-16\/wp-json\/wp\/v2\/media?parent=417"}],"curies":[{"name":"wp","href":"https:\/\/api.w.org\/{rel}","templated":true}]}}