{"id":25,"date":"2017-06-05T20:51:30","date_gmt":"2017-06-05T18:51:30","guid":{"rendered":"http:\/\/blog.family-riders.de\/france-deux\/?page_id=25"},"modified":"2020-04-03T11:22:03","modified_gmt":"2020-04-03T09:22:03","slug":"p-08","status":"publish","type":"page","link":"https:\/\/bf-on-tour.de\/m-15\/p-08\/","title":{"rendered":"Es kommt immer anders&#8230;"},"content":{"rendered":"<p>Am n\u00e4chsten Morgen: 2\u00b0C und Sonnenschein! Da lohnt es sich, ausgiebig zu fr\u00fchst\u00fccken und die Maschinen im Bierkeller noch ein Weilchen (ihren Rausch???) ausschlafen zu lassen. So gegen 9:30 Uhr ist es dann doch wieder einigerma\u00dfen warm geworden und wir legen los. Auf zum Lago Maggiore! Die Abfahrt nach Aosta ist heute ebenso sch\u00f6n, wie die Auffahrt gestern und unten angekommen nehmen wir wieder die Autobahn. Heute ist Streckemachen angesagt, denn morgen wollen wir den Lago di Como genie\u00dfen, bevor wir vorhaben, noch einmal die S\u00fcdflanke der Schweizer Alpen zu besuchen.<\/p>\n<figure id=\"attachment_91\" aria-describedby=\"caption-attachment-91\" style=\"width: 840px\" class=\"wp-caption aligncenter\"><a href=\"https:\/\/bf-on-tour.de\/m-15\/wp-content\/uploads\/sites\/7\/2017\/06\/P08-01.jpg\" rel=\"lightbox[25]\"><img loading=\"lazy\" decoding=\"async\" class=\"size-large wp-image-91\" src=\"https:\/\/bf-on-tour.de\/m-15\/wp-content\/uploads\/sites\/7\/2017\/06\/P08-01-1024x719.jpg\" alt=\"\" width=\"840\" height=\"590\" srcset=\"https:\/\/bf-on-tour.de\/m-15\/wp-content\/uploads\/sites\/7\/2017\/06\/P08-01-1024x719.jpg 1024w, https:\/\/bf-on-tour.de\/m-15\/wp-content\/uploads\/sites\/7\/2017\/06\/P08-01-300x211.jpg 300w, https:\/\/bf-on-tour.de\/m-15\/wp-content\/uploads\/sites\/7\/2017\/06\/P08-01-768x539.jpg 768w, https:\/\/bf-on-tour.de\/m-15\/wp-content\/uploads\/sites\/7\/2017\/06\/P08-01.jpg 1200w\" sizes=\"auto, (max-width: 709px) 85vw, (max-width: 909px) 67vw, (max-width: 1362px) 62vw, 840px\" \/><\/a><figcaption id=\"caption-attachment-91\" class=\"wp-caption-text\">Morgendlicher Blick aus dem Zimmerfenster: See auf der Passh\u00f6he<\/figcaption><\/figure>\n<p>Also geht es z\u00fcgig bis Settimo Vittone, dort auf die SP72 in die Berge nach Montgrando und weiter nach Biella. Das l\u00e4uft gut, ist landschaftlich nicht \u00fcberw\u00e4ltigend, aber auch nicht langweilig. In Biella \u00e4ndert es sich aber mit der SP142. Langweiliger kann es kaum noch sein. Die Stra\u00dfe schnurgerade, die Orte \u00f6de, die Sonne brennend hei\u00df. Ab Romagnano Sesia nimmt auch noch der Verkehr zu, so dass das Vorankommen deutlich langsamer wird. Schlie\u00dflich erreichen wir Borgomanero und kurz darauf Arona am Lago Maggiore. Jetzt weiter bis zur F\u00e4hre in Intra immer am See entlang und danach wieder ab in die Berge nach Marzio, kurz vor dem Lago di Lugano, wo wir vorgebucht haben. Nur noch schnell ein Foto vom See und etwas Wasser trinken.<\/p>\n<p>Das Foto ist gemacht, das Wasser getrunken. Und meine Maschine? Die rippt und r\u00fchrt sich nicht. Unser Gro\u00dfer schiebt mich an. Nichts tut sich. Er schiebt weiter. Nichts. Kurz vor Meine erreichen wir auf diese Weise einen Parkplatz. Die Maschine ist und bleibt tot, mein Gro\u00dfer ist vor Ersch\u00f6pfung auch kurz davor. Immerhin zeigt das Thermometer auch am fortgeschrittenen Nachmittag noch weit \u00fcber 30\u00b0 C.<\/p>\n<figure id=\"attachment_92\" aria-describedby=\"caption-attachment-92\" style=\"width: 840px\" class=\"wp-caption aligncenter\"><a href=\"https:\/\/bf-on-tour.de\/m-15\/wp-content\/uploads\/sites\/7\/2017\/06\/P08-02.jpg\" rel=\"lightbox[25]\"><img loading=\"lazy\" decoding=\"async\" class=\"size-large wp-image-92\" src=\"https:\/\/bf-on-tour.de\/m-15\/wp-content\/uploads\/sites\/7\/2017\/06\/P08-02-1024x550.jpg\" alt=\"\" width=\"840\" height=\"451\" srcset=\"https:\/\/bf-on-tour.de\/m-15\/wp-content\/uploads\/sites\/7\/2017\/06\/P08-02-1024x550.jpg 1024w, https:\/\/bf-on-tour.de\/m-15\/wp-content\/uploads\/sites\/7\/2017\/06\/P08-02-300x161.jpg 300w, https:\/\/bf-on-tour.de\/m-15\/wp-content\/uploads\/sites\/7\/2017\/06\/P08-02-768x413.jpg 768w, https:\/\/bf-on-tour.de\/m-15\/wp-content\/uploads\/sites\/7\/2017\/06\/P08-02.jpg 1200w\" sizes=\"auto, (max-width: 709px) 85vw, (max-width: 909px) 67vw, (max-width: 1362px) 62vw, 840px\" \/><\/a><figcaption id=\"caption-attachment-92\" class=\"wp-caption-text\">Geschoben! Fertig! Nichts geht mehr&#8230;<\/figcaption><\/figure>\n<p>Nach einer Weile sind die anderen Maschinen nachgeholt und der ADAC angerufen. \u201aOb ich nicht die 75km bis zur n\u00e4chsten Honda-Werkstatt noch fahren k\u00f6nne\u2019, fragt der freundliche ADAC-Helfer. Ich kann mit dieser Maschine nicht einmal mehr 7,5 Meter fahren&#8230; Zwei Stunden sp\u00e4ter hat er eine Kawasaki-Werkstatt in Arona ausgemacht, die meine Maschine anschauen und reparieren will. Ob ich da hinkomme?<\/p>\n<p>Ja, tats\u00e4chlich, die Schwarze springt wieder an. War sie zu hei\u00df geworden? Was war da los? Wir fahren zur\u00fcck nach Arona. Knapp f\u00fcnf Kilometer schafft sie; dann, etwa 100 Meter von der Werkstatt entfernt, stirbt sie wieder ab. Nichts mehr r\u00fchrt sich. Aber jetzt hilft Schieben!<\/p>\n<figure id=\"attachment_93\" aria-describedby=\"caption-attachment-93\" style=\"width: 840px\" class=\"wp-caption aligncenter\"><a href=\"https:\/\/bf-on-tour.de\/m-15\/wp-content\/uploads\/sites\/7\/2017\/06\/P08-03.jpg\" rel=\"lightbox[25]\"><img loading=\"lazy\" decoding=\"async\" class=\"size-large wp-image-93\" src=\"https:\/\/bf-on-tour.de\/m-15\/wp-content\/uploads\/sites\/7\/2017\/06\/P08-03-1024x721.jpg\" alt=\"\" width=\"840\" height=\"591\" srcset=\"https:\/\/bf-on-tour.de\/m-15\/wp-content\/uploads\/sites\/7\/2017\/06\/P08-03-1024x721.jpg 1024w, https:\/\/bf-on-tour.de\/m-15\/wp-content\/uploads\/sites\/7\/2017\/06\/P08-03-300x211.jpg 300w, https:\/\/bf-on-tour.de\/m-15\/wp-content\/uploads\/sites\/7\/2017\/06\/P08-03-768x541.jpg 768w, https:\/\/bf-on-tour.de\/m-15\/wp-content\/uploads\/sites\/7\/2017\/06\/P08-03.jpg 1200w\" sizes=\"auto, (max-width: 709px) 85vw, (max-width: 909px) 67vw, (max-width: 1362px) 62vw, 840px\" \/><\/a><figcaption id=\"caption-attachment-93\" class=\"wp-caption-text\">Koffertragen entlang der Landstra\u00dfe: Ein Supervergn\u00fcgen!<\/figcaption><\/figure>\n<p>W\u00e4hrend wir in einem nahe gelegenen Hotel einchecken und unsere Vorbuchungen stornieren, nimmt sich der r\u00fchrige Kawa-Schrauber zielorientiert meine Lichtmaschine vor und zeigt mir einen schwarz verschmorten Kranz von Wicklungen. Da konnte kein Strom mehr rauskommen! Ich bin also des L\u00e4ngeren nur mit Batteriestrom gefahren und der war am Lago Maggiore eben am Ende.<\/p>\n<p>Nun, die Honda-Lichtmaschine erh\u00e4lt ihre H\u00f6chststrafe (sie landet im M\u00fclleimer der Kawasaki-Werkstatt) und wir verbringen einen Tag am Lago Maggiore \u2013 man h\u00e4tte es schlimmer treffen k\u00f6nnen. Am n\u00e4chsten Abend l\u00f6sen wir die reparierte Maschine dann gegen eine Zahlung von einigen Hundert Euro wieder aus. Jetzt hei\u00dft es, sich zu sputen. Kein Lago di Como, keine Alpens\u00fcdflanke. Der Tag fehlt!<\/p>\n<figure id=\"attachment_94\" aria-describedby=\"caption-attachment-94\" style=\"width: 840px\" class=\"wp-caption aligncenter\"><a href=\"https:\/\/bf-on-tour.de\/m-15\/wp-content\/uploads\/sites\/7\/2017\/06\/P08-04.jpg\" rel=\"lightbox[25]\"><img loading=\"lazy\" decoding=\"async\" class=\"size-large wp-image-94\" src=\"https:\/\/bf-on-tour.de\/m-15\/wp-content\/uploads\/sites\/7\/2017\/06\/P08-04-1024x637.jpg\" alt=\"\" width=\"840\" height=\"523\" srcset=\"https:\/\/bf-on-tour.de\/m-15\/wp-content\/uploads\/sites\/7\/2017\/06\/P08-04-1024x637.jpg 1024w, https:\/\/bf-on-tour.de\/m-15\/wp-content\/uploads\/sites\/7\/2017\/06\/P08-04-300x187.jpg 300w, https:\/\/bf-on-tour.de\/m-15\/wp-content\/uploads\/sites\/7\/2017\/06\/P08-04-768x478.jpg 768w, https:\/\/bf-on-tour.de\/m-15\/wp-content\/uploads\/sites\/7\/2017\/06\/P08-04.jpg 1200w\" sizes=\"auto, (max-width: 709px) 85vw, (max-width: 909px) 67vw, (max-width: 1362px) 62vw, 840px\" \/><\/a><figcaption id=\"caption-attachment-94\" class=\"wp-caption-text\">Am Lago Maggiore &#8211; man h\u00e4tte es schlimmer treffen k\u00f6nnen&#8230;<\/figcaption><\/figure>\n<p><a href=\"https:\/\/bf-on-tour.de\/m-15\/p-07\"><img loading=\"lazy\" decoding=\"async\" class=\"alignleft wp-image-116\" src=\"https:\/\/bf-on-tour.de\/m-15\/wp-content\/uploads\/sites\/7\/2017\/06\/zur\u00fcck-1.png\" alt=\"\" width=\"50\" height=\"37\"><\/a> <a href=\"https:\/\/bf-on-tour.de\/m-15\/p-09\"><img loading=\"lazy\" decoding=\"async\" class=\"alignright wp-image-115\" src=\"https:\/\/bf-on-tour.de\/m-15\/wp-content\/uploads\/sites\/7\/2017\/06\/weiter-2.png\" alt=\"\" width=\"50\" height=\"37\"><\/a><\/p>\n","protected":false},"excerpt":{"rendered":"<p>Am n\u00e4chsten Morgen: 2\u00b0C und Sonnenschein! Da lohnt es sich, ausgiebig zu fr\u00fchst\u00fccken und die Maschinen im Bierkeller noch ein Weilchen (ihren Rausch???) ausschlafen zu lassen. So gegen 9:30 Uhr ist es dann doch wieder einigerma\u00dfen warm geworden und wir legen los. Auf zum Lago Maggiore! Die Abfahrt nach Aosta ist heute ebenso sch\u00f6n, wie &hellip; <a href=\"https:\/\/bf-on-tour.de\/m-15\/p-08\/\" class=\"more-link\"><span class=\"screen-reader-text\">\u201eEs kommt immer anders&#8230;\u201c <\/span>weiterlesen<\/a><\/p>\n","protected":false},"author":1,"featured_media":0,"parent":0,"menu_order":8,"comment_status":"open","ping_status":"closed","template":"","meta":{"footnotes":""},"class_list":["post-25","page","type-page","status-publish","hentry"],"_links":{"self":[{"href":"https:\/\/bf-on-tour.de\/m-15\/wp-json\/wp\/v2\/pages\/25","targetHints":{"allow":["GET"]}}],"collection":[{"href":"https:\/\/bf-on-tour.de\/m-15\/wp-json\/wp\/v2\/pages"}],"about":[{"href":"https:\/\/bf-on-tour.de\/m-15\/wp-json\/wp\/v2\/types\/page"}],"author":[{"embeddable":true,"href":"https:\/\/bf-on-tour.de\/m-15\/wp-json\/wp\/v2\/users\/1"}],"replies":[{"embeddable":true,"href":"https:\/\/bf-on-tour.de\/m-15\/wp-json\/wp\/v2\/comments?post=25"}],"version-history":[{"count":8,"href":"https:\/\/bf-on-tour.de\/m-15\/wp-json\/wp\/v2\/pages\/25\/revisions"}],"predecessor-version":[{"id":199,"href":"https:\/\/bf-on-tour.de\/m-15\/wp-json\/wp\/v2\/pages\/25\/revisions\/199"}],"wp:attachment":[{"href":"https:\/\/bf-on-tour.de\/m-15\/wp-json\/wp\/v2\/media?parent=25"}],"curies":[{"name":"wp","href":"https:\/\/api.w.org\/{rel}","templated":true}]}}

<p>Am nächsten Morgen: 2°C und Sonnenschein! Da lohnt es sich, ausgiebig zu frühstücken und die Maschinen im Bierkeller noch ein Weilchen (ihren Rausch???) ausschlafen zu lassen. So gegen 9:30 Uhr ist es dann doch wieder einigermaßen warm geworden und wir legen los. Auf zum Lago Maggiore! Die Abfahrt nach Aosta ist heute ebenso schön, wie die Auffahrt gestern und unten angekommen nehmen wir wieder die Autobahn. Heute ist Streckemachen angesagt, denn morgen wollen wir den Lago di Como genießen, bevor wir vorhaben, noch einmal die Südflanke der Schweizer Alpen zu besuchen.</p>
<figure id="attachment_91" aria-describedby="caption-attachment-91" style="width: 840px" class="wp-caption aligncenter"><a href="https://bf-on-tour.de/m-15/wp-content/uploads/sites/7/2017/06/P08-01.jpg" rel="lightbox[25]"><img loading="lazy" decoding="async" class="size-large wp-image-91" src="https://bf-on-tour.de/m-15/wp-content/uploads/sites/7/2017/06/P08-01-1024x719.jpg" alt="" width="840" height="590" srcset="https://bf-on-tour.de/m-15/wp-content/uploads/sites/7/2017/06/P08-01-1024x719.jpg 1024w, https://bf-on-tour.de/m-15/wp-content/uploads/sites/7/2017/06/P08-01-300x211.jpg 300w, https://bf-on-tour.de/m-15/wp-content/uploads/sites/7/2017/06/P08-01-768x539.jpg 768w, https://bf-on-tour.de/m-15/wp-content/uploads/sites/7/2017/06/P08-01.jpg 1200w" sizes="auto, (max-width: 709px) 85vw, (max-width: 909px) 67vw, (max-width: 1362px) 62vw, 840px" /></a><figcaption id="caption-attachment-91" class="wp-caption-text">Morgendlicher Blick aus dem Zimmerfenster: See auf der Passhöhe</figcaption></figure>
<p>Also geht es zügig bis Settimo Vittone, dort auf die SP72 in die Berge nach Montgrando und weiter nach Biella. Das läuft gut, ist landschaftlich nicht überwältigend, aber auch nicht langweilig. In Biella ändert es sich aber mit der SP142. Langweiliger kann es kaum noch sein. Die Straße schnurgerade, die Orte öde, die Sonne brennend heiß. Ab Romagnano Sesia nimmt auch noch der Verkehr zu, so dass das Vorankommen deutlich langsamer wird. Schließlich erreichen wir Borgomanero und kurz darauf Arona am Lago Maggiore. Jetzt weiter bis zur Fähre in Intra immer am See entlang und danach wieder ab in die Berge nach Marzio, kurz vor dem Lago di Lugano, wo wir vorgebucht haben. Nur noch schnell ein Foto vom See und etwas Wasser trinken.</p>
<p>Das Foto ist gemacht, das Wasser getrunken. Und meine Maschine? Die rippt und rührt sich nicht. Unser Großer schiebt mich an. Nichts tut sich. Er schiebt weiter. Nichts. Kurz vor Meine erreichen wir auf diese Weise einen Parkplatz. Die Maschine ist und bleibt tot, mein Großer ist vor Erschöpfung auch kurz davor. Immerhin zeigt das Thermometer auch am fortgeschrittenen Nachmittag noch weit über 30° C.</p>
<figure id="attachment_92" aria-describedby="caption-attachment-92" style="width: 840px" class="wp-caption aligncenter"><a href="https://bf-on-tour.de/m-15/wp-content/uploads/sites/7/2017/06/P08-02.jpg" rel="lightbox[25]"><img loading="lazy" decoding="async" class="size-large wp-image-92" src="https://bf-on-tour.de/m-15/wp-content/uploads/sites/7/2017/06/P08-02-1024x550.jpg" alt="" width="840" height="451" srcset="https://bf-on-tour.de/m-15/wp-content/uploads/sites/7/2017/06/P08-02-1024x550.jpg 1024w, https://bf-on-tour.de/m-15/wp-content/uploads/sites/7/2017/06/P08-02-300x161.jpg 300w, https://bf-on-tour.de/m-15/wp-content/uploads/sites/7/2017/06/P08-02-768x413.jpg 768w, https://bf-on-tour.de/m-15/wp-content/uploads/sites/7/2017/06/P08-02.jpg 1200w" sizes="auto, (max-width: 709px) 85vw, (max-width: 909px) 67vw, (max-width: 1362px) 62vw, 840px" /></a><figcaption id="caption-attachment-92" class="wp-caption-text">Geschoben! Fertig! Nichts geht mehr&#8230;</figcaption></figure>
<p>Nach einer Weile sind die anderen Maschinen nachgeholt und der ADAC angerufen. ‚Ob ich nicht die 75km bis zur nächsten Honda-Werkstatt noch fahren könne’, fragt der freundliche ADAC-Helfer. Ich kann mit dieser Maschine nicht einmal mehr 7,5 Meter fahren&#8230; Zwei Stunden später hat er eine Kawasaki-Werkstatt in Arona ausgemacht, die meine Maschine anschauen und reparieren will. Ob ich da hinkomme?</p>
<p>Ja, tatsächlich, die Schwarze springt wieder an. War sie zu heiß geworden? Was war da los? Wir fahren zurück nach Arona. Knapp fünf Kilometer schafft sie; dann, etwa 100 Meter von der Werkstatt entfernt, stirbt sie wieder ab. Nichts mehr rührt sich. Aber jetzt hilft Schieben!</p>
<figure id="attachment_93" aria-describedby="caption-attachment-93" style="width: 840px" class="wp-caption aligncenter"><a href="https://bf-on-tour.de/m-15/wp-content/uploads/sites/7/2017/06/P08-03.jpg" rel="lightbox[25]"><img loading="lazy" decoding="async" class="size-large wp-image-93" src="https://bf-on-tour.de/m-15/wp-content/uploads/sites/7/2017/06/P08-03-1024x721.jpg" alt="" width="840" height="591" srcset="https://bf-on-tour.de/m-15/wp-content/uploads/sites/7/2017/06/P08-03-1024x721.jpg 1024w, https://bf-on-tour.de/m-15/wp-content/uploads/sites/7/2017/06/P08-03-300x211.jpg 300w, https://bf-on-tour.de/m-15/wp-content/uploads/sites/7/2017/06/P08-03-768x541.jpg 768w, https://bf-on-tour.de/m-15/wp-content/uploads/sites/7/2017/06/P08-03.jpg 1200w" sizes="auto, (max-width: 709px) 85vw, (max-width: 909px) 67vw, (max-width: 1362px) 62vw, 840px" /></a><figcaption id="caption-attachment-93" class="wp-caption-text">Koffertragen entlang der Landstraße: Ein Supervergnügen!</figcaption></figure>
<p>Während wir in einem nahe gelegenen Hotel einchecken und unsere Vorbuchungen stornieren, nimmt sich der rührige Kawa-Schrauber zielorientiert meine Lichtmaschine vor und zeigt mir einen schwarz verschmorten Kranz von Wicklungen. Da konnte kein Strom mehr rauskommen! Ich bin also des Längeren nur mit Batteriestrom gefahren und der war am Lago Maggiore eben am Ende.</p>
<p>Nun, die Honda-Lichtmaschine erhält ihre Höchststrafe (sie landet im Mülleimer der Kawasaki-Werkstatt) und wir verbringen einen Tag am Lago Maggiore – man hätte es schlimmer treffen können. Am nächsten Abend lösen wir die reparierte Maschine dann gegen eine Zahlung von einigen Hundert Euro wieder aus. Jetzt heißt es, sich zu sputen. Kein Lago di Como, keine Alpensüdflanke. Der Tag fehlt!</p>
<figure id="attachment_94" aria-describedby="caption-attachment-94" style="width: 840px" class="wp-caption aligncenter"><a href="https://bf-on-tour.de/m-15/wp-content/uploads/sites/7/2017/06/P08-04.jpg" rel="lightbox[25]"><img loading="lazy" decoding="async" class="size-large wp-image-94" src="https://bf-on-tour.de/m-15/wp-content/uploads/sites/7/2017/06/P08-04-1024x637.jpg" alt="" width="840" height="523" srcset="https://bf-on-tour.de/m-15/wp-content/uploads/sites/7/2017/06/P08-04-1024x637.jpg 1024w, https://bf-on-tour.de/m-15/wp-content/uploads/sites/7/2017/06/P08-04-300x187.jpg 300w, https://bf-on-tour.de/m-15/wp-content/uploads/sites/7/2017/06/P08-04-768x478.jpg 768w, https://bf-on-tour.de/m-15/wp-content/uploads/sites/7/2017/06/P08-04.jpg 1200w" sizes="auto, (max-width: 709px) 85vw, (max-width: 909px) 67vw, (max-width: 1362px) 62vw, 840px" /></a><figcaption id="caption-attachment-94" class="wp-caption-text">Am Lago Maggiore &#8211; man hätte es schlimmer treffen können&#8230;</figcaption></figure>
<p><a href="https://bf-on-tour.de/m-15/p-07"><img loading="lazy" decoding="async" class="alignleft wp-image-116" src="https://bf-on-tour.de/m-15/wp-content/uploads/sites/7/2017/06/zurück-1.png" alt="" width="50" height="37"></a> <a href="https://bf-on-tour.de/m-15/p-09"><img loading="lazy" decoding="async" class="alignright wp-image-115" src="https://bf-on-tour.de/m-15/wp-content/uploads/sites/7/2017/06/weiter-2.png" alt="" width="50" height="37"></a></p>

<p>Am nächsten Morgen: 2°C und Sonnenschein! Da lohnt es sich, ausgiebig zu frühstücken und die Maschinen im Bierkeller noch ein Weilchen (ihren Rausch???) ausschlafen zu lassen. So gegen 9:30 Uhr ist es dann doch wieder einigermaßen warm geworden und wir legen los. Auf zum Lago Maggiore! Die Abfahrt nach Aosta ist heute ebenso schön, wie &hellip; <a href="https://bf-on-tour.de/m-15/p-08/" class="more-link"><span class="screen-reader-text">„Es kommt immer anders&#8230;“ </span>weiterlesen</a></p>
