{"id":23,"date":"2017-06-05T20:39:48","date_gmt":"2017-06-05T18:39:48","guid":{"rendered":"http:\/\/blog.family-riders.de\/france-deux\/?page_id=23"},"modified":"2020-04-03T11:21:44","modified_gmt":"2020-04-03T09:21:44","slug":"p-07","status":"publish","type":"page","link":"https:\/\/bf-on-tour.de\/m-15\/p-07\/","title":{"rendered":"Zu den Bernhardinern"},"content":{"rendered":"<p>Am n\u00e4chsten Morgen ein Telefonat mit Steffen unserem \u201eHausschrauber\u201c, wie das mit der Bremse wohl angehen k\u00f6nne, wo wir doch noch eine Inspektion kurz vor der Reise hatten durchf\u00fchren lassen. Es herrscht Ratlosigkeit am anderen Ende der Leitung. Egal, wenn wir die beiden St. Bernhards, den kleinen und den gro\u00dfen heute noch schaffen wollen, muss die n\u00e4chst beste Honda-Werkstatt angefahren werden \u2013 und die liegt gl\u00fccklicherweise auf unserem Weg, in Bourg-Saint-Maurice.<\/p>\n<p>Der Werkstattinhaber h\u00f6rt sich unser Leid an und grinst: Ihr seid den Galibier runter gefahren \u2013 oder? Ja, ja, da braucht man spezielle Bremsfl\u00fcssigkeit, nicht so was Normales! Nach gut 30 Minuten ist das Normale gegen Spezielles ausgetauscht, die Bremse geht wieder und \u00d6l hat er auch gleich nachgef\u00fcllt. Wir erklimmen den Kleinen St. Bernhard.<\/p>\n<figure id=\"attachment_85\" aria-describedby=\"caption-attachment-85\" style=\"width: 840px\" class=\"wp-caption aligncenter\"><a href=\"https:\/\/bf-on-tour.de\/m-15\/wp-content\/uploads\/sites\/7\/2017\/06\/P07-01.jpg\" rel=\"lightbox[23]\"><img loading=\"lazy\" decoding=\"async\" class=\"wp-image-85 size-large\" src=\"https:\/\/bf-on-tour.de\/m-15\/wp-content\/uploads\/sites\/7\/2017\/06\/P07-01-1024x777.jpg\" alt=\"\" width=\"840\" height=\"637\" srcset=\"https:\/\/bf-on-tour.de\/m-15\/wp-content\/uploads\/sites\/7\/2017\/06\/P07-01-1024x777.jpg 1024w, https:\/\/bf-on-tour.de\/m-15\/wp-content\/uploads\/sites\/7\/2017\/06\/P07-01-300x228.jpg 300w, https:\/\/bf-on-tour.de\/m-15\/wp-content\/uploads\/sites\/7\/2017\/06\/P07-01-768x583.jpg 768w, https:\/\/bf-on-tour.de\/m-15\/wp-content\/uploads\/sites\/7\/2017\/06\/P07-01.jpg 1200w\" sizes=\"auto, (max-width: 709px) 85vw, (max-width: 909px) 67vw, (max-width: 1362px) 62vw, 840px\" \/><\/a><figcaption id=\"caption-attachment-85\" class=\"wp-caption-text\">Oben auf dem Kl. St. Bernhard<\/figcaption><\/figure>\n<p>Meine H\u00f6henangst ist zwar immer noch da, aber heute ist es bei weitem nicht so schlimm, wie gestern. Der Berg macht richtig Spa\u00df und sogar die Aussichten in die Weite sind nicht f\u00fcrchterlich, sondern fast schon phantastisch. Oben ist es ziemlich kalt und fast menschenleer. Wir w\u00e4rmen uns in einer Bude an Cappuccino und bewundern einen \u2013 nein, es ist kein Bernhardiner &#8211; Berner Sennhund. Was f\u00fcr ein sch\u00f6nes Tier&#8230; Einen Bernhardiner sehen wir nur aus Plastik, \u00fcber-lebensgro\u00df und auf Rollen. Zum Fotografieren, f\u00fcr Touris wie uns!<\/p>\n<p>Abw\u00e4rts fahrend wird es zunehmend w\u00e4rmer und die in meiner Erinnerung hakeligen Kehren am Ende der Abfahrt, kurz vor Pr\u00e9-Saint-Didier, sind abw\u00e4rts eigentlich v\u00f6llig harmlos \u2013 wenn nicht ein Betonlaster r\u00fccksichtslos ohne Warnsignal die Au\u00dfenfahrbahn nutzen w\u00fcrde, um die Kurve zu schaffen. Der vor uns fahrende PKW weicht erschrocken nach rechts aus, bremst heftig und kommt gerade noch vor der Felswand zum Stehen. Pl\u00f6tzlich schiebt mein Gep\u00e4ck von hinten. Das war knapp.<\/p>\n<p>Am Ende des Passes, in Pr\u00e9-Saint-Didier, belohnen wir uns mit einem gro\u00dfen Steak auf sonnen-beschienener Terrasse und mit Ausblick auf den das Aostatal abschlie\u00dfenden Montblanc! So geht Genuss!<\/p>\n<figure id=\"attachment_86\" aria-describedby=\"caption-attachment-86\" style=\"width: 840px\" class=\"wp-caption aligncenter\"><a href=\"https:\/\/bf-on-tour.de\/m-15\/wp-content\/uploads\/sites\/7\/2017\/06\/P07-02.jpg\" rel=\"lightbox[23]\"><img loading=\"lazy\" decoding=\"async\" class=\"size-large wp-image-86\" src=\"https:\/\/bf-on-tour.de\/m-15\/wp-content\/uploads\/sites\/7\/2017\/06\/P07-02-1024x768.jpg\" alt=\"\" width=\"840\" height=\"630\" srcset=\"https:\/\/bf-on-tour.de\/m-15\/wp-content\/uploads\/sites\/7\/2017\/06\/P07-02-1024x768.jpg 1024w, https:\/\/bf-on-tour.de\/m-15\/wp-content\/uploads\/sites\/7\/2017\/06\/P07-02-300x225.jpg 300w, https:\/\/bf-on-tour.de\/m-15\/wp-content\/uploads\/sites\/7\/2017\/06\/P07-02-768x576.jpg 768w, https:\/\/bf-on-tour.de\/m-15\/wp-content\/uploads\/sites\/7\/2017\/06\/P07-02.jpg 1200w\" sizes=\"auto, (max-width: 709px) 85vw, (max-width: 909px) 67vw, (max-width: 1362px) 62vw, 840px\" \/><\/a><figcaption id=\"caption-attachment-86\" class=\"wp-caption-text\">Auffahrt zum Gr. St. Bernhard<\/figcaption><\/figure>\n<p>Bis Aosta nehmen wir die Autobahn. Der Tag ist schon ziemlich fortgeschritten und wir wollen noch den Gro\u00dfen St. Bernhard erklimmen, denn ganz oben im Hospiz, dort, wo die echten Bernhardiner gez\u00fcchtet werden, haben wir f\u00fcr die Nacht gebucht.<\/p>\n<p style=\"text-align: justify;\">Die Auffahrt geht flott voran. Keine H\u00f6henangst, keine Panik, nur Genussfahren! Kehre an Kehre, Galerie an Galerie, so klettern wir konstant dem Ziel entgegen und als wir ankommen, liegt das Hospiz im sp\u00e4ten Sonnenschein des fr\u00fchen Abends postkartengleich vor uns. Herrlich!<\/p>\n<figure id=\"attachment_87\" aria-describedby=\"caption-attachment-87\" style=\"width: 225px\" class=\"wp-caption alignleft\"><a href=\"https:\/\/bf-on-tour.de\/m-15\/wp-content\/uploads\/sites\/7\/2017\/06\/P07-04.jpg\" rel=\"lightbox[23]\"><img loading=\"lazy\" decoding=\"async\" class=\"size-medium wp-image-87\" src=\"https:\/\/bf-on-tour.de\/m-15\/wp-content\/uploads\/sites\/7\/2017\/06\/P07-04-225x300.jpg\" alt=\"\" width=\"225\" height=\"300\" srcset=\"https:\/\/bf-on-tour.de\/m-15\/wp-content\/uploads\/sites\/7\/2017\/06\/P07-04-225x300.jpg 225w, https:\/\/bf-on-tour.de\/m-15\/wp-content\/uploads\/sites\/7\/2017\/06\/P07-04-768x1024.jpg 768w, https:\/\/bf-on-tour.de\/m-15\/wp-content\/uploads\/sites\/7\/2017\/06\/P07-04.jpg 1200w\" sizes=\"auto, (max-width: 225px) 85vw, 225px\" \/><\/a><figcaption id=\"caption-attachment-87\" class=\"wp-caption-text\">R\u00fcckw\u00e4rts in die &#8222;Garage&#8220;<\/figcaption><\/figure>\n<p>Ich bekomme an der Rezeption den Zimmerschl\u00fcssel und einen Schl\u00fcssel f\u00fcr die Garage, in der wir die Maschinen parken k\u00f6nnen. \u201eDie Garage ist hier gleich hinter dem Haus\u201c, sagt der Portier und ich gehe suchen. Hinter dem Haus steht ein gro\u00dfer Container f\u00fcr Bauschutt. Dann folgt Fels. Garage? Fehlanzeige! Auf Nachfrage zeigt der Portier auf eine Holzt\u00fcr zwischen Container und Hauswand, die offenbar eine Felsh\u00f6hle Abschlie\u00dft. Das sei die Garage.<\/p>\n<p>Wir schlie\u00dfen auf und &#8212; befinden uns im in den Fels gehauenen Bierkeller des Hotels. Hier hinein jonglieren wir die drei Maschinen, r\u00fcckw\u00e4rts und bergab, bis sie ganz hinten im Keller einen ausreichend gro\u00dfen Standplatz gefunden haben. Die Bernhardiner sind inzwischen schlafen gegangen und die Hundezucht ist geschlossen.<\/p>\n<figure id=\"attachment_89\" aria-describedby=\"caption-attachment-89\" style=\"width: 840px\" class=\"wp-caption aligncenter\"><a href=\"https:\/\/bf-on-tour.de\/m-15\/wp-content\/uploads\/sites\/7\/2017\/06\/P07-03.jpg\" rel=\"lightbox[23]\"><img loading=\"lazy\" decoding=\"async\" class=\"size-large wp-image-89\" src=\"https:\/\/bf-on-tour.de\/m-15\/wp-content\/uploads\/sites\/7\/2017\/06\/P07-03-1024x649.jpg\" alt=\"\" width=\"840\" height=\"532\" srcset=\"https:\/\/bf-on-tour.de\/m-15\/wp-content\/uploads\/sites\/7\/2017\/06\/P07-03-1024x649.jpg 1024w, https:\/\/bf-on-tour.de\/m-15\/wp-content\/uploads\/sites\/7\/2017\/06\/P07-03-300x190.jpg 300w, https:\/\/bf-on-tour.de\/m-15\/wp-content\/uploads\/sites\/7\/2017\/06\/P07-03-768x486.jpg 768w, https:\/\/bf-on-tour.de\/m-15\/wp-content\/uploads\/sites\/7\/2017\/06\/P07-03.jpg 1200w\" sizes=\"auto, (max-width: 709px) 85vw, (max-width: 909px) 67vw, (max-width: 1362px) 62vw, 840px\" \/><\/a><figcaption id=\"caption-attachment-89\" class=\"wp-caption-text\">Drei Freunde im Bierkeller&#8230;<\/figcaption><\/figure>\n<p><a href=\"https:\/\/bf-on-tour.de\/m-15\/p-06\"><img loading=\"lazy\" decoding=\"async\" class=\"alignleft wp-image-116\" src=\"https:\/\/bf-on-tour.de\/m-15\/wp-content\/uploads\/sites\/7\/2017\/06\/zur\u00fcck-1.png\" alt=\"\" width=\"50\" height=\"37\"><\/a> <a href=\"https:\/\/bf-on-tour.de\/m-15\/p-08\"><img loading=\"lazy\" decoding=\"async\" class=\"alignright wp-image-115\" src=\"https:\/\/bf-on-tour.de\/m-15\/wp-content\/uploads\/sites\/7\/2017\/06\/weiter-2.png\" alt=\"\" width=\"50\" height=\"37\"><\/a><\/p>\n","protected":false},"excerpt":{"rendered":"<p>Am n\u00e4chsten Morgen ein Telefonat mit Steffen unserem \u201eHausschrauber\u201c, wie das mit der Bremse wohl angehen k\u00f6nne, wo wir doch noch eine Inspektion kurz vor der Reise hatten durchf\u00fchren lassen. Es herrscht Ratlosigkeit am anderen Ende der Leitung. Egal, wenn wir die beiden St. Bernhards, den kleinen und den gro\u00dfen heute noch schaffen wollen, muss &hellip; <a href=\"https:\/\/bf-on-tour.de\/m-15\/p-07\/\" class=\"more-link\"><span class=\"screen-reader-text\">\u201eZu den Bernhardinern\u201c <\/span>weiterlesen<\/a><\/p>\n","protected":false},"author":1,"featured_media":0,"parent":0,"menu_order":7,"comment_status":"open","ping_status":"closed","template":"","meta":{"footnotes":""},"class_list":["post-23","page","type-page","status-publish","hentry"],"_links":{"self":[{"href":"https:\/\/bf-on-tour.de\/m-15\/wp-json\/wp\/v2\/pages\/23","targetHints":{"allow":["GET"]}}],"collection":[{"href":"https:\/\/bf-on-tour.de\/m-15\/wp-json\/wp\/v2\/pages"}],"about":[{"href":"https:\/\/bf-on-tour.de\/m-15\/wp-json\/wp\/v2\/types\/page"}],"author":[{"embeddable":true,"href":"https:\/\/bf-on-tour.de\/m-15\/wp-json\/wp\/v2\/users\/1"}],"replies":[{"embeddable":true,"href":"https:\/\/bf-on-tour.de\/m-15\/wp-json\/wp\/v2\/comments?post=23"}],"version-history":[{"count":9,"href":"https:\/\/bf-on-tour.de\/m-15\/wp-json\/wp\/v2\/pages\/23\/revisions"}],"predecessor-version":[{"id":198,"href":"https:\/\/bf-on-tour.de\/m-15\/wp-json\/wp\/v2\/pages\/23\/revisions\/198"}],"wp:attachment":[{"href":"https:\/\/bf-on-tour.de\/m-15\/wp-json\/wp\/v2\/media?parent=23"}],"curies":[{"name":"wp","href":"https:\/\/api.w.org\/{rel}","templated":true}]}}

<p>Am nächsten Morgen ein Telefonat mit Steffen unserem „Hausschrauber“, wie das mit der Bremse wohl angehen könne, wo wir doch noch eine Inspektion kurz vor der Reise hatten durchführen lassen. Es herrscht Ratlosigkeit am anderen Ende der Leitung. Egal, wenn wir die beiden St. Bernhards, den kleinen und den großen heute noch schaffen wollen, muss die nächst beste Honda-Werkstatt angefahren werden – und die liegt glücklicherweise auf unserem Weg, in Bourg-Saint-Maurice.</p>
<p>Der Werkstattinhaber hört sich unser Leid an und grinst: Ihr seid den Galibier runter gefahren – oder? Ja, ja, da braucht man spezielle Bremsflüssigkeit, nicht so was Normales! Nach gut 30 Minuten ist das Normale gegen Spezielles ausgetauscht, die Bremse geht wieder und Öl hat er auch gleich nachgefüllt. Wir erklimmen den Kleinen St. Bernhard.</p>
<figure id="attachment_85" aria-describedby="caption-attachment-85" style="width: 840px" class="wp-caption aligncenter"><a href="https://bf-on-tour.de/m-15/wp-content/uploads/sites/7/2017/06/P07-01.jpg" rel="lightbox[23]"><img loading="lazy" decoding="async" class="wp-image-85 size-large" src="https://bf-on-tour.de/m-15/wp-content/uploads/sites/7/2017/06/P07-01-1024x777.jpg" alt="" width="840" height="637" srcset="https://bf-on-tour.de/m-15/wp-content/uploads/sites/7/2017/06/P07-01-1024x777.jpg 1024w, https://bf-on-tour.de/m-15/wp-content/uploads/sites/7/2017/06/P07-01-300x228.jpg 300w, https://bf-on-tour.de/m-15/wp-content/uploads/sites/7/2017/06/P07-01-768x583.jpg 768w, https://bf-on-tour.de/m-15/wp-content/uploads/sites/7/2017/06/P07-01.jpg 1200w" sizes="auto, (max-width: 709px) 85vw, (max-width: 909px) 67vw, (max-width: 1362px) 62vw, 840px" /></a><figcaption id="caption-attachment-85" class="wp-caption-text">Oben auf dem Kl. St. Bernhard</figcaption></figure>
<p>Meine Höhenangst ist zwar immer noch da, aber heute ist es bei weitem nicht so schlimm, wie gestern. Der Berg macht richtig Spaß und sogar die Aussichten in die Weite sind nicht fürchterlich, sondern fast schon phantastisch. Oben ist es ziemlich kalt und fast menschenleer. Wir wärmen uns in einer Bude an Cappuccino und bewundern einen – nein, es ist kein Bernhardiner &#8211; Berner Sennhund. Was für ein schönes Tier&#8230; Einen Bernhardiner sehen wir nur aus Plastik, über-lebensgroß und auf Rollen. Zum Fotografieren, für Touris wie uns!</p>
<p>Abwärts fahrend wird es zunehmend wärmer und die in meiner Erinnerung hakeligen Kehren am Ende der Abfahrt, kurz vor Pré-Saint-Didier, sind abwärts eigentlich völlig harmlos – wenn nicht ein Betonlaster rücksichtslos ohne Warnsignal die Außenfahrbahn nutzen würde, um die Kurve zu schaffen. Der vor uns fahrende PKW weicht erschrocken nach rechts aus, bremst heftig und kommt gerade noch vor der Felswand zum Stehen. Plötzlich schiebt mein Gepäck von hinten. Das war knapp.</p>
<p>Am Ende des Passes, in Pré-Saint-Didier, belohnen wir uns mit einem großen Steak auf sonnen-beschienener Terrasse und mit Ausblick auf den das Aostatal abschließenden Montblanc! So geht Genuss!</p>
<figure id="attachment_86" aria-describedby="caption-attachment-86" style="width: 840px" class="wp-caption aligncenter"><a href="https://bf-on-tour.de/m-15/wp-content/uploads/sites/7/2017/06/P07-02.jpg" rel="lightbox[23]"><img loading="lazy" decoding="async" class="size-large wp-image-86" src="https://bf-on-tour.de/m-15/wp-content/uploads/sites/7/2017/06/P07-02-1024x768.jpg" alt="" width="840" height="630" srcset="https://bf-on-tour.de/m-15/wp-content/uploads/sites/7/2017/06/P07-02-1024x768.jpg 1024w, https://bf-on-tour.de/m-15/wp-content/uploads/sites/7/2017/06/P07-02-300x225.jpg 300w, https://bf-on-tour.de/m-15/wp-content/uploads/sites/7/2017/06/P07-02-768x576.jpg 768w, https://bf-on-tour.de/m-15/wp-content/uploads/sites/7/2017/06/P07-02.jpg 1200w" sizes="auto, (max-width: 709px) 85vw, (max-width: 909px) 67vw, (max-width: 1362px) 62vw, 840px" /></a><figcaption id="caption-attachment-86" class="wp-caption-text">Auffahrt zum Gr. St. Bernhard</figcaption></figure>
<p>Bis Aosta nehmen wir die Autobahn. Der Tag ist schon ziemlich fortgeschritten und wir wollen noch den Großen St. Bernhard erklimmen, denn ganz oben im Hospiz, dort, wo die echten Bernhardiner gezüchtet werden, haben wir für die Nacht gebucht.</p>
<p style="text-align: justify;">Die Auffahrt geht flott voran. Keine Höhenangst, keine Panik, nur Genussfahren! Kehre an Kehre, Galerie an Galerie, so klettern wir konstant dem Ziel entgegen und als wir ankommen, liegt das Hospiz im späten Sonnenschein des frühen Abends postkartengleich vor uns. Herrlich!</p>
<figure id="attachment_87" aria-describedby="caption-attachment-87" style="width: 225px" class="wp-caption alignleft"><a href="https://bf-on-tour.de/m-15/wp-content/uploads/sites/7/2017/06/P07-04.jpg" rel="lightbox[23]"><img loading="lazy" decoding="async" class="size-medium wp-image-87" src="https://bf-on-tour.de/m-15/wp-content/uploads/sites/7/2017/06/P07-04-225x300.jpg" alt="" width="225" height="300" srcset="https://bf-on-tour.de/m-15/wp-content/uploads/sites/7/2017/06/P07-04-225x300.jpg 225w, https://bf-on-tour.de/m-15/wp-content/uploads/sites/7/2017/06/P07-04-768x1024.jpg 768w, https://bf-on-tour.de/m-15/wp-content/uploads/sites/7/2017/06/P07-04.jpg 1200w" sizes="auto, (max-width: 225px) 85vw, 225px" /></a><figcaption id="caption-attachment-87" class="wp-caption-text">Rückwärts in die &#8222;Garage&#8220;</figcaption></figure>
<p>Ich bekomme an der Rezeption den Zimmerschlüssel und einen Schlüssel für die Garage, in der wir die Maschinen parken können. „Die Garage ist hier gleich hinter dem Haus“, sagt der Portier und ich gehe suchen. Hinter dem Haus steht ein großer Container für Bauschutt. Dann folgt Fels. Garage? Fehlanzeige! Auf Nachfrage zeigt der Portier auf eine Holztür zwischen Container und Hauswand, die offenbar eine Felshöhle Abschließt. Das sei die Garage.</p>
<p>Wir schließen auf und &#8212; befinden uns im in den Fels gehauenen Bierkeller des Hotels. Hier hinein jonglieren wir die drei Maschinen, rückwärts und bergab, bis sie ganz hinten im Keller einen ausreichend großen Standplatz gefunden haben. Die Bernhardiner sind inzwischen schlafen gegangen und die Hundezucht ist geschlossen.</p>
<figure id="attachment_89" aria-describedby="caption-attachment-89" style="width: 840px" class="wp-caption aligncenter"><a href="https://bf-on-tour.de/m-15/wp-content/uploads/sites/7/2017/06/P07-03.jpg" rel="lightbox[23]"><img loading="lazy" decoding="async" class="size-large wp-image-89" src="https://bf-on-tour.de/m-15/wp-content/uploads/sites/7/2017/06/P07-03-1024x649.jpg" alt="" width="840" height="532" srcset="https://bf-on-tour.de/m-15/wp-content/uploads/sites/7/2017/06/P07-03-1024x649.jpg 1024w, https://bf-on-tour.de/m-15/wp-content/uploads/sites/7/2017/06/P07-03-300x190.jpg 300w, https://bf-on-tour.de/m-15/wp-content/uploads/sites/7/2017/06/P07-03-768x486.jpg 768w, https://bf-on-tour.de/m-15/wp-content/uploads/sites/7/2017/06/P07-03.jpg 1200w" sizes="auto, (max-width: 709px) 85vw, (max-width: 909px) 67vw, (max-width: 1362px) 62vw, 840px" /></a><figcaption id="caption-attachment-89" class="wp-caption-text">Drei Freunde im Bierkeller&#8230;</figcaption></figure>
<p><a href="https://bf-on-tour.de/m-15/p-06"><img loading="lazy" decoding="async" class="alignleft wp-image-116" src="https://bf-on-tour.de/m-15/wp-content/uploads/sites/7/2017/06/zurück-1.png" alt="" width="50" height="37"></a> <a href="https://bf-on-tour.de/m-15/p-08"><img loading="lazy" decoding="async" class="alignright wp-image-115" src="https://bf-on-tour.de/m-15/wp-content/uploads/sites/7/2017/06/weiter-2.png" alt="" width="50" height="37"></a></p>

<p>Am nächsten Morgen ein Telefonat mit Steffen unserem „Hausschrauber“, wie das mit der Bremse wohl angehen könne, wo wir doch noch eine Inspektion kurz vor der Reise hatten durchführen lassen. Es herrscht Ratlosigkeit am anderen Ende der Leitung. Egal, wenn wir die beiden St. Bernhards, den kleinen und den großen heute noch schaffen wollen, muss &hellip; <a href="https://bf-on-tour.de/m-15/p-07/" class="more-link"><span class="screen-reader-text">„Zu den Bernhardinern“ </span>weiterlesen</a></p>
