{"id":19,"date":"2017-06-05T20:04:37","date_gmt":"2017-06-05T18:04:37","guid":{"rendered":"http:\/\/blog.family-riders.de\/france-deux\/?page_id=19"},"modified":"2020-04-03T11:21:06","modified_gmt":"2020-04-03T09:21:06","slug":"p-05","status":"publish","type":"page","link":"https:\/\/bf-on-tour.de\/m-15\/p-05\/","title":{"rendered":"Eine faule Woche"},"content":{"rendered":"<p>\u201e<em>Une baguette et des croissants six, s&#8217;il vous pla\u00eet<\/em>.\u201c F\u00fcnf Morgende fahre ich mit der kleinen 500er von unserer G\u00eete zum B\u00e4cker, eine gr\u00fcne Einkaufst\u00fcte um den Hals geh\u00e4ngt. F\u00fcnf Abende vergehen mit Oliven, K\u00e4se, luftgetrockneter Mettwurst, mit Schinken auf Melone, Schinken ohne Melone und mit Melone ohne Schinken. Dazu roter, wei\u00dfer und Ros\u00e9wein vom Patron der G\u00eete oder aus der lokalen Winzergenossenschaft, sowie unz\u00e4hlige Flaschen Wasser.<\/p>\n<figure id=\"attachment_66\" aria-describedby=\"caption-attachment-66\" style=\"width: 840px\" class=\"wp-caption aligncenter\"><a href=\"https:\/\/bf-on-tour.de\/m-15\/wp-content\/uploads\/sites\/7\/2017\/06\/P05-01.jpg\" rel=\"lightbox[19]\"><img loading=\"lazy\" decoding=\"async\" class=\"size-large wp-image-66\" src=\"https:\/\/bf-on-tour.de\/m-15\/wp-content\/uploads\/sites\/7\/2017\/06\/P05-01-1024x723.jpg\" alt=\"\" width=\"840\" height=\"593\" srcset=\"https:\/\/bf-on-tour.de\/m-15\/wp-content\/uploads\/sites\/7\/2017\/06\/P05-01-1024x723.jpg 1024w, https:\/\/bf-on-tour.de\/m-15\/wp-content\/uploads\/sites\/7\/2017\/06\/P05-01-300x212.jpg 300w, https:\/\/bf-on-tour.de\/m-15\/wp-content\/uploads\/sites\/7\/2017\/06\/P05-01-768x542.jpg 768w, https:\/\/bf-on-tour.de\/m-15\/wp-content\/uploads\/sites\/7\/2017\/06\/P05-01.jpg 1200w\" sizes=\"auto, (max-width: 709px) 85vw, (max-width: 909px) 67vw, (max-width: 1362px) 62vw, 840px\" \/><\/a><figcaption id=\"caption-attachment-66\" class=\"wp-caption-text\">Mit dem Patron im Bergwerk<\/figcaption><\/figure>\n<p>Am zweiten Tag kommen Urlauber mit einem Anh\u00e4nger am Auto, der aussieht, wie ein Marktstand f\u00fcr Haribo-S\u00fc\u00dfigkeiten. Fragende Gesichter unsererseits und Erstaunen, als eine fein gewaschen und geb\u00fcgelte Harley mit F\u00e4hnchen an den Antennen, blitzenden Chromverzierungen und einem Kofferreservoir f\u00fcr Auswanderer heraus gerollt wird.<\/p>\n<p>Nachdem das Paar unsere Maschinen aus sicherer Entfernung etwas mitleidig be\u00e4ugt hat, kommt man auf unsere Terrasse und beginnt ein Schw\u00e4tzchen. \u00dcber die G\u00eete, das Reisen an sich und \u00fcber das Chromwunder, das, um weder nachtfeucht noch vom sandigen Parkplatz staubig zu werden, inzwischen unter einem H\u00e4ubchen verschwunden ist.<\/p>\n<p>Ich verkneife mir jedes L\u00e4stern, aber als wir beil\u00e4ufig erz\u00e4hlen, eine Woche Anfahrt durch das Jura sowie die Mittelgebirge westlich der Rhone genossen zu haben und ab Ende der Woche \u00fcber die franz\u00f6sischen Alpen wieder nach Hause fahren wollen, wird uns ziemlich von oben herab klar gemacht, dass sie so etwas nie machen w\u00fcrden. Mit den Worten \u201e<em>wer\u2019s braucht<\/em>\u201c, dreht sich Madame um und rauscht in ihre Gefilde. Er folgt etwas betreten.<\/p>\n<figure id=\"attachment_69\" aria-describedby=\"caption-attachment-69\" style=\"width: 840px\" class=\"wp-caption aligncenter\"><a href=\"https:\/\/bf-on-tour.de\/m-15\/wp-content\/uploads\/sites\/7\/2017\/06\/P05-04.jpg\" rel=\"lightbox[19]\"><img loading=\"lazy\" decoding=\"async\" class=\"size-large wp-image-69\" src=\"https:\/\/bf-on-tour.de\/m-15\/wp-content\/uploads\/sites\/7\/2017\/06\/P05-04-1024x714.jpg\" alt=\"\" width=\"840\" height=\"586\" srcset=\"https:\/\/bf-on-tour.de\/m-15\/wp-content\/uploads\/sites\/7\/2017\/06\/P05-04-1024x714.jpg 1024w, https:\/\/bf-on-tour.de\/m-15\/wp-content\/uploads\/sites\/7\/2017\/06\/P05-04-300x209.jpg 300w, https:\/\/bf-on-tour.de\/m-15\/wp-content\/uploads\/sites\/7\/2017\/06\/P05-04-768x536.jpg 768w, https:\/\/bf-on-tour.de\/m-15\/wp-content\/uploads\/sites\/7\/2017\/06\/P05-04.jpg 1200w\" sizes=\"auto, (max-width: 709px) 85vw, (max-width: 909px) 67vw, (max-width: 1362px) 62vw, 840px\" \/><\/a><figcaption id=\"caption-attachment-69\" class=\"wp-caption-text\">Blick auf den Mont Ventoux vom Col de la Ligne<\/figcaption><\/figure>\n<figure id=\"attachment_68\" aria-describedby=\"caption-attachment-68\" style=\"width: 300px\" class=\"wp-caption alignright\"><a href=\"https:\/\/bf-on-tour.de\/m-15\/wp-content\/uploads\/sites\/7\/2017\/06\/P05-03.jpg\" rel=\"lightbox[19]\"><img loading=\"lazy\" decoding=\"async\" class=\"size-medium wp-image-68\" src=\"https:\/\/bf-on-tour.de\/m-15\/wp-content\/uploads\/sites\/7\/2017\/06\/P05-03-300x146.jpg\" alt=\"\" width=\"300\" height=\"146\" srcset=\"https:\/\/bf-on-tour.de\/m-15\/wp-content\/uploads\/sites\/7\/2017\/06\/P05-03-300x146.jpg 300w, https:\/\/bf-on-tour.de\/m-15\/wp-content\/uploads\/sites\/7\/2017\/06\/P05-03-768x372.jpg 768w, https:\/\/bf-on-tour.de\/m-15\/wp-content\/uploads\/sites\/7\/2017\/06\/P05-03-1024x497.jpg 1024w, https:\/\/bf-on-tour.de\/m-15\/wp-content\/uploads\/sites\/7\/2017\/06\/P05-03.jpg 1200w\" sizes=\"auto, (max-width: 300px) 85vw, 300px\" \/><\/a><figcaption id=\"caption-attachment-68\" class=\"wp-caption-text\">Mont Ventoux &#8211; der kahle Riese<\/figcaption><\/figure>\n<p>Am Mittwoch wollen wir zum Mont Ventoux, dem kahlen Riesen. Mit seinen knapp 2.000 Metern ist er der h\u00f6chste Berg hier in der Gegend und immer wieder ein gutes Ziel, nicht zuletzt auch deshalb, weil der R\u00fcckweg durch die Gorges de la Nesque absolut lohnend ist. Vorletztes Jahr war ich mit unserem Gro\u00dfen bereits dort gewesen und heute erweitern wir die Tour noch, indem wir nach Roussillon fahren, dem Ort mit den ber\u00fchmten Ockersteinbr\u00fcchen. Man ahnt ja nicht, wie viele Nuancen es von dieser Farbe gibt. Jedes Haus ist anders und doch sind letztlich alle br\u00e4unlich orange-gelb oder br\u00e4unlich gelb-orange gestrichen.<\/p>\n<figure id=\"attachment_70\" aria-describedby=\"caption-attachment-70\" style=\"width: 840px\" class=\"wp-caption aligncenter\"><a href=\"https:\/\/bf-on-tour.de\/m-15\/wp-content\/uploads\/sites\/7\/2017\/06\/P05-05.jpg\" rel=\"lightbox[19]\"><img loading=\"lazy\" decoding=\"async\" class=\"size-large wp-image-70\" src=\"https:\/\/bf-on-tour.de\/m-15\/wp-content\/uploads\/sites\/7\/2017\/06\/P05-05-1024x693.jpg\" alt=\"\" width=\"840\" height=\"568\" srcset=\"https:\/\/bf-on-tour.de\/m-15\/wp-content\/uploads\/sites\/7\/2017\/06\/P05-05-1024x693.jpg 1024w, https:\/\/bf-on-tour.de\/m-15\/wp-content\/uploads\/sites\/7\/2017\/06\/P05-05-300x203.jpg 300w, https:\/\/bf-on-tour.de\/m-15\/wp-content\/uploads\/sites\/7\/2017\/06\/P05-05-768x520.jpg 768w, https:\/\/bf-on-tour.de\/m-15\/wp-content\/uploads\/sites\/7\/2017\/06\/P05-05.jpg 1200w\" sizes=\"auto, (max-width: 709px) 85vw, (max-width: 909px) 67vw, (max-width: 1362px) 62vw, 840px\" \/><\/a><figcaption id=\"caption-attachment-70\" class=\"wp-caption-text\">Ockerbr\u00fcche in Roussillon<\/figcaption><\/figure>\n<p>Heute darf&nbsp;auch die Harley mal fahren, was uns durch ein deutlich zu vernehmendes \u201ePlumps\u201c angezeigt wird: Ein Handt\u00e4schchen verschwindet&nbsp;in dem riesigen offenbar leeren TopCase. Abends dann der zweite Versuch einer Kommunikation. Ob wir einen F\u00f6n dabei haben? Ihrer l\u00e4ge in Nizza im Hotel, weil sie dort bei unertr\u00e4glichen 32\u00b0 C die Flucht ergriffen h\u00e4tten. Jetzt kann ich es mir doch nicht verkneifen, zu erz\u00e4hlen, im vorletzten Jahr auf der Motorradtour mit unserem Gro\u00dfen bei knapp 40\u00b0C im 8-Bettzimmer der Jugendherberge von Nizza gen\u00e4chtigt zu haben. Sofort werde ich abgestraft: \u201e<em>Die M\u00e4nner muss ich wohl nicht fragen.<\/em>\u201c Unsere Ladies schauen sich vielsagend an und sch\u00fctteln den Kopf. Nein, sie haben keinen F\u00f6n. Ich schweige artig &#8212; und ja, ich h\u00e4tte einen gehabt&#8230;<\/p>\n<p>Der Rest der Woche vergeht mit Geocachen und Faulenzen; die Maschinen d\u00f6sen in den warmen Sp\u00e4tsommertagen weitgehend unbewegt vor sich hin. Man h\u00e4lt sich separat.<\/p>\n<figure id=\"attachment_67\" aria-describedby=\"caption-attachment-67\" style=\"width: 840px\" class=\"wp-caption aligncenter\"><a href=\"https:\/\/bf-on-tour.de\/m-15\/wp-content\/uploads\/sites\/7\/2017\/06\/P05-02.jpg\" rel=\"lightbox[19]\"><img loading=\"lazy\" decoding=\"async\" class=\"size-large wp-image-67\" src=\"https:\/\/bf-on-tour.de\/m-15\/wp-content\/uploads\/sites\/7\/2017\/06\/P05-02-1024x543.jpg\" alt=\"\" width=\"840\" height=\"445\" srcset=\"https:\/\/bf-on-tour.de\/m-15\/wp-content\/uploads\/sites\/7\/2017\/06\/P05-02-1024x543.jpg 1024w, https:\/\/bf-on-tour.de\/m-15\/wp-content\/uploads\/sites\/7\/2017\/06\/P05-02-300x159.jpg 300w, https:\/\/bf-on-tour.de\/m-15\/wp-content\/uploads\/sites\/7\/2017\/06\/P05-02-768x407.jpg 768w, https:\/\/bf-on-tour.de\/m-15\/wp-content\/uploads\/sites\/7\/2017\/06\/P05-02.jpg 1200w\" sizes=\"auto, (max-width: 709px) 85vw, (max-width: 909px) 67vw, (max-width: 1362px) 62vw, 840px\" \/><\/a><figcaption id=\"caption-attachment-67\" class=\"wp-caption-text\">Das Rhonetal<\/figcaption><\/figure>\n<p>Dann kommt am Sonnabend unser Gro\u00dfer. Er ist 10 Tage quer durch Frankreich bis nach Andorra gefahren und hat mit seiner alten Hornet diverse \u201eDangerous-\u201c und \u201eBalcony-Roads\u201c ge- und besucht. Da gibt es viel zu erz\u00e4hlen. Es wird ein langer letzter Abend in Suze-la-Rousse an dem der Patron auch noch f\u00fcr die G\u00e4ste Leckeres gekocht hat.<\/p>\n<p><a href=\"https:\/\/bf-on-tour.de\/m-15\/p-06\"><img loading=\"lazy\" decoding=\"async\" class=\"alignright wp-image-115\" src=\"https:\/\/bf-on-tour.de\/m-15\/wp-content\/uploads\/sites\/7\/2017\/06\/weiter-2.png\" alt=\"\" width=\"50\" height=\"37\"><\/a><a href=\"https:\/\/bf-on-tour.de\/m-15\/p-04\"><img loading=\"lazy\" decoding=\"async\" class=\"alignleft wp-image-116\" src=\"https:\/\/bf-on-tour.de\/m-15\/wp-content\/uploads\/sites\/7\/2017\/06\/zur\u00fcck-1.png\" alt=\"\" width=\"50\" height=\"37\"><\/a><\/p>\n","protected":false},"excerpt":{"rendered":"<p>\u201eUne baguette et des croissants six, s&#8217;il vous pla\u00eet.\u201c F\u00fcnf Morgende fahre ich mit der kleinen 500er von unserer G\u00eete zum B\u00e4cker, eine gr\u00fcne Einkaufst\u00fcte um den Hals geh\u00e4ngt. F\u00fcnf Abende vergehen mit Oliven, K\u00e4se, luftgetrockneter Mettwurst, mit Schinken auf Melone, Schinken ohne Melone und mit Melone ohne Schinken. Dazu roter, wei\u00dfer und Ros\u00e9wein vom &hellip; <a href=\"https:\/\/bf-on-tour.de\/m-15\/p-05\/\" class=\"more-link\"><span class=\"screen-reader-text\">\u201eEine faule Woche\u201c <\/span>weiterlesen<\/a><\/p>\n","protected":false},"author":1,"featured_media":0,"parent":0,"menu_order":5,"comment_status":"open","ping_status":"closed","template":"","meta":{"footnotes":""},"class_list":["post-19","page","type-page","status-publish","hentry"],"_links":{"self":[{"href":"https:\/\/bf-on-tour.de\/m-15\/wp-json\/wp\/v2\/pages\/19","targetHints":{"allow":["GET"]}}],"collection":[{"href":"https:\/\/bf-on-tour.de\/m-15\/wp-json\/wp\/v2\/pages"}],"about":[{"href":"https:\/\/bf-on-tour.de\/m-15\/wp-json\/wp\/v2\/types\/page"}],"author":[{"embeddable":true,"href":"https:\/\/bf-on-tour.de\/m-15\/wp-json\/wp\/v2\/users\/1"}],"replies":[{"embeddable":true,"href":"https:\/\/bf-on-tour.de\/m-15\/wp-json\/wp\/v2\/comments?post=19"}],"version-history":[{"count":12,"href":"https:\/\/bf-on-tour.de\/m-15\/wp-json\/wp\/v2\/pages\/19\/revisions"}],"predecessor-version":[{"id":196,"href":"https:\/\/bf-on-tour.de\/m-15\/wp-json\/wp\/v2\/pages\/19\/revisions\/196"}],"wp:attachment":[{"href":"https:\/\/bf-on-tour.de\/m-15\/wp-json\/wp\/v2\/media?parent=19"}],"curies":[{"name":"wp","href":"https:\/\/api.w.org\/{rel}","templated":true}]}}

<p>„<em>Une baguette et des croissants six, s&#8217;il vous plaît</em>.“ Fünf Morgende fahre ich mit der kleinen 500er von unserer Gîte zum Bäcker, eine grüne Einkaufstüte um den Hals gehängt. Fünf Abende vergehen mit Oliven, Käse, luftgetrockneter Mettwurst, mit Schinken auf Melone, Schinken ohne Melone und mit Melone ohne Schinken. Dazu roter, weißer und Roséwein vom Patron der Gîte oder aus der lokalen Winzergenossenschaft, sowie unzählige Flaschen Wasser.</p>
<figure id="attachment_66" aria-describedby="caption-attachment-66" style="width: 840px" class="wp-caption aligncenter"><a href="https://bf-on-tour.de/m-15/wp-content/uploads/sites/7/2017/06/P05-01.jpg" rel="lightbox[19]"><img loading="lazy" decoding="async" class="size-large wp-image-66" src="https://bf-on-tour.de/m-15/wp-content/uploads/sites/7/2017/06/P05-01-1024x723.jpg" alt="" width="840" height="593" srcset="https://bf-on-tour.de/m-15/wp-content/uploads/sites/7/2017/06/P05-01-1024x723.jpg 1024w, https://bf-on-tour.de/m-15/wp-content/uploads/sites/7/2017/06/P05-01-300x212.jpg 300w, https://bf-on-tour.de/m-15/wp-content/uploads/sites/7/2017/06/P05-01-768x542.jpg 768w, https://bf-on-tour.de/m-15/wp-content/uploads/sites/7/2017/06/P05-01.jpg 1200w" sizes="auto, (max-width: 709px) 85vw, (max-width: 909px) 67vw, (max-width: 1362px) 62vw, 840px" /></a><figcaption id="caption-attachment-66" class="wp-caption-text">Mit dem Patron im Bergwerk</figcaption></figure>
<p>Am zweiten Tag kommen Urlauber mit einem Anhänger am Auto, der aussieht, wie ein Marktstand für Haribo-Süßigkeiten. Fragende Gesichter unsererseits und Erstaunen, als eine fein gewaschen und gebügelte Harley mit Fähnchen an den Antennen, blitzenden Chromverzierungen und einem Kofferreservoir für Auswanderer heraus gerollt wird.</p>
<p>Nachdem das Paar unsere Maschinen aus sicherer Entfernung etwas mitleidig beäugt hat, kommt man auf unsere Terrasse und beginnt ein Schwätzchen. Über die Gîte, das Reisen an sich und über das Chromwunder, das, um weder nachtfeucht noch vom sandigen Parkplatz staubig zu werden, inzwischen unter einem Häubchen verschwunden ist.</p>
<p>Ich verkneife mir jedes Lästern, aber als wir beiläufig erzählen, eine Woche Anfahrt durch das Jura sowie die Mittelgebirge westlich der Rhone genossen zu haben und ab Ende der Woche über die französischen Alpen wieder nach Hause fahren wollen, wird uns ziemlich von oben herab klar gemacht, dass sie so etwas nie machen würden. Mit den Worten „<em>wer’s braucht</em>“, dreht sich Madame um und rauscht in ihre Gefilde. Er folgt etwas betreten.</p>
<figure id="attachment_69" aria-describedby="caption-attachment-69" style="width: 840px" class="wp-caption aligncenter"><a href="https://bf-on-tour.de/m-15/wp-content/uploads/sites/7/2017/06/P05-04.jpg" rel="lightbox[19]"><img loading="lazy" decoding="async" class="size-large wp-image-69" src="https://bf-on-tour.de/m-15/wp-content/uploads/sites/7/2017/06/P05-04-1024x714.jpg" alt="" width="840" height="586" srcset="https://bf-on-tour.de/m-15/wp-content/uploads/sites/7/2017/06/P05-04-1024x714.jpg 1024w, https://bf-on-tour.de/m-15/wp-content/uploads/sites/7/2017/06/P05-04-300x209.jpg 300w, https://bf-on-tour.de/m-15/wp-content/uploads/sites/7/2017/06/P05-04-768x536.jpg 768w, https://bf-on-tour.de/m-15/wp-content/uploads/sites/7/2017/06/P05-04.jpg 1200w" sizes="auto, (max-width: 709px) 85vw, (max-width: 909px) 67vw, (max-width: 1362px) 62vw, 840px" /></a><figcaption id="caption-attachment-69" class="wp-caption-text">Blick auf den Mont Ventoux vom Col de la Ligne</figcaption></figure>
<figure id="attachment_68" aria-describedby="caption-attachment-68" style="width: 300px" class="wp-caption alignright"><a href="https://bf-on-tour.de/m-15/wp-content/uploads/sites/7/2017/06/P05-03.jpg" rel="lightbox[19]"><img loading="lazy" decoding="async" class="size-medium wp-image-68" src="https://bf-on-tour.de/m-15/wp-content/uploads/sites/7/2017/06/P05-03-300x146.jpg" alt="" width="300" height="146" srcset="https://bf-on-tour.de/m-15/wp-content/uploads/sites/7/2017/06/P05-03-300x146.jpg 300w, https://bf-on-tour.de/m-15/wp-content/uploads/sites/7/2017/06/P05-03-768x372.jpg 768w, https://bf-on-tour.de/m-15/wp-content/uploads/sites/7/2017/06/P05-03-1024x497.jpg 1024w, https://bf-on-tour.de/m-15/wp-content/uploads/sites/7/2017/06/P05-03.jpg 1200w" sizes="auto, (max-width: 300px) 85vw, 300px" /></a><figcaption id="caption-attachment-68" class="wp-caption-text">Mont Ventoux &#8211; der kahle Riese</figcaption></figure>
<p>Am Mittwoch wollen wir zum Mont Ventoux, dem kahlen Riesen. Mit seinen knapp 2.000 Metern ist er der höchste Berg hier in der Gegend und immer wieder ein gutes Ziel, nicht zuletzt auch deshalb, weil der Rückweg durch die Gorges de la Nesque absolut lohnend ist. Vorletztes Jahr war ich mit unserem Großen bereits dort gewesen und heute erweitern wir die Tour noch, indem wir nach Roussillon fahren, dem Ort mit den berühmten Ockersteinbrüchen. Man ahnt ja nicht, wie viele Nuancen es von dieser Farbe gibt. Jedes Haus ist anders und doch sind letztlich alle bräunlich orange-gelb oder bräunlich gelb-orange gestrichen.</p>
<figure id="attachment_70" aria-describedby="caption-attachment-70" style="width: 840px" class="wp-caption aligncenter"><a href="https://bf-on-tour.de/m-15/wp-content/uploads/sites/7/2017/06/P05-05.jpg" rel="lightbox[19]"><img loading="lazy" decoding="async" class="size-large wp-image-70" src="https://bf-on-tour.de/m-15/wp-content/uploads/sites/7/2017/06/P05-05-1024x693.jpg" alt="" width="840" height="568" srcset="https://bf-on-tour.de/m-15/wp-content/uploads/sites/7/2017/06/P05-05-1024x693.jpg 1024w, https://bf-on-tour.de/m-15/wp-content/uploads/sites/7/2017/06/P05-05-300x203.jpg 300w, https://bf-on-tour.de/m-15/wp-content/uploads/sites/7/2017/06/P05-05-768x520.jpg 768w, https://bf-on-tour.de/m-15/wp-content/uploads/sites/7/2017/06/P05-05.jpg 1200w" sizes="auto, (max-width: 709px) 85vw, (max-width: 909px) 67vw, (max-width: 1362px) 62vw, 840px" /></a><figcaption id="caption-attachment-70" class="wp-caption-text">Ockerbrüche in Roussillon</figcaption></figure>
<p>Heute darf&nbsp;auch die Harley mal fahren, was uns durch ein deutlich zu vernehmendes „Plumps“ angezeigt wird: Ein Handtäschchen verschwindet&nbsp;in dem riesigen offenbar leeren TopCase. Abends dann der zweite Versuch einer Kommunikation. Ob wir einen Fön dabei haben? Ihrer läge in Nizza im Hotel, weil sie dort bei unerträglichen 32° C die Flucht ergriffen hätten. Jetzt kann ich es mir doch nicht verkneifen, zu erzählen, im vorletzten Jahr auf der Motorradtour mit unserem Großen bei knapp 40°C im 8-Bettzimmer der Jugendherberge von Nizza genächtigt zu haben. Sofort werde ich abgestraft: „<em>Die Männer muss ich wohl nicht fragen.</em>“ Unsere Ladies schauen sich vielsagend an und schütteln den Kopf. Nein, sie haben keinen Fön. Ich schweige artig &#8212; und ja, ich hätte einen gehabt&#8230;</p>
<p>Der Rest der Woche vergeht mit Geocachen und Faulenzen; die Maschinen dösen in den warmen Spätsommertagen weitgehend unbewegt vor sich hin. Man hält sich separat.</p>
<figure id="attachment_67" aria-describedby="caption-attachment-67" style="width: 840px" class="wp-caption aligncenter"><a href="https://bf-on-tour.de/m-15/wp-content/uploads/sites/7/2017/06/P05-02.jpg" rel="lightbox[19]"><img loading="lazy" decoding="async" class="size-large wp-image-67" src="https://bf-on-tour.de/m-15/wp-content/uploads/sites/7/2017/06/P05-02-1024x543.jpg" alt="" width="840" height="445" srcset="https://bf-on-tour.de/m-15/wp-content/uploads/sites/7/2017/06/P05-02-1024x543.jpg 1024w, https://bf-on-tour.de/m-15/wp-content/uploads/sites/7/2017/06/P05-02-300x159.jpg 300w, https://bf-on-tour.de/m-15/wp-content/uploads/sites/7/2017/06/P05-02-768x407.jpg 768w, https://bf-on-tour.de/m-15/wp-content/uploads/sites/7/2017/06/P05-02.jpg 1200w" sizes="auto, (max-width: 709px) 85vw, (max-width: 909px) 67vw, (max-width: 1362px) 62vw, 840px" /></a><figcaption id="caption-attachment-67" class="wp-caption-text">Das Rhonetal</figcaption></figure>
<p>Dann kommt am Sonnabend unser Großer. Er ist 10 Tage quer durch Frankreich bis nach Andorra gefahren und hat mit seiner alten Hornet diverse „Dangerous-“ und „Balcony-Roads“ ge- und besucht. Da gibt es viel zu erzählen. Es wird ein langer letzter Abend in Suze-la-Rousse an dem der Patron auch noch für die Gäste Leckeres gekocht hat.</p>
<p><a href="https://bf-on-tour.de/m-15/p-06"><img loading="lazy" decoding="async" class="alignright wp-image-115" src="https://bf-on-tour.de/m-15/wp-content/uploads/sites/7/2017/06/weiter-2.png" alt="" width="50" height="37"></a><a href="https://bf-on-tour.de/m-15/p-04"><img loading="lazy" decoding="async" class="alignleft wp-image-116" src="https://bf-on-tour.de/m-15/wp-content/uploads/sites/7/2017/06/zurück-1.png" alt="" width="50" height="37"></a></p>

<p>„Une baguette et des croissants six, s&#8217;il vous plaît.“ Fünf Morgende fahre ich mit der kleinen 500er von unserer Gîte zum Bäcker, eine grüne Einkaufstüte um den Hals gehängt. Fünf Abende vergehen mit Oliven, Käse, luftgetrockneter Mettwurst, mit Schinken auf Melone, Schinken ohne Melone und mit Melone ohne Schinken. Dazu roter, weißer und Roséwein vom &hellip; <a href="https://bf-on-tour.de/m-15/p-05/" class="more-link"><span class="screen-reader-text">„Eine faule Woche“ </span>weiterlesen</a></p>
