{"id":17,"date":"2017-06-05T17:26:47","date_gmt":"2017-06-05T15:26:47","guid":{"rendered":"http:\/\/blog.family-riders.de\/france-deux\/?page_id=17"},"modified":"2020-04-03T11:20:46","modified_gmt":"2020-04-03T09:20:46","slug":"p-04","status":"publish","type":"page","link":"https:\/\/bf-on-tour.de\/m-15\/p-04\/","title":{"rendered":"Im Tal der Ard\u00e8che"},"content":{"rendered":"<p><a href=\"https:\/\/bf-on-tour.de\/m-15\/wp-content\/uploads\/sites\/7\/2017\/06\/P04-00.jpg\" rel=\"lightbox[17]\"><img loading=\"lazy\" decoding=\"async\" class=\"aligncenter size-large wp-image-58\" src=\"https:\/\/bf-on-tour.de\/m-15\/wp-content\/uploads\/sites\/7\/2017\/06\/P04-00-1024x494.jpg\" alt=\"\" width=\"840\" height=\"405\" srcset=\"https:\/\/bf-on-tour.de\/m-15\/wp-content\/uploads\/sites\/7\/2017\/06\/P04-00-1024x494.jpg 1024w, https:\/\/bf-on-tour.de\/m-15\/wp-content\/uploads\/sites\/7\/2017\/06\/P04-00-300x145.jpg 300w, https:\/\/bf-on-tour.de\/m-15\/wp-content\/uploads\/sites\/7\/2017\/06\/P04-00-768x371.jpg 768w, https:\/\/bf-on-tour.de\/m-15\/wp-content\/uploads\/sites\/7\/2017\/06\/P04-00.jpg 1200w\" sizes=\"auto, (max-width: 709px) 85vw, (max-width: 909px) 67vw, (max-width: 1362px) 62vw, 840px\" \/><\/a>Der Sonntag beginnt sonnig, aber k\u00fchl. Das ist sehr angenehm und so fahren wir leicht beschwingt durch die weitl\u00e4ufigen Mittelgebirge westlich der Rhone und \u00f6stlich der Loire. Saint-Genest-Malifaux im Naturpark Pilat, Montfaucon-en-Velay, Le-Chambon-sur-Lignon und Antraigues-sur-Volane sind nur einige der klangvollen Dorf- und St\u00e4dtchen-Namen, die wir heute lesen. Und au\u00dfer uns ist wieder einmal kaum jemand unterwegs. Meist sind wir allein.<\/p>\n<figure id=\"attachment_57\" aria-describedby=\"caption-attachment-57\" style=\"width: 840px\" class=\"wp-caption aligncenter\"><a href=\"https:\/\/bf-on-tour.de\/m-15\/wp-content\/uploads\/sites\/7\/2017\/06\/P04-01.jpg\" rel=\"lightbox[17]\"><img loading=\"lazy\" decoding=\"async\" class=\"size-large wp-image-57\" src=\"https:\/\/bf-on-tour.de\/m-15\/wp-content\/uploads\/sites\/7\/2017\/06\/P04-01-1024x657.jpg\" alt=\"\" width=\"840\" height=\"539\" srcset=\"https:\/\/bf-on-tour.de\/m-15\/wp-content\/uploads\/sites\/7\/2017\/06\/P04-01-1024x657.jpg 1024w, https:\/\/bf-on-tour.de\/m-15\/wp-content\/uploads\/sites\/7\/2017\/06\/P04-01-300x193.jpg 300w, https:\/\/bf-on-tour.de\/m-15\/wp-content\/uploads\/sites\/7\/2017\/06\/P04-01-768x493.jpg 768w, https:\/\/bf-on-tour.de\/m-15\/wp-content\/uploads\/sites\/7\/2017\/06\/P04-01.jpg 1200w\" sizes=\"auto, (max-width: 709px) 85vw, (max-width: 909px) 67vw, (max-width: 1362px) 62vw, 840px\" \/><\/a><figcaption id=\"caption-attachment-57\" class=\"wp-caption-text\">Auf dem Weg zur Ard\u00e8che<\/figcaption><\/figure>\n<p>Sicher, es gibt immer mal wieder reizvolle Abfahrten nach rechts oder auch hinab ins Rhonetal, Der Parc naturel r\u00e9gional des Monts d\u2019Ard\u00e8che bietet eine Vielzahl herrlich kurviger Strecken mit beeindruckenden Ausblicken, aber wir bleiben doch nach M\u00f6glichkeit konstant oben in den Bergen. Und schlie\u00dflich erreichen wir kurz hinter Vals-le-Bains das Tal der hier noch sehr kleinen Ard\u00e8che.<\/p>\n<figure id=\"attachment_61\" aria-describedby=\"caption-attachment-61\" style=\"width: 840px\" class=\"wp-caption aligncenter\"><a href=\"https:\/\/bf-on-tour.de\/m-15\/wp-content\/uploads\/sites\/7\/2017\/06\/P04-02.jpg\" rel=\"lightbox[17]\"><img loading=\"lazy\" decoding=\"async\" class=\"size-large wp-image-61\" src=\"https:\/\/bf-on-tour.de\/m-15\/wp-content\/uploads\/sites\/7\/2017\/06\/P04-02-1024x768.jpg\" alt=\"\" width=\"840\" height=\"630\" srcset=\"https:\/\/bf-on-tour.de\/m-15\/wp-content\/uploads\/sites\/7\/2017\/06\/P04-02-1024x768.jpg 1024w, https:\/\/bf-on-tour.de\/m-15\/wp-content\/uploads\/sites\/7\/2017\/06\/P04-02-300x225.jpg 300w, https:\/\/bf-on-tour.de\/m-15\/wp-content\/uploads\/sites\/7\/2017\/06\/P04-02-768x576.jpg 768w, https:\/\/bf-on-tour.de\/m-15\/wp-content\/uploads\/sites\/7\/2017\/06\/P04-02.jpg 1200w\" sizes=\"auto, (max-width: 709px) 85vw, (max-width: 909px) 67vw, (max-width: 1362px) 62vw, 840px\" \/><\/a><figcaption id=\"caption-attachment-61\" class=\"wp-caption-text\">Der ber\u00fchmte Kalksandsteinbogen im Tal der Ard\u00e8che<\/figcaption><\/figure>\n<p>Mehr oder weniger nah dem Fluss folgend, kommen wir nach Vallon-Pont-d\u2019Arc, dem Ort, an dem der spektakul\u00e4re Teil der Ard\u00e8che-Schlucht beginnt. Hier sind wir pl\u00f6tzlich \u00fcberhaupt nicht mehr allein. Massen von Badetouristen parken am Stra\u00dfenrand ihre Gef\u00e4hrte, um unten im Fluss zu baden oder mit dem Kanu zu fahren. Ganz besonders gilt das f\u00fcr den 60 Meter langen und 54 Meter hohen Kalksteinbogen, durch den sich der Fluss in Jahrmillionen hindurch gefressen hat und der zum Weltkulturerbe der UNESCO geh\u00f6rt. Hier versammeln sich die Massen geradezu.<\/p>\n<figure id=\"attachment_62\" aria-describedby=\"caption-attachment-62\" style=\"width: 840px\" class=\"wp-caption aligncenter\"><a href=\"https:\/\/bf-on-tour.de\/m-15\/wp-content\/uploads\/sites\/7\/2017\/06\/P04-03.jpg\" rel=\"lightbox[17]\"><img loading=\"lazy\" decoding=\"async\" class=\"size-large wp-image-62\" src=\"https:\/\/bf-on-tour.de\/m-15\/wp-content\/uploads\/sites\/7\/2017\/06\/P04-03-1024x768.jpg\" alt=\"\" width=\"840\" height=\"630\" srcset=\"https:\/\/bf-on-tour.de\/m-15\/wp-content\/uploads\/sites\/7\/2017\/06\/P04-03-1024x768.jpg 1024w, https:\/\/bf-on-tour.de\/m-15\/wp-content\/uploads\/sites\/7\/2017\/06\/P04-03-300x225.jpg 300w, https:\/\/bf-on-tour.de\/m-15\/wp-content\/uploads\/sites\/7\/2017\/06\/P04-03-768x576.jpg 768w, https:\/\/bf-on-tour.de\/m-15\/wp-content\/uploads\/sites\/7\/2017\/06\/P04-03.jpg 1200w\" sizes=\"auto, (max-width: 709px) 85vw, (max-width: 909px) 67vw, (max-width: 1362px) 62vw, 840px\" \/><\/a><figcaption id=\"caption-attachment-62\" class=\"wp-caption-text\">Ard\u00e8che-Schleife<\/figcaption><\/figure>\n<p><a href=\"https:\/\/bf-on-tour.de\/m-15\/wp-content\/uploads\/sites\/7\/2017\/06\/P04-04.jpg\" rel=\"lightbox[17]\"><img loading=\"lazy\" decoding=\"async\" class=\"alignright wp-image-64\" src=\"https:\/\/bf-on-tour.de\/m-15\/wp-content\/uploads\/sites\/7\/2017\/06\/P04-04-219x300.jpg\" alt=\"\" width=\"167\" height=\"229\" srcset=\"https:\/\/bf-on-tour.de\/m-15\/wp-content\/uploads\/sites\/7\/2017\/06\/P04-04-219x300.jpg 219w, https:\/\/bf-on-tour.de\/m-15\/wp-content\/uploads\/sites\/7\/2017\/06\/P04-04-768x1052.jpg 768w, https:\/\/bf-on-tour.de\/m-15\/wp-content\/uploads\/sites\/7\/2017\/06\/P04-04-748x1024.jpg 748w, https:\/\/bf-on-tour.de\/m-15\/wp-content\/uploads\/sites\/7\/2017\/06\/P04-04.jpg 1200w\" sizes=\"auto, (max-width: 167px) 85vw, 167px\" \/><\/a><\/p>\n<p>Nach ein paar unvermeidlichen Fotos fahren wir weiter und werden mit abenteuerlichen Aussichten belohnt, die zeigen, wie sich dieser Fluss in gro\u00dfen Schleifen durch das Kalksteingebirge gefressen hat. Wenn wir so weiterfahren, n\u00e4mlich von Aussichtspunkt zu Aussichtspunkt, kommen wir heute nicht mehr an unser Ziel&#8230; Aber so schrecklich lang ist diese phantastische Strecke dann gar nicht. Bei Aigu\u00e8ze ist schon wieder alles vorbei und wir sind fast unten im Rhonetal. Kurz vor Boll\u00e8ne geht es \u00fcber die Rhone und schon sind wir in Suze-la-Rousse, wo wir von unseren Freunden mit K\u00e4se, Baguette und Rotwein erwartet werden.<\/p>\n<p><a href=\"https:\/\/bf-on-tour.de\/m-15\/p-03\"><img loading=\"lazy\" decoding=\"async\" class=\"alignleft wp-image-116\" src=\"https:\/\/bf-on-tour.de\/m-15\/wp-content\/uploads\/sites\/7\/2017\/06\/zur\u00fcck-1.png\" alt=\"\" width=\"50\" height=\"37\"><\/a> <a href=\"https:\/\/bf-on-tour.de\/m-15\/p-05\"><img loading=\"lazy\" decoding=\"async\" class=\"alignright wp-image-115\" src=\"https:\/\/bf-on-tour.de\/m-15\/wp-content\/uploads\/sites\/7\/2017\/06\/weiter-2.png\" alt=\"\" width=\"50\" height=\"37\"><\/a><\/p>\n","protected":false},"excerpt":{"rendered":"<p>Der Sonntag beginnt sonnig, aber k\u00fchl. Das ist sehr angenehm und so fahren wir leicht beschwingt durch die weitl\u00e4ufigen Mittelgebirge westlich der Rhone und \u00f6stlich der Loire. Saint-Genest-Malifaux im Naturpark Pilat, Montfaucon-en-Velay, Le-Chambon-sur-Lignon und Antraigues-sur-Volane sind nur einige der klangvollen Dorf- und St\u00e4dtchen-Namen, die wir heute lesen. Und au\u00dfer uns ist wieder einmal kaum jemand &hellip; <a href=\"https:\/\/bf-on-tour.de\/m-15\/p-04\/\" class=\"more-link\"><span class=\"screen-reader-text\">\u201eIm Tal der Ard\u00e8che\u201c <\/span>weiterlesen<\/a><\/p>\n","protected":false},"author":1,"featured_media":0,"parent":0,"menu_order":4,"comment_status":"open","ping_status":"closed","template":"","meta":{"footnotes":""},"class_list":["post-17","page","type-page","status-publish","hentry"],"_links":{"self":[{"href":"https:\/\/bf-on-tour.de\/m-15\/wp-json\/wp\/v2\/pages\/17","targetHints":{"allow":["GET"]}}],"collection":[{"href":"https:\/\/bf-on-tour.de\/m-15\/wp-json\/wp\/v2\/pages"}],"about":[{"href":"https:\/\/bf-on-tour.de\/m-15\/wp-json\/wp\/v2\/types\/page"}],"author":[{"embeddable":true,"href":"https:\/\/bf-on-tour.de\/m-15\/wp-json\/wp\/v2\/users\/1"}],"replies":[{"embeddable":true,"href":"https:\/\/bf-on-tour.de\/m-15\/wp-json\/wp\/v2\/comments?post=17"}],"version-history":[{"count":11,"href":"https:\/\/bf-on-tour.de\/m-15\/wp-json\/wp\/v2\/pages\/17\/revisions"}],"predecessor-version":[{"id":195,"href":"https:\/\/bf-on-tour.de\/m-15\/wp-json\/wp\/v2\/pages\/17\/revisions\/195"}],"wp:attachment":[{"href":"https:\/\/bf-on-tour.de\/m-15\/wp-json\/wp\/v2\/media?parent=17"}],"curies":[{"name":"wp","href":"https:\/\/api.w.org\/{rel}","templated":true}]}}

Im Tal der Ardèche

<p><a href="https://bf-on-tour.de/m-15/wp-content/uploads/sites/7/2017/06/P04-00.jpg" rel="lightbox[17]"><img loading="lazy" decoding="async" class="aligncenter size-large wp-image-58" src="https://bf-on-tour.de/m-15/wp-content/uploads/sites/7/2017/06/P04-00-1024x494.jpg" alt="" width="840" height="405" srcset="https://bf-on-tour.de/m-15/wp-content/uploads/sites/7/2017/06/P04-00-1024x494.jpg 1024w, https://bf-on-tour.de/m-15/wp-content/uploads/sites/7/2017/06/P04-00-300x145.jpg 300w, https://bf-on-tour.de/m-15/wp-content/uploads/sites/7/2017/06/P04-00-768x371.jpg 768w, https://bf-on-tour.de/m-15/wp-content/uploads/sites/7/2017/06/P04-00.jpg 1200w" sizes="auto, (max-width: 709px) 85vw, (max-width: 909px) 67vw, (max-width: 1362px) 62vw, 840px" /></a>Der Sonntag beginnt sonnig, aber kühl. Das ist sehr angenehm und so fahren wir leicht beschwingt durch die weitläufigen Mittelgebirge westlich der Rhone und östlich der Loire. Saint-Genest-Malifaux im Naturpark Pilat, Montfaucon-en-Velay, Le-Chambon-sur-Lignon und Antraigues-sur-Volane sind nur einige der klangvollen Dorf- und Städtchen-Namen, die wir heute lesen. Und außer uns ist wieder einmal kaum jemand unterwegs. Meist sind wir allein.</p>
<figure id="attachment_57" aria-describedby="caption-attachment-57" style="width: 840px" class="wp-caption aligncenter"><a href="https://bf-on-tour.de/m-15/wp-content/uploads/sites/7/2017/06/P04-01.jpg" rel="lightbox[17]"><img loading="lazy" decoding="async" class="size-large wp-image-57" src="https://bf-on-tour.de/m-15/wp-content/uploads/sites/7/2017/06/P04-01-1024x657.jpg" alt="" width="840" height="539" srcset="https://bf-on-tour.de/m-15/wp-content/uploads/sites/7/2017/06/P04-01-1024x657.jpg 1024w, https://bf-on-tour.de/m-15/wp-content/uploads/sites/7/2017/06/P04-01-300x193.jpg 300w, https://bf-on-tour.de/m-15/wp-content/uploads/sites/7/2017/06/P04-01-768x493.jpg 768w, https://bf-on-tour.de/m-15/wp-content/uploads/sites/7/2017/06/P04-01.jpg 1200w" sizes="auto, (max-width: 709px) 85vw, (max-width: 909px) 67vw, (max-width: 1362px) 62vw, 840px" /></a><figcaption id="caption-attachment-57" class="wp-caption-text">Auf dem Weg zur Ardèche</figcaption></figure>
<p>Sicher, es gibt immer mal wieder reizvolle Abfahrten nach rechts oder auch hinab ins Rhonetal, Der Parc naturel régional des Monts d’Ardèche bietet eine Vielzahl herrlich kurviger Strecken mit beeindruckenden Ausblicken, aber wir bleiben doch nach Möglichkeit konstant oben in den Bergen. Und schließlich erreichen wir kurz hinter Vals-le-Bains das Tal der hier noch sehr kleinen Ardèche.</p>
<figure id="attachment_61" aria-describedby="caption-attachment-61" style="width: 840px" class="wp-caption aligncenter"><a href="https://bf-on-tour.de/m-15/wp-content/uploads/sites/7/2017/06/P04-02.jpg" rel="lightbox[17]"><img loading="lazy" decoding="async" class="size-large wp-image-61" src="https://bf-on-tour.de/m-15/wp-content/uploads/sites/7/2017/06/P04-02-1024x768.jpg" alt="" width="840" height="630" srcset="https://bf-on-tour.de/m-15/wp-content/uploads/sites/7/2017/06/P04-02-1024x768.jpg 1024w, https://bf-on-tour.de/m-15/wp-content/uploads/sites/7/2017/06/P04-02-300x225.jpg 300w, https://bf-on-tour.de/m-15/wp-content/uploads/sites/7/2017/06/P04-02-768x576.jpg 768w, https://bf-on-tour.de/m-15/wp-content/uploads/sites/7/2017/06/P04-02.jpg 1200w" sizes="auto, (max-width: 709px) 85vw, (max-width: 909px) 67vw, (max-width: 1362px) 62vw, 840px" /></a><figcaption id="caption-attachment-61" class="wp-caption-text">Der berühmte Kalksandsteinbogen im Tal der Ardèche</figcaption></figure>
<p>Mehr oder weniger nah dem Fluss folgend, kommen wir nach Vallon-Pont-d’Arc, dem Ort, an dem der spektakuläre Teil der Ardèche-Schlucht beginnt. Hier sind wir plötzlich überhaupt nicht mehr allein. Massen von Badetouristen parken am Straßenrand ihre Gefährte, um unten im Fluss zu baden oder mit dem Kanu zu fahren. Ganz besonders gilt das für den 60 Meter langen und 54 Meter hohen Kalksteinbogen, durch den sich der Fluss in Jahrmillionen hindurch gefressen hat und der zum Weltkulturerbe der UNESCO gehört. Hier versammeln sich die Massen geradezu.</p>
<figure id="attachment_62" aria-describedby="caption-attachment-62" style="width: 840px" class="wp-caption aligncenter"><a href="https://bf-on-tour.de/m-15/wp-content/uploads/sites/7/2017/06/P04-03.jpg" rel="lightbox[17]"><img loading="lazy" decoding="async" class="size-large wp-image-62" src="https://bf-on-tour.de/m-15/wp-content/uploads/sites/7/2017/06/P04-03-1024x768.jpg" alt="" width="840" height="630" srcset="https://bf-on-tour.de/m-15/wp-content/uploads/sites/7/2017/06/P04-03-1024x768.jpg 1024w, https://bf-on-tour.de/m-15/wp-content/uploads/sites/7/2017/06/P04-03-300x225.jpg 300w, https://bf-on-tour.de/m-15/wp-content/uploads/sites/7/2017/06/P04-03-768x576.jpg 768w, https://bf-on-tour.de/m-15/wp-content/uploads/sites/7/2017/06/P04-03.jpg 1200w" sizes="auto, (max-width: 709px) 85vw, (max-width: 909px) 67vw, (max-width: 1362px) 62vw, 840px" /></a><figcaption id="caption-attachment-62" class="wp-caption-text">Ardèche-Schleife</figcaption></figure>
<p><a href="https://bf-on-tour.de/m-15/wp-content/uploads/sites/7/2017/06/P04-04.jpg" rel="lightbox[17]"><img loading="lazy" decoding="async" class="alignright wp-image-64" src="https://bf-on-tour.de/m-15/wp-content/uploads/sites/7/2017/06/P04-04-219x300.jpg" alt="" width="167" height="229" srcset="https://bf-on-tour.de/m-15/wp-content/uploads/sites/7/2017/06/P04-04-219x300.jpg 219w, https://bf-on-tour.de/m-15/wp-content/uploads/sites/7/2017/06/P04-04-768x1052.jpg 768w, https://bf-on-tour.de/m-15/wp-content/uploads/sites/7/2017/06/P04-04-748x1024.jpg 748w, https://bf-on-tour.de/m-15/wp-content/uploads/sites/7/2017/06/P04-04.jpg 1200w" sizes="auto, (max-width: 167px) 85vw, 167px" /></a></p>
<p>Nach ein paar unvermeidlichen Fotos fahren wir weiter und werden mit abenteuerlichen Aussichten belohnt, die zeigen, wie sich dieser Fluss in großen Schleifen durch das Kalksteingebirge gefressen hat. Wenn wir so weiterfahren, nämlich von Aussichtspunkt zu Aussichtspunkt, kommen wir heute nicht mehr an unser Ziel&#8230; Aber so schrecklich lang ist diese phantastische Strecke dann gar nicht. Bei Aiguèze ist schon wieder alles vorbei und wir sind fast unten im Rhonetal. Kurz vor Bollène geht es über die Rhone und schon sind wir in Suze-la-Rousse, wo wir von unseren Freunden mit Käse, Baguette und Rotwein erwartet werden.</p>
<p><a href="https://bf-on-tour.de/m-15/p-03"><img loading="lazy" decoding="async" class="alignleft wp-image-116" src="https://bf-on-tour.de/m-15/wp-content/uploads/sites/7/2017/06/zurück-1.png" alt="" width="50" height="37"></a> <a href="https://bf-on-tour.de/m-15/p-05"><img loading="lazy" decoding="async" class="alignright wp-image-115" src="https://bf-on-tour.de/m-15/wp-content/uploads/sites/7/2017/06/weiter-2.png" alt="" width="50" height="37"></a></p>

<p>Der Sonntag beginnt sonnig, aber kühl. Das ist sehr angenehm und so fahren wir leicht beschwingt durch die weitläufigen Mittelgebirge westlich der Rhone und östlich der Loire. Saint-Genest-Malifaux im Naturpark Pilat, Montfaucon-en-Velay, Le-Chambon-sur-Lignon und Antraigues-sur-Volane sind nur einige der klangvollen Dorf- und Städtchen-Namen, die wir heute lesen. Und außer uns ist wieder einmal kaum jemand &hellip; <a href="https://bf-on-tour.de/m-15/p-04/" class="more-link"><span class="screen-reader-text">„Im Tal der Ardèche“ </span>weiterlesen</a></p>
