{"id":15,"date":"2017-06-05T17:04:02","date_gmt":"2017-06-05T15:04:02","guid":{"rendered":"http:\/\/blog.family-riders.de\/france-deux\/?page_id=15"},"modified":"2020-04-03T11:20:25","modified_gmt":"2020-04-03T09:20:25","slug":"p-03","status":"publish","type":"page","link":"https:\/\/bf-on-tour.de\/m-15\/p-03\/","title":{"rendered":"Gro\u00dfstadtfahren und ein Umfaller"},"content":{"rendered":"<p>Flach, flacher, Stra\u00dfe nach Lyon. Geradeaus, immer noch geradeaus und immer noch nicht in Lyon. Das sch\u00f6ne Sommerwetter wird langsam l\u00e4stig, die Orte langweilig und h\u00e4sslich und es hei\u00dft nur noch: durchhalten!<\/p>\n<p>Dann endlich sind wir auf dem \u00e4u\u00dferen Ring der Stadt, rollen autobahn\u00e4hnlich im Stadtverkehr Richtung Innenstadt und folgen unserer seit Jahrzehnten bew\u00e4hrte Devise, nicht um eine Stadt herum zu fahren, sondern <em>bis zum Hauptbahnhof und dann links ab<\/em>. Ok, bis zum Hauptbahnhof kommen wir nicht und am Gare de Lyon-Perrache biegen wir rechts ab \u2013 was auf einer sechsspurigen Stra\u00dfe, von denen zwei Spuren nach links gehen, zwei in einem Tunnel verschwinden und zwei weitere geradeaus f\u00fchren, gar nicht so einfach ist &#8211; aber konsequent rein in die Stadt und ebenso konsequent wieder raus, das hat sich auch heute wieder bew\u00e4hrt. Au\u00dferdem ist die Fahrt entlang dem Rotten, einem der zwei Fl\u00fcsse, die durch Lyon flie\u00dfen absolut sehenswert: Sch\u00f6ne alte Wohn- und Gesch\u00e4ftsh\u00e4user hinter gro\u00dfen alten B\u00e4umen s\u00e4umen die Prachtboulevards Quai Jean Moulin und Quai Dr. Gailleton auf der rechten Seite, w\u00e4hrend sich wunderbare Ausblicke auf die Innenstadt \u00fcber den Fluss linker Hand auftun. Sich dabei auf die Stra\u00dfe zu konzentrieren f\u00e4llt nicht leicht. Auch unser Navi scheint zu tr\u00e4umen und wir m\u00fcssen \u201erichtig franz\u00f6sisch\u201c fahren: Spurwechsel? Kurzer Blick in den R\u00fcckspiegel und r\u00fcber. Warten bis Platz gemacht wird? Unsinn, das macht hier keiner!<\/p>\n<figure id=\"attachment_53\" aria-describedby=\"caption-attachment-53\" style=\"width: 840px\" class=\"wp-caption aligncenter\"><a href=\"https:\/\/bf-on-tour.de\/m-15\/wp-content\/uploads\/sites\/7\/2017\/06\/P03-01.jpg\" rel=\"lightbox[15]\"><img loading=\"lazy\" decoding=\"async\" class=\"wp-image-53 size-large\" src=\"https:\/\/bf-on-tour.de\/m-15\/wp-content\/uploads\/sites\/7\/2017\/06\/P03-01-1024x691.jpg\" alt=\"\" width=\"840\" height=\"567\" srcset=\"https:\/\/bf-on-tour.de\/m-15\/wp-content\/uploads\/sites\/7\/2017\/06\/P03-01-1024x691.jpg 1024w, https:\/\/bf-on-tour.de\/m-15\/wp-content\/uploads\/sites\/7\/2017\/06\/P03-01-300x203.jpg 300w, https:\/\/bf-on-tour.de\/m-15\/wp-content\/uploads\/sites\/7\/2017\/06\/P03-01-768x518.jpg 768w, https:\/\/bf-on-tour.de\/m-15\/wp-content\/uploads\/sites\/7\/2017\/06\/P03-01.jpg 1200w\" sizes=\"auto, (max-width: 709px) 85vw, (max-width: 909px) 67vw, (max-width: 1362px) 62vw, 840px\" \/><\/a><figcaption id=\"caption-attachment-53\" class=\"wp-caption-text\">D 489<\/figcaption><\/figure>\n<p>Etwa 500 Meter hinter dem Bahnhof Perrache, direkt hinter der Br\u00fccke \u00fcber die Sa\u00f4ne und kurz bevor die A6 bei Saint-Iren\u00e9e im Tunnel verschwindet, biegen wir mitten in der Stadt in die Berge ab. Dann sind wir auch schon in den Vororten und im Mittelgebirge. Die D489 ist unsere Stra\u00dfe f\u00fcr die n\u00e4chsten Stunden \u2013 und die geh\u00f6rt uns fast allein, wird dabei aber immer schmaler. Zwei Meter, mehr sind es sicher nicht. Kommt uns wirklich mal ein Fahrzeug entgegen, wartet es in einer Ausweiche, bis wir vor\u00fcber sind.<\/p>\n<p>Aber ur-pl\u00f6tzlich geht es steil bergauf, in eine un\u00fcbersichtliche 110\u00b0 Linkskurve, gefolgt von ca. 200 Metern steiler Anh\u00f6he und einer ebenso scharfen Rechtskurve. Ich kann einen Radfahrer gerade noch vor der ersten Kurve \u00fcberholen. Aber mit der 500er gibt es dann doch einen Umfaller, weil die Kurve f\u00fcr zwei einfach zu eng, der Radler die Stra\u00dfenmitte f\u00fcr sich reklamiert und die Innenkurve abenteuerlich steil ist. Da liegt sie nun auf der Seite, die kleine Wei\u00dfe, und droht langsam den Berg hinab zu rutschen.<\/p>\n<p>Der Kupplungshebel ist mit samt der Halterung auf dem Lenker nach innen gerutscht. Mit etwas M\u00fche beim Greifen l\u00e4sst er sich aber noch bedienen und den Schalthebel biege ich mit Bordmitteln wieder hin. Den Radler interessiert das alles nicht. Der ist einfach weiter gefahren&#8230;<\/p>\n<figure id=\"attachment_54\" aria-describedby=\"caption-attachment-54\" style=\"width: 840px\" class=\"wp-caption aligncenter\"><a href=\"https:\/\/bf-on-tour.de\/m-15\/wp-content\/uploads\/sites\/7\/2017\/06\/P03-02.jpg\" rel=\"lightbox[15]\"><img loading=\"lazy\" decoding=\"async\" class=\"size-large wp-image-54\" src=\"https:\/\/bf-on-tour.de\/m-15\/wp-content\/uploads\/sites\/7\/2017\/06\/P03-02-1024x555.jpg\" alt=\"\" width=\"840\" height=\"455\" srcset=\"https:\/\/bf-on-tour.de\/m-15\/wp-content\/uploads\/sites\/7\/2017\/06\/P03-02-1024x555.jpg 1024w, https:\/\/bf-on-tour.de\/m-15\/wp-content\/uploads\/sites\/7\/2017\/06\/P03-02-300x163.jpg 300w, https:\/\/bf-on-tour.de\/m-15\/wp-content\/uploads\/sites\/7\/2017\/06\/P03-02-768x416.jpg 768w, https:\/\/bf-on-tour.de\/m-15\/wp-content\/uploads\/sites\/7\/2017\/06\/P03-02.jpg 1200w\" sizes=\"auto, (max-width: 709px) 85vw, (max-width: 909px) 67vw, (max-width: 1362px) 62vw, 840px\" \/><\/a><figcaption id=\"caption-attachment-54\" class=\"wp-caption-text\">Liebliches Mittelgebirge<\/figcaption><\/figure>\n<p>Saint-Martin-en-Haut: Hier gibt es auf den Schreck erst einmal einen Kaffee direkt am&nbsp;Marktplatz, bevor wir durch die weite, liebliche Mittelgebirgslandschaft weiter nach Saint-Symphorien-sur-Coise und \u00fcber die D3 nach Saint-\u00c8tienne fahren, wo wir wieder ein Hotel gebucht haben. Vielleicht kann ich dort den Schalthebel reparieren, d.h. die Halterung wieder etwas nach vorn ziehen.<\/p>\n<p>In Saint-\u00c8tienne f\u00fchrt uns das Navi dann aber nicht zum Hotel sondern in einen Tunnel: \u201e<em>Sie haben ihr Ziel erreicht<\/em>.\u201c Nein, das glauben wir jetzt \u00fcberhaupt nicht! Im Internet sah das IBIS ganz ordentlich aus, ganz anders als eine Tunnelr\u00f6hre. Nun gut, fahren wir halt weiter und sehen, was das Navi dann sagt. Zur\u00fcck im Tageslicht, werden wir aber mit bestimmter Stimme genau wieder in die R\u00f6hre zur\u00fcck gef\u00fchrt. Kann ja nicht sein! Wo ist blo\u00df dieses Hotel? Pl\u00f6tzlich der Geistesblitz: Das Hotel liegt <strong>AUF<\/strong> dem Tunnel. Und genau so ist es&#8230;<\/p>\n<p>Bei dem abendlichen Versuch, die Schalthebelhalterung wieder zu richten, bricht mein Maulschl\u00fcssel auseinander. Da es Samstag-Abend ist und keine Werkstatt mehr ge\u00f6ffnet hat, rufe ich den ADAC an. Der freundliche Helfer kommt nach etwa einer Stunde, schaut mich etwas mitleidig an, wieso ich diese Lappalie nicht selbst behoben habe, staunt \u00fcber meinen geborstenen Maulschl\u00fcssel &#8211; und bricht sich dann fast selbst sein Werkzeug ab. Ohne Steckschl\u00fcssel und Ratsche bekommt auch er das Ding nicht wieder hin. Nach etwa 10 Minuten bin ich rehabilitiert und der Hebel ist wieder normal greifbar.<\/p>\n<p><a href=\"https:\/\/bf-on-tour.de\/m-15\/p-02\"><img loading=\"lazy\" decoding=\"async\" class=\"alignleft wp-image-116\" src=\"https:\/\/bf-on-tour.de\/m-15\/wp-content\/uploads\/sites\/7\/2017\/06\/zur\u00fcck-1.png\" alt=\"\" width=\"50\" height=\"37\"><\/a> <a href=\"https:\/\/bf-on-tour.de\/m-15\/p-04\"><img loading=\"lazy\" decoding=\"async\" class=\"alignright wp-image-115\" src=\"https:\/\/bf-on-tour.de\/m-15\/wp-content\/uploads\/sites\/7\/2017\/06\/weiter-2.png\" alt=\"\" width=\"50\" height=\"37\"><\/a><\/p>\n","protected":false},"excerpt":{"rendered":"<p>Flach, flacher, Stra\u00dfe nach Lyon. Geradeaus, immer noch geradeaus und immer noch nicht in Lyon. Das sch\u00f6ne Sommerwetter wird langsam l\u00e4stig, die Orte langweilig und h\u00e4sslich und es hei\u00dft nur noch: durchhalten! Dann endlich sind wir auf dem \u00e4u\u00dferen Ring der Stadt, rollen autobahn\u00e4hnlich im Stadtverkehr Richtung Innenstadt und folgen unserer seit Jahrzehnten bew\u00e4hrte Devise, &hellip; <a href=\"https:\/\/bf-on-tour.de\/m-15\/p-03\/\" class=\"more-link\"><span class=\"screen-reader-text\">\u201eGro\u00dfstadtfahren und ein Umfaller\u201c <\/span>weiterlesen<\/a><\/p>\n","protected":false},"author":1,"featured_media":0,"parent":0,"menu_order":3,"comment_status":"open","ping_status":"closed","template":"","meta":{"footnotes":""},"class_list":["post-15","page","type-page","status-publish","hentry"],"_links":{"self":[{"href":"https:\/\/bf-on-tour.de\/m-15\/wp-json\/wp\/v2\/pages\/15","targetHints":{"allow":["GET"]}}],"collection":[{"href":"https:\/\/bf-on-tour.de\/m-15\/wp-json\/wp\/v2\/pages"}],"about":[{"href":"https:\/\/bf-on-tour.de\/m-15\/wp-json\/wp\/v2\/types\/page"}],"author":[{"embeddable":true,"href":"https:\/\/bf-on-tour.de\/m-15\/wp-json\/wp\/v2\/users\/1"}],"replies":[{"embeddable":true,"href":"https:\/\/bf-on-tour.de\/m-15\/wp-json\/wp\/v2\/comments?post=15"}],"version-history":[{"count":12,"href":"https:\/\/bf-on-tour.de\/m-15\/wp-json\/wp\/v2\/pages\/15\/revisions"}],"predecessor-version":[{"id":194,"href":"https:\/\/bf-on-tour.de\/m-15\/wp-json\/wp\/v2\/pages\/15\/revisions\/194"}],"wp:attachment":[{"href":"https:\/\/bf-on-tour.de\/m-15\/wp-json\/wp\/v2\/media?parent=15"}],"curies":[{"name":"wp","href":"https:\/\/api.w.org\/{rel}","templated":true}]}}

Großstadtfahren und ein Umfaller

<p>Flach, flacher, Straße nach Lyon. Geradeaus, immer noch geradeaus und immer noch nicht in Lyon. Das schöne Sommerwetter wird langsam lästig, die Orte langweilig und hässlich und es heißt nur noch: durchhalten!</p>
<p>Dann endlich sind wir auf dem äußeren Ring der Stadt, rollen autobahnähnlich im Stadtverkehr Richtung Innenstadt und folgen unserer seit Jahrzehnten bewährte Devise, nicht um eine Stadt herum zu fahren, sondern <em>bis zum Hauptbahnhof und dann links ab</em>. Ok, bis zum Hauptbahnhof kommen wir nicht und am Gare de Lyon-Perrache biegen wir rechts ab – was auf einer sechsspurigen Straße, von denen zwei Spuren nach links gehen, zwei in einem Tunnel verschwinden und zwei weitere geradeaus führen, gar nicht so einfach ist &#8211; aber konsequent rein in die Stadt und ebenso konsequent wieder raus, das hat sich auch heute wieder bewährt. Außerdem ist die Fahrt entlang dem Rotten, einem der zwei Flüsse, die durch Lyon fließen absolut sehenswert: Schöne alte Wohn- und Geschäftshäuser hinter großen alten Bäumen säumen die Prachtboulevards Quai Jean Moulin und Quai Dr. Gailleton auf der rechten Seite, während sich wunderbare Ausblicke auf die Innenstadt über den Fluss linker Hand auftun. Sich dabei auf die Straße zu konzentrieren fällt nicht leicht. Auch unser Navi scheint zu träumen und wir müssen „richtig französisch“ fahren: Spurwechsel? Kurzer Blick in den Rückspiegel und rüber. Warten bis Platz gemacht wird? Unsinn, das macht hier keiner!</p>
<figure id="attachment_53" aria-describedby="caption-attachment-53" style="width: 840px" class="wp-caption aligncenter"><a href="https://bf-on-tour.de/m-15/wp-content/uploads/sites/7/2017/06/P03-01.jpg" rel="lightbox[15]"><img loading="lazy" decoding="async" class="wp-image-53 size-large" src="https://bf-on-tour.de/m-15/wp-content/uploads/sites/7/2017/06/P03-01-1024x691.jpg" alt="" width="840" height="567" srcset="https://bf-on-tour.de/m-15/wp-content/uploads/sites/7/2017/06/P03-01-1024x691.jpg 1024w, https://bf-on-tour.de/m-15/wp-content/uploads/sites/7/2017/06/P03-01-300x203.jpg 300w, https://bf-on-tour.de/m-15/wp-content/uploads/sites/7/2017/06/P03-01-768x518.jpg 768w, https://bf-on-tour.de/m-15/wp-content/uploads/sites/7/2017/06/P03-01.jpg 1200w" sizes="auto, (max-width: 709px) 85vw, (max-width: 909px) 67vw, (max-width: 1362px) 62vw, 840px" /></a><figcaption id="caption-attachment-53" class="wp-caption-text">D 489</figcaption></figure>
<p>Etwa 500 Meter hinter dem Bahnhof Perrache, direkt hinter der Brücke über die Saône und kurz bevor die A6 bei Saint-Irenée im Tunnel verschwindet, biegen wir mitten in der Stadt in die Berge ab. Dann sind wir auch schon in den Vororten und im Mittelgebirge. Die D489 ist unsere Straße für die nächsten Stunden – und die gehört uns fast allein, wird dabei aber immer schmaler. Zwei Meter, mehr sind es sicher nicht. Kommt uns wirklich mal ein Fahrzeug entgegen, wartet es in einer Ausweiche, bis wir vorüber sind.</p>
<p>Aber ur-plötzlich geht es steil bergauf, in eine unübersichtliche 110° Linkskurve, gefolgt von ca. 200 Metern steiler Anhöhe und einer ebenso scharfen Rechtskurve. Ich kann einen Radfahrer gerade noch vor der ersten Kurve überholen. Aber mit der 500er gibt es dann doch einen Umfaller, weil die Kurve für zwei einfach zu eng, der Radler die Straßenmitte für sich reklamiert und die Innenkurve abenteuerlich steil ist. Da liegt sie nun auf der Seite, die kleine Weiße, und droht langsam den Berg hinab zu rutschen.</p>
<p>Der Kupplungshebel ist mit samt der Halterung auf dem Lenker nach innen gerutscht. Mit etwas Mühe beim Greifen lässt er sich aber noch bedienen und den Schalthebel biege ich mit Bordmitteln wieder hin. Den Radler interessiert das alles nicht. Der ist einfach weiter gefahren&#8230;</p>
<figure id="attachment_54" aria-describedby="caption-attachment-54" style="width: 840px" class="wp-caption aligncenter"><a href="https://bf-on-tour.de/m-15/wp-content/uploads/sites/7/2017/06/P03-02.jpg" rel="lightbox[15]"><img loading="lazy" decoding="async" class="size-large wp-image-54" src="https://bf-on-tour.de/m-15/wp-content/uploads/sites/7/2017/06/P03-02-1024x555.jpg" alt="" width="840" height="455" srcset="https://bf-on-tour.de/m-15/wp-content/uploads/sites/7/2017/06/P03-02-1024x555.jpg 1024w, https://bf-on-tour.de/m-15/wp-content/uploads/sites/7/2017/06/P03-02-300x163.jpg 300w, https://bf-on-tour.de/m-15/wp-content/uploads/sites/7/2017/06/P03-02-768x416.jpg 768w, https://bf-on-tour.de/m-15/wp-content/uploads/sites/7/2017/06/P03-02.jpg 1200w" sizes="auto, (max-width: 709px) 85vw, (max-width: 909px) 67vw, (max-width: 1362px) 62vw, 840px" /></a><figcaption id="caption-attachment-54" class="wp-caption-text">Liebliches Mittelgebirge</figcaption></figure>
<p>Saint-Martin-en-Haut: Hier gibt es auf den Schreck erst einmal einen Kaffee direkt am&nbsp;Marktplatz, bevor wir durch die weite, liebliche Mittelgebirgslandschaft weiter nach Saint-Symphorien-sur-Coise und über die D3 nach Saint-Ètienne fahren, wo wir wieder ein Hotel gebucht haben. Vielleicht kann ich dort den Schalthebel reparieren, d.h. die Halterung wieder etwas nach vorn ziehen.</p>
<p>In Saint-Ètienne führt uns das Navi dann aber nicht zum Hotel sondern in einen Tunnel: „<em>Sie haben ihr Ziel erreicht</em>.“ Nein, das glauben wir jetzt überhaupt nicht! Im Internet sah das IBIS ganz ordentlich aus, ganz anders als eine Tunnelröhre. Nun gut, fahren wir halt weiter und sehen, was das Navi dann sagt. Zurück im Tageslicht, werden wir aber mit bestimmter Stimme genau wieder in die Röhre zurück geführt. Kann ja nicht sein! Wo ist bloß dieses Hotel? Plötzlich der Geistesblitz: Das Hotel liegt <strong>AUF</strong> dem Tunnel. Und genau so ist es&#8230;</p>
<p>Bei dem abendlichen Versuch, die Schalthebelhalterung wieder zu richten, bricht mein Maulschlüssel auseinander. Da es Samstag-Abend ist und keine Werkstatt mehr geöffnet hat, rufe ich den ADAC an. Der freundliche Helfer kommt nach etwa einer Stunde, schaut mich etwas mitleidig an, wieso ich diese Lappalie nicht selbst behoben habe, staunt über meinen geborstenen Maulschlüssel &#8211; und bricht sich dann fast selbst sein Werkzeug ab. Ohne Steckschlüssel und Ratsche bekommt auch er das Ding nicht wieder hin. Nach etwa 10 Minuten bin ich rehabilitiert und der Hebel ist wieder normal greifbar.</p>
<p><a href="https://bf-on-tour.de/m-15/p-02"><img loading="lazy" decoding="async" class="alignleft wp-image-116" src="https://bf-on-tour.de/m-15/wp-content/uploads/sites/7/2017/06/zurück-1.png" alt="" width="50" height="37"></a> <a href="https://bf-on-tour.de/m-15/p-04"><img loading="lazy" decoding="async" class="alignright wp-image-115" src="https://bf-on-tour.de/m-15/wp-content/uploads/sites/7/2017/06/weiter-2.png" alt="" width="50" height="37"></a></p>

<p>Flach, flacher, Straße nach Lyon. Geradeaus, immer noch geradeaus und immer noch nicht in Lyon. Das schöne Sommerwetter wird langsam lästig, die Orte langweilig und hässlich und es heißt nur noch: durchhalten! Dann endlich sind wir auf dem äußeren Ring der Stadt, rollen autobahnähnlich im Stadtverkehr Richtung Innenstadt und folgen unserer seit Jahrzehnten bewährte Devise, &hellip; <a href="https://bf-on-tour.de/m-15/p-03/" class="more-link"><span class="screen-reader-text">„Großstadtfahren und ein Umfaller“ </span>weiterlesen</a></p>
