{"id":11,"date":"2017-06-05T16:16:11","date_gmt":"2017-06-05T14:16:11","guid":{"rendered":"http:\/\/blog.family-riders.de\/france-deux\/?page_id=11"},"modified":"2020-04-03T11:19:42","modified_gmt":"2020-04-03T09:19:42","slug":"p-01","status":"publish","type":"page","link":"https:\/\/bf-on-tour.de\/m-15\/p-01\/","title":{"rendered":"Anfahrt bis zur Schweiz"},"content":{"rendered":"<p>Ende August starten wir unsere Tour zum ersten Zielort, K\u00fcnzelsau. Warum gerade dort hin? Nun, letztes Jahr hatten wir auf der R\u00fcckfahrt vom Schwarzwald das sch\u00f6ne Jagsttal kennen gelernt und waren an der Heimat des G\u00f6tz von Berlichingen vorbei gekommen. Und in diesem Jahr sollten der Kocher und das obere Donautal dran kommen, wof\u00fcr K\u00fcnzelsau eben ein guter Startpunkt ist.<\/p>\n<figure id=\"attachment_39\" aria-describedby=\"caption-attachment-39\" style=\"width: 840px\" class=\"wp-caption aligncenter\"><a href=\"https:\/\/bf-on-tour.de\/france-deux\/wp-content\/uploads\/sites\/7\/2017\/06\/P01-02.jpg\" rel=\"lightbox[11]\"><img loading=\"lazy\" decoding=\"async\" class=\"wp-image-39 size-large\" src=\"https:\/\/bf-on-tour.de\/france-deux\/wp-content\/uploads\/sites\/7\/2017\/06\/P01-02-1024x768.jpg\" alt=\"\" width=\"840\" height=\"630\" srcset=\"https:\/\/bf-on-tour.de\/m-15\/wp-content\/uploads\/sites\/7\/2017\/06\/P01-02-1024x768.jpg 1024w, https:\/\/bf-on-tour.de\/m-15\/wp-content\/uploads\/sites\/7\/2017\/06\/P01-02-300x225.jpg 300w, https:\/\/bf-on-tour.de\/m-15\/wp-content\/uploads\/sites\/7\/2017\/06\/P01-02-768x576.jpg 768w, https:\/\/bf-on-tour.de\/m-15\/wp-content\/uploads\/sites\/7\/2017\/06\/P01-02.jpg 1200w\" sizes=\"auto, (max-width: 709px) 85vw, (max-width: 909px) 67vw, (max-width: 1362px) 62vw, 840px\" \/><\/a><figcaption id=\"caption-attachment-39\" class=\"wp-caption-text\">Im Kochertal<\/figcaption><\/figure>\n<p>Und wirklich: Das Kochertal begr\u00fc\u00dft uns mit herrlichem Wetter, beschaulicher Ruhe und so gut wie keinem Verkehr. Wir tr\u00f6deln durch die Landschaft, genie\u00dfen die kleinen St\u00e4dtchen am Wege und sind \u00fcberrascht von der Sch\u00f6nheit des oberen Donautals. Hier gibt es neben herrlichen Kurven sogar kleine Tunnel und interessante Felsformationen. Die Donau selbst ist eher weniger interessant, weil noch sehr, sehr jung und klein.<\/p>\n<figure id=\"attachment_41\" aria-describedby=\"caption-attachment-41\" style=\"width: 840px\" class=\"wp-caption aligncenter\"><a href=\"https:\/\/bf-on-tour.de\/france-deux\/wp-content\/uploads\/sites\/7\/2017\/06\/P01-04.jpg\" rel=\"lightbox[11]\"><img loading=\"lazy\" decoding=\"async\" class=\"wp-image-41 size-large\" src=\"https:\/\/bf-on-tour.de\/france-deux\/wp-content\/uploads\/sites\/7\/2017\/06\/P01-04-1024x502.jpg\" alt=\"\" width=\"840\" height=\"412\" srcset=\"https:\/\/bf-on-tour.de\/m-15\/wp-content\/uploads\/sites\/7\/2017\/06\/P01-04-1024x502.jpg 1024w, https:\/\/bf-on-tour.de\/m-15\/wp-content\/uploads\/sites\/7\/2017\/06\/P01-04-300x147.jpg 300w, https:\/\/bf-on-tour.de\/m-15\/wp-content\/uploads\/sites\/7\/2017\/06\/P01-04-768x376.jpg 768w, https:\/\/bf-on-tour.de\/m-15\/wp-content\/uploads\/sites\/7\/2017\/06\/P01-04.jpg 1200w\" sizes=\"auto, (max-width: 709px) 85vw, (max-width: 909px) 67vw, (max-width: 1362px) 62vw, 840px\" \/><\/a><figcaption id=\"caption-attachment-41\" class=\"wp-caption-text\">Oberes Donautal<\/figcaption><\/figure>\n<p>Leider finden wir am S\u00fcdrand des Schwarzwaldes kein Quartier und m\u00fcssen bis nach Weil am Rhein, also kurz vor Basel weiter fahren. Das Hotel <em>Ott\u2019s Leopoldsh\u00f6he<\/em>, in dem wir schlie\u00dflich bleiben, ist elegant und hat einen sch\u00f6nen Biergarten. Wir essen genussvoll zu Abend! Dummerweise liegt unser Zimmer genau gegen\u00fcber vom Bahnhof und hat keine Klimaanlage. Da es sehr hei\u00df ist und wir bei offenem Fenster schlafen m\u00fcssen, k\u00f6nnen wir nach ein paar Stunden vergeblicher Ruhesuche die Ansagen des Bahnhofslautsprechers selbst im Schlaf auswendig mitsprechen.<\/p>\n<p><a href=\"https:\/\/bf-on-tour.de\/m-15\"><img loading=\"lazy\" decoding=\"async\" class=\"alignleft wp-image-116\" src=\"https:\/\/bf-on-tour.de\/m-15\/wp-content\/uploads\/sites\/7\/2017\/06\/zur\u00fcck-1.png\" alt=\"\" width=\"50\" height=\"37\"><\/a><a href=\"https:\/\/bf-on-tour.de\/m-15\/p-02\"><img loading=\"lazy\" decoding=\"async\" class=\"alignright wp-image-115\" src=\"https:\/\/bf-on-tour.de\/m-15\/wp-content\/uploads\/sites\/7\/2017\/06\/weiter-2.png\" alt=\"\" width=\"50\" height=\"37\"><\/a><\/p>\n","protected":false},"excerpt":{"rendered":"<p>Ende August starten wir unsere Tour zum ersten Zielort, K\u00fcnzelsau. Warum gerade dort hin? Nun, letztes Jahr hatten wir auf der R\u00fcckfahrt vom Schwarzwald das sch\u00f6ne Jagsttal kennen gelernt und waren an der Heimat des G\u00f6tz von Berlichingen vorbei gekommen. Und in diesem Jahr sollten der Kocher und das obere Donautal dran kommen, wof\u00fcr K\u00fcnzelsau &hellip; <a href=\"https:\/\/bf-on-tour.de\/m-15\/p-01\/\" class=\"more-link\"><span class=\"screen-reader-text\">\u201eAnfahrt bis zur Schweiz\u201c <\/span>weiterlesen<\/a><\/p>\n","protected":false},"author":1,"featured_media":0,"parent":0,"menu_order":1,"comment_status":"open","ping_status":"closed","template":"","meta":{"footnotes":""},"class_list":["post-11","page","type-page","status-publish","hentry"],"_links":{"self":[{"href":"https:\/\/bf-on-tour.de\/m-15\/wp-json\/wp\/v2\/pages\/11","targetHints":{"allow":["GET"]}}],"collection":[{"href":"https:\/\/bf-on-tour.de\/m-15\/wp-json\/wp\/v2\/pages"}],"about":[{"href":"https:\/\/bf-on-tour.de\/m-15\/wp-json\/wp\/v2\/types\/page"}],"author":[{"embeddable":true,"href":"https:\/\/bf-on-tour.de\/m-15\/wp-json\/wp\/v2\/users\/1"}],"replies":[{"embeddable":true,"href":"https:\/\/bf-on-tour.de\/m-15\/wp-json\/wp\/v2\/comments?post=11"}],"version-history":[{"count":12,"href":"https:\/\/bf-on-tour.de\/m-15\/wp-json\/wp\/v2\/pages\/11\/revisions"}],"predecessor-version":[{"id":192,"href":"https:\/\/bf-on-tour.de\/m-15\/wp-json\/wp\/v2\/pages\/11\/revisions\/192"}],"wp:attachment":[{"href":"https:\/\/bf-on-tour.de\/m-15\/wp-json\/wp\/v2\/media?parent=11"}],"curies":[{"name":"wp","href":"https:\/\/api.w.org\/{rel}","templated":true}]}}

<p>Ende August starten wir unsere Tour zum ersten Zielort, Künzelsau. Warum gerade dort hin? Nun, letztes Jahr hatten wir auf der Rückfahrt vom Schwarzwald das schöne Jagsttal kennen gelernt und waren an der Heimat des Götz von Berlichingen vorbei gekommen. Und in diesem Jahr sollten der Kocher und das obere Donautal dran kommen, wofür Künzelsau eben ein guter Startpunkt ist.</p>
<figure id="attachment_39" aria-describedby="caption-attachment-39" style="width: 840px" class="wp-caption aligncenter"><a href="https://bf-on-tour.de/france-deux/wp-content/uploads/sites/7/2017/06/P01-02.jpg" rel="lightbox[11]"><img loading="lazy" decoding="async" class="wp-image-39 size-large" src="https://bf-on-tour.de/france-deux/wp-content/uploads/sites/7/2017/06/P01-02-1024x768.jpg" alt="" width="840" height="630" srcset="https://bf-on-tour.de/m-15/wp-content/uploads/sites/7/2017/06/P01-02-1024x768.jpg 1024w, https://bf-on-tour.de/m-15/wp-content/uploads/sites/7/2017/06/P01-02-300x225.jpg 300w, https://bf-on-tour.de/m-15/wp-content/uploads/sites/7/2017/06/P01-02-768x576.jpg 768w, https://bf-on-tour.de/m-15/wp-content/uploads/sites/7/2017/06/P01-02.jpg 1200w" sizes="auto, (max-width: 709px) 85vw, (max-width: 909px) 67vw, (max-width: 1362px) 62vw, 840px" /></a><figcaption id="caption-attachment-39" class="wp-caption-text">Im Kochertal</figcaption></figure>
<p>Und wirklich: Das Kochertal begrüßt uns mit herrlichem Wetter, beschaulicher Ruhe und so gut wie keinem Verkehr. Wir trödeln durch die Landschaft, genießen die kleinen Städtchen am Wege und sind überrascht von der Schönheit des oberen Donautals. Hier gibt es neben herrlichen Kurven sogar kleine Tunnel und interessante Felsformationen. Die Donau selbst ist eher weniger interessant, weil noch sehr, sehr jung und klein.</p>
<figure id="attachment_41" aria-describedby="caption-attachment-41" style="width: 840px" class="wp-caption aligncenter"><a href="https://bf-on-tour.de/france-deux/wp-content/uploads/sites/7/2017/06/P01-04.jpg" rel="lightbox[11]"><img loading="lazy" decoding="async" class="wp-image-41 size-large" src="https://bf-on-tour.de/france-deux/wp-content/uploads/sites/7/2017/06/P01-04-1024x502.jpg" alt="" width="840" height="412" srcset="https://bf-on-tour.de/m-15/wp-content/uploads/sites/7/2017/06/P01-04-1024x502.jpg 1024w, https://bf-on-tour.de/m-15/wp-content/uploads/sites/7/2017/06/P01-04-300x147.jpg 300w, https://bf-on-tour.de/m-15/wp-content/uploads/sites/7/2017/06/P01-04-768x376.jpg 768w, https://bf-on-tour.de/m-15/wp-content/uploads/sites/7/2017/06/P01-04.jpg 1200w" sizes="auto, (max-width: 709px) 85vw, (max-width: 909px) 67vw, (max-width: 1362px) 62vw, 840px" /></a><figcaption id="caption-attachment-41" class="wp-caption-text">Oberes Donautal</figcaption></figure>
<p>Leider finden wir am Südrand des Schwarzwaldes kein Quartier und müssen bis nach Weil am Rhein, also kurz vor Basel weiter fahren. Das Hotel <em>Ott’s Leopoldshöhe</em>, in dem wir schließlich bleiben, ist elegant und hat einen schönen Biergarten. Wir essen genussvoll zu Abend! Dummerweise liegt unser Zimmer genau gegenüber vom Bahnhof und hat keine Klimaanlage. Da es sehr heiß ist und wir bei offenem Fenster schlafen müssen, können wir nach ein paar Stunden vergeblicher Ruhesuche die Ansagen des Bahnhofslautsprechers selbst im Schlaf auswendig mitsprechen.</p>
<p><a href="https://bf-on-tour.de/m-15"><img loading="lazy" decoding="async" class="alignleft wp-image-116" src="https://bf-on-tour.de/m-15/wp-content/uploads/sites/7/2017/06/zurück-1.png" alt="" width="50" height="37"></a><a href="https://bf-on-tour.de/m-15/p-02"><img loading="lazy" decoding="async" class="alignright wp-image-115" src="https://bf-on-tour.de/m-15/wp-content/uploads/sites/7/2017/06/weiter-2.png" alt="" width="50" height="37"></a></p>

<p>Ende August starten wir unsere Tour zum ersten Zielort, Künzelsau. Warum gerade dort hin? Nun, letztes Jahr hatten wir auf der Rückfahrt vom Schwarzwald das schöne Jagsttal kennen gelernt und waren an der Heimat des Götz von Berlichingen vorbei gekommen. Und in diesem Jahr sollten der Kocher und das obere Donautal dran kommen, wofür Künzelsau &hellip; <a href="https://bf-on-tour.de/m-15/p-01/" class="more-link"><span class="screen-reader-text">„Anfahrt bis zur Schweiz“ </span>weiterlesen</a></p>
