{"id":79,"date":"2017-01-06T11:24:01","date_gmt":"2017-01-06T10:24:01","guid":{"rendered":"http:\/\/blog.family-riders.de\/france-un\/?page_id=79"},"modified":"2021-02-26T17:38:59","modified_gmt":"2021-02-26T16:38:59","slug":"p-09","status":"publish","type":"page","link":"https:\/\/bf-on-tour.de\/m-13\/p-09\/","title":{"rendered":"Lo Rastelie, Mont Ventoux und Gorges de la Nesque"},"content":{"rendered":"<figure id=\"attachment_216\" aria-describedby=\"caption-attachment-216\" style=\"width: 840px\" class=\"wp-caption aligncenter\"><a href=\"https:\/\/bf-on-tour.de\/m-13\/wp-content\/uploads\/sites\/4\/2017\/01\/P09-01.jpg\" rel=\"lightbox[79]\"><img loading=\"lazy\" decoding=\"async\" class=\"wp-image-216 size-large\" src=\"https:\/\/bf-on-tour.de\/m-13\/wp-content\/uploads\/sites\/4\/2017\/01\/P09-01-1024x768.jpg\" alt=\"\" width=\"840\" height=\"630\" srcset=\"https:\/\/bf-on-tour.de\/m-13\/wp-content\/uploads\/sites\/4\/2017\/01\/P09-01-1024x768.jpg 1024w, https:\/\/bf-on-tour.de\/m-13\/wp-content\/uploads\/sites\/4\/2017\/01\/P09-01-300x225.jpg 300w, https:\/\/bf-on-tour.de\/m-13\/wp-content\/uploads\/sites\/4\/2017\/01\/P09-01-768x576.jpg 768w, https:\/\/bf-on-tour.de\/m-13\/wp-content\/uploads\/sites\/4\/2017\/01\/P09-01-1200x900.jpg 1200w, https:\/\/bf-on-tour.de\/m-13\/wp-content\/uploads\/sites\/4\/2017\/01\/P09-01.jpg 1600w\" sizes=\"auto, (max-width: 709px) 85vw, (max-width: 909px) 67vw, (max-width: 1362px) 62vw, 840px\" \/><\/a><figcaption id=\"caption-attachment-216\" class=\"wp-caption-text\">Lo Rasteli\u00e9<\/figcaption><\/figure>\n<p style=\"text-align: justify;\">Zwei Tage wollen wir in <em>Suze la Rousse<\/em> bleiben. Eine kleine Ferienwohnung bei Jean-Marc Premier, dem Patron der G\u00eeite <em>Lo Rasteli\u00e9<\/em>, macht es uns m\u00f6glich. Fr\u00fchst\u00fcck bekommen wir, f\u00fcr den Rest sind wir selbst zust\u00e4ndig. Und genau das ist so eine Sache: Der n\u00e4chste Supermarkt ist in <em>Boll\u00e8ne<\/em>, rund 13 Kilometer entfernt, und unsere M\u00f6glichkeiten, Einkaufst\u00fcten und leckere, aber lange Baguettes zu transportieren, sind stark eingeschr\u00e4nkt. Nun, wir wissen uns zu helfen&#8230;<\/p>\n<figure id=\"attachment_217\" aria-describedby=\"caption-attachment-217\" style=\"width: 840px\" class=\"wp-caption aligncenter\"><a href=\"https:\/\/bf-on-tour.de\/m-13\/wp-content\/uploads\/sites\/4\/2017\/01\/P09-02.jpg\" rel=\"lightbox[79]\"><img loading=\"lazy\" decoding=\"async\" class=\"wp-image-217 size-large\" src=\"https:\/\/bf-on-tour.de\/m-13\/wp-content\/uploads\/sites\/4\/2017\/01\/P09-02-1024x765.jpg\" alt=\"\" width=\"840\" height=\"628\" srcset=\"https:\/\/bf-on-tour.de\/m-13\/wp-content\/uploads\/sites\/4\/2017\/01\/P09-02-1024x765.jpg 1024w, https:\/\/bf-on-tour.de\/m-13\/wp-content\/uploads\/sites\/4\/2017\/01\/P09-02-300x224.jpg 300w, https:\/\/bf-on-tour.de\/m-13\/wp-content\/uploads\/sites\/4\/2017\/01\/P09-02-768x574.jpg 768w, https:\/\/bf-on-tour.de\/m-13\/wp-content\/uploads\/sites\/4\/2017\/01\/P09-02-1200x896.jpg 1200w, https:\/\/bf-on-tour.de\/m-13\/wp-content\/uploads\/sites\/4\/2017\/01\/P09-02.jpg 1600w\" sizes=\"auto, (max-width: 709px) 85vw, (max-width: 909px) 67vw, (max-width: 1362px) 62vw, 840px\" \/><\/a><figcaption id=\"caption-attachment-217\" class=\"wp-caption-text\">Auf dem Mont Ventoux<\/figcaption><\/figure>\n<p style=\"text-align: justify;\">Heute soll es zum <em>Mont Ventoux<\/em> gehen, dem kahlen 2.000er, der so markant aus der Riege der ihn umgebenden Mittelgebirgsberge herausragt und der auf jeden Radfahrer hier in der Gegend eine magische Anziehungskraft aus\u00fcbt. Die Auffahrt ist trotz der vielen Radfahrer und trotz diverser Wohnmobile eine wahre Freude. Gute Stra\u00dfen, griffiger Belag \u2013 heute ist kein Rodeo angesagt, sondern ein flotter Ritt. Oben ist es kalt und proppen-voll. Man dr\u00e4ngelt sich.<\/p>\n<figure id=\"attachment_218\" aria-describedby=\"caption-attachment-218\" style=\"width: 840px\" class=\"wp-caption aligncenter\"><a href=\"https:\/\/bf-on-tour.de\/m-13\/wp-content\/uploads\/sites\/4\/2017\/01\/P09-03.jpg\" rel=\"lightbox[79]\"><img loading=\"lazy\" decoding=\"async\" class=\"wp-image-218 size-large\" src=\"https:\/\/bf-on-tour.de\/m-13\/wp-content\/uploads\/sites\/4\/2017\/01\/P09-03-1024x978.jpg\" alt=\"\" width=\"840\" height=\"802\" srcset=\"https:\/\/bf-on-tour.de\/m-13\/wp-content\/uploads\/sites\/4\/2017\/01\/P09-03-1024x978.jpg 1024w, https:\/\/bf-on-tour.de\/m-13\/wp-content\/uploads\/sites\/4\/2017\/01\/P09-03-300x287.jpg 300w, https:\/\/bf-on-tour.de\/m-13\/wp-content\/uploads\/sites\/4\/2017\/01\/P09-03-768x733.jpg 768w, https:\/\/bf-on-tour.de\/m-13\/wp-content\/uploads\/sites\/4\/2017\/01\/P09-03.jpg 1200w\" sizes=\"auto, (max-width: 709px) 85vw, (max-width: 909px) 67vw, (max-width: 1362px) 62vw, 840px\" \/><\/a><figcaption id=\"caption-attachment-218\" class=\"wp-caption-text\">Vater &amp; Sohn<\/figcaption><\/figure>\n<p style=\"text-align: justify;\">Kaum ein Foto, ohne dass jemand durch\u2019s Bild rennt. Buden mit Wurst und K\u00e4se aus der Region wetteifern mit Souvenirl\u00e4den. Nach etwa 20 Minuten fahren wir wieder. Runter von diesem merkw\u00fcrdigen Berg. Runter zu den Lavendelfeldern, die auch hier wieder viel eher zu riechen sind, als zu sehen. Dann biegen wir ab in die <em>Gorges de la Nesque<\/em>.<\/p>\n<figure id=\"attachment_220\" aria-describedby=\"caption-attachment-220\" style=\"width: 840px\" class=\"wp-caption aligncenter\"><a href=\"https:\/\/bf-on-tour.de\/m-13\/wp-content\/uploads\/sites\/4\/2017\/01\/P09-05.jpg\" rel=\"lightbox[79]\"><img loading=\"lazy\" decoding=\"async\" class=\"wp-image-220 size-large\" src=\"https:\/\/bf-on-tour.de\/m-13\/wp-content\/uploads\/sites\/4\/2017\/01\/P09-05-1024x768.jpg\" alt=\"\" width=\"840\" height=\"630\" srcset=\"https:\/\/bf-on-tour.de\/m-13\/wp-content\/uploads\/sites\/4\/2017\/01\/P09-05-1024x768.jpg 1024w, https:\/\/bf-on-tour.de\/m-13\/wp-content\/uploads\/sites\/4\/2017\/01\/P09-05-300x225.jpg 300w, https:\/\/bf-on-tour.de\/m-13\/wp-content\/uploads\/sites\/4\/2017\/01\/P09-05-768x576.jpg 768w, https:\/\/bf-on-tour.de\/m-13\/wp-content\/uploads\/sites\/4\/2017\/01\/P09-05-1200x900.jpg 1200w, https:\/\/bf-on-tour.de\/m-13\/wp-content\/uploads\/sites\/4\/2017\/01\/P09-05.jpg 1600w\" sizes=\"auto, (max-width: 709px) 85vw, (max-width: 909px) 67vw, (max-width: 1362px) 62vw, 840px\" \/><\/a><figcaption id=\"caption-attachment-220\" class=\"wp-caption-text\">Gorges de la Nesque<\/figcaption><\/figure>\n<p style=\"text-align: justify;\">Das ist wieder einmal ein feines Tal. Sicher nicht so spektakul\u00e4r wie die <em>Gorges du Verdon<\/em> was Tiefe und Enge angeht, aber absolut sehenswert. Wunderbare Aussichtspunkte und eine erheblich gr\u00f6\u00dfere N\u00e4he zwischen Tal und Stra\u00dfe als dort. Wir sind einfach mehr \u201emitten drin\u201c in der Landschaft und genie\u00dfen das sehr.<\/p>\n<p style=\"text-align: justify;\">Nach rund 30 Kilometern endet das Tal und wir kommen wieder in bewohntes Gebiet. Eine Cola im Bistro auf dem kleinen Marktplatz von <em>Villes sur Auzon<\/em> erfrischt uns \u2013 leider gibt es hier nichts zu essen&#8230; Da m\u00fcssen wir eben warten, bis wir wieder zu Hause sind. In <em>Suze la Rousse<\/em> wird es ja wohl ein Lokal geben.<\/p>\n<figure id=\"attachment_219\" aria-describedby=\"caption-attachment-219\" style=\"width: 840px\" class=\"wp-caption aligncenter\"><a href=\"https:\/\/bf-on-tour.de\/m-13\/wp-content\/uploads\/sites\/4\/2017\/01\/P09-04.jpg\" rel=\"lightbox[79]\"><img loading=\"lazy\" decoding=\"async\" class=\"wp-image-219 size-large\" src=\"https:\/\/bf-on-tour.de\/m-13\/wp-content\/uploads\/sites\/4\/2017\/01\/P09-04-1024x519.jpg\" width=\"840\" height=\"426\" srcset=\"https:\/\/bf-on-tour.de\/m-13\/wp-content\/uploads\/sites\/4\/2017\/01\/P09-04-1024x519.jpg 1024w, https:\/\/bf-on-tour.de\/m-13\/wp-content\/uploads\/sites\/4\/2017\/01\/P09-04-300x152.jpg 300w, https:\/\/bf-on-tour.de\/m-13\/wp-content\/uploads\/sites\/4\/2017\/01\/P09-04-768x389.jpg 768w, https:\/\/bf-on-tour.de\/m-13\/wp-content\/uploads\/sites\/4\/2017\/01\/P09-04-1200x608.jpg 1200w, https:\/\/bf-on-tour.de\/m-13\/wp-content\/uploads\/sites\/4\/2017\/01\/P09-04.jpg 1600w\" sizes=\"auto, (max-width: 709px) 85vw, (max-width: 909px) 67vw, (max-width: 1362px) 62vw, 840px\" \/><\/a><figcaption id=\"caption-attachment-219\" class=\"wp-caption-text\">Endlos Lavendel<\/figcaption><\/figure>\n<p style=\"text-align: justify;\">Aber weit gefehlt: Das einzige Restaurant, mitten im Ort, hat keinen Parkplatz f\u00fcr uns, der Imbiss am Campingplatz geschlossen. Im Chalet der Weinakademie gibt es auch nichts und selbst eine Fahrt in den Nachbarort <em>Rochegude<\/em> bleibt erfolglos. Um die fr\u00fche Nachmittagszeit ist hier \u00fcberall der Hund begraben. Wir fahren nach <em>Boll\u00e8ne,<\/em>\u00a0verspeisen in einer allbekannten Fast-Food-Filiale einen Big Mac und decken uns mit Verpflegung ein. Ein Problem bereiten uns allerdings wieder die frischen Baguettes: Sie sind einfach zu lang, um sie zu verpacken&#8230;<\/p>\n<figure id=\"attachment_221\" aria-describedby=\"caption-attachment-221\" style=\"width: 840px\" class=\"wp-caption aligncenter\"><a href=\"https:\/\/bf-on-tour.de\/m-13\/wp-content\/uploads\/sites\/4\/2017\/01\/P09-06.jpg\" rel=\"lightbox[79]\"><img loading=\"lazy\" decoding=\"async\" class=\"wp-image-221 size-large\" src=\"https:\/\/bf-on-tour.de\/m-13\/wp-content\/uploads\/sites\/4\/2017\/01\/P09-06-1024x765.jpg\" alt=\"\" width=\"840\" height=\"628\" srcset=\"https:\/\/bf-on-tour.de\/m-13\/wp-content\/uploads\/sites\/4\/2017\/01\/P09-06-1024x765.jpg 1024w, https:\/\/bf-on-tour.de\/m-13\/wp-content\/uploads\/sites\/4\/2017\/01\/P09-06-300x224.jpg 300w, https:\/\/bf-on-tour.de\/m-13\/wp-content\/uploads\/sites\/4\/2017\/01\/P09-06-768x574.jpg 768w, https:\/\/bf-on-tour.de\/m-13\/wp-content\/uploads\/sites\/4\/2017\/01\/P09-06-1200x896.jpg 1200w, https:\/\/bf-on-tour.de\/m-13\/wp-content\/uploads\/sites\/4\/2017\/01\/P09-06.jpg 1600w\" sizes=\"auto, (max-width: 709px) 85vw, (max-width: 909px) 67vw, (max-width: 1362px) 62vw, 840px\" \/><\/a><figcaption id=\"caption-attachment-221\" class=\"wp-caption-text\">&#8230;man wei\u00df sich zu helfen!<\/figcaption><\/figure>\n<p style=\"text-align: justify;\">Zu Hause werden die schmutzigen Sachen gewaschen, denn zum Appartement geh\u00f6rt auch eine Waschmaschine. Sehr praktisch! Inzwischen ist es schw\u00fcl geworden und gegen Abend ziehen dunkle Wolken am Horizont auf. Patron Jean-Marc hatte uns versichert, dass diese Wolken v\u00f6llig harmlos seien. Es regne hier im Sommer praktisch nie. Neun Monate ohne einen Tropfen w\u00e4ren durchaus keine Seltenheit. Und wenn mal ein kleiner Schauer k\u00e4me \u2013 nun, dass k\u00f6nne man wirklich nicht als Regen bezeichnen. Na, dann sind die Wolken wohl nur eine ferne Wetterlaune und wir k\u00f6nnen f\u00fcr morgen die Tour an die <em>Ard\u00e8che<\/em> planen.<\/p>\n<p style=\"text-align: justify;\">Zun\u00e4chst aber machen wir es uns auf der Terrasse im Liegestuhl gem\u00fctlich, lauschen den Grillen und Zikaden und beobachten die im Dunkeln an uns vorbeihuschenden Flederm\u00e4use. Dass ab und an am Horizont geblitzt wird, st\u00f6rt uns nicht. Die neun Monate seit dem letzten Regen sind noch nicht um.<\/p>\n<p style=\"text-align: justify;\">In der Nacht blitzt es h\u00e4ufiger und auch Donner ist zu h\u00f6ren \u2013 aber das ist ja alles weit weit weg. Neun Monate&#8230;<\/p>\n<figure id=\"attachment_222\" aria-describedby=\"caption-attachment-222\" style=\"width: 555px\" class=\"wp-caption aligncenter\"><a href=\"https:\/\/bf-on-tour.de\/m-13\/wp-content\/uploads\/sites\/4\/2017\/01\/P09-07.jpg\" rel=\"lightbox[79]\"><img loading=\"lazy\" decoding=\"async\" class=\"wp-image-222 size-full\" src=\"https:\/\/bf-on-tour.de\/m-13\/wp-content\/uploads\/sites\/4\/2017\/01\/P09-07.jpg\" alt=\"\" width=\"555\" height=\"900\" srcset=\"https:\/\/bf-on-tour.de\/m-13\/wp-content\/uploads\/sites\/4\/2017\/01\/P09-07.jpg 555w, https:\/\/bf-on-tour.de\/m-13\/wp-content\/uploads\/sites\/4\/2017\/01\/P09-07-185x300.jpg 185w\" sizes=\"auto, (max-width: 555px) 85vw, 555px\" \/><\/a><figcaption id=\"caption-attachment-222\" class=\"wp-caption-text\">Huhn (im Baum) wenn&#8217;s donnert<\/figcaption><\/figure>\n<p style=\"text-align: justify;\">Kurz vor dem Aufstehen saust Dennis aus dem Bett, rauscht auf die Terrasse und kommt mit unserem W\u00e4schest\u00e4nder wieder rein. Drau\u00dfen sch\u00fcttet es wie aus K\u00fcbeln. Blitz und Donner geben sich die Hand und pl\u00f6tzlich wird es richtig laut: Eigro\u00dfe Hagelk\u00f6rner sausen aus den Wolken herab und bedecken in kurzer Zeit alles, was nicht abgedeckt ist. Ich fege immer mal das Wasser aus unserem K\u00fccheneingang die Treppe von der\u00a0Terrasse hinab und frage mich, ob die Hagelk\u00f6rner wohl unsere Maschinen zerbeult haben.<\/p>\n<p style=\"text-align: justify;\">Bis zum Mittag bleibt diese Frage unbeantwortet, denn die neun Monate scheinen doch pl\u00f6tzlich um zu sein. Es h\u00f6rt gar nicht auf zu regnen. Dann, in einer kleinen Gewitterverschnaufpause huschen wir schnell zu den Maschinen. Gl\u00fccklicherweise ist nichts zerbeult. Aber an unsere Tour zur <em>Ard\u00e8che<\/em> ist gar nicht zu denken.<\/p>\n<p style=\"text-align: justify;\">Was macht man an so einem Tag? Man liest. Dennis kann abends den Reisef\u00fchrer von Frankreich auswendig und ich habe auch ein ganzes Buch durchgelesen. Wie gut, dass wir gestern noch genug eingekauft haben. Da m\u00fcssen wir in dem Regen\u00a0nicht auch noch deswegen los.<\/p>\n<p style=\"text-align: justify;\">In der Nacht hat sich das Wetter etwas beruhigt. Das Gewitterspektakel hat aufgeh\u00f6rt, aber es ist empfindlich kalt geworden. Tief h\u00e4ngende Wolken lassen auf keine gem\u00fctliche Tour durch die Mittelgebirge hoffen.<\/p>\n<p style=\"text-align: justify;\">Jean-Marc spricht nicht mehr von den neun Monaten Trockenzeit sondern von seinen Nachbarn, denen es durch die Hagelk\u00f6rner fast alle Bl\u00e4tter von den Weinreben gefetzt hat &#8211; er\u00a0w\u00fcnscht uns eine gute Heimfahrt.<\/p>\n<p><a href=\"https:\/\/bf-on-tour.de\/m-13\/p-08\/\"><img loading=\"lazy\" decoding=\"async\" class=\"alignleft wp-image-345\" src=\"https:\/\/bf-on-tour.de\/m-13\/wp-content\/uploads\/sites\/4\/2017\/06\/zur\u00fcck.png\" alt=\"\" width=\"50\" height=\"37\" \/><\/a> <a href=\"https:\/\/bf-on-tour.de\/m-13\/p-10\/\"><img loading=\"lazy\" decoding=\"async\" class=\"alignright wp-image-344\" src=\"https:\/\/bf-on-tour.de\/m-13\/wp-content\/uploads\/sites\/4\/2017\/06\/weiter.png\" alt=\"\" width=\"50\" height=\"37\" \/><\/a><\/p>\n","protected":false},"excerpt":{"rendered":"<p>Zwei Tage wollen wir in Suze la Rousse bleiben. Eine kleine Ferienwohnung bei Jean-Marc Premier, dem Patron der G\u00eeite Lo Rasteli\u00e9, macht es uns m\u00f6glich. Fr\u00fchst\u00fcck bekommen wir, f\u00fcr den Rest sind wir selbst zust\u00e4ndig. Und genau das ist so eine Sache: Der n\u00e4chste Supermarkt ist in Boll\u00e8ne, rund 13 Kilometer entfernt, und unsere M\u00f6glichkeiten, &hellip; <a href=\"https:\/\/bf-on-tour.de\/m-13\/p-09\/\" class=\"more-link\"><span class=\"screen-reader-text\">\u201eLo Rastelie, Mont Ventoux und Gorges de la Nesque\u201c <\/span>weiterlesen<\/a><\/p>\n","protected":false},"author":1,"featured_media":0,"parent":0,"menu_order":9,"comment_status":"open","ping_status":"closed","template":"","meta":{"footnotes":""},"class_list":["post-79","page","type-page","status-publish","hentry"],"_links":{"self":[{"href":"https:\/\/bf-on-tour.de\/m-13\/wp-json\/wp\/v2\/pages\/79","targetHints":{"allow":["GET"]}}],"collection":[{"href":"https:\/\/bf-on-tour.de\/m-13\/wp-json\/wp\/v2\/pages"}],"about":[{"href":"https:\/\/bf-on-tour.de\/m-13\/wp-json\/wp\/v2\/types\/page"}],"author":[{"embeddable":true,"href":"https:\/\/bf-on-tour.de\/m-13\/wp-json\/wp\/v2\/users\/1"}],"replies":[{"embeddable":true,"href":"https:\/\/bf-on-tour.de\/m-13\/wp-json\/wp\/v2\/comments?post=79"}],"version-history":[{"count":15,"href":"https:\/\/bf-on-tour.de\/m-13\/wp-json\/wp\/v2\/pages\/79\/revisions"}],"predecessor-version":[{"id":456,"href":"https:\/\/bf-on-tour.de\/m-13\/wp-json\/wp\/v2\/pages\/79\/revisions\/456"}],"wp:attachment":[{"href":"https:\/\/bf-on-tour.de\/m-13\/wp-json\/wp\/v2\/media?parent=79"}],"curies":[{"name":"wp","href":"https:\/\/api.w.org\/{rel}","templated":true}]}}