{"id":282,"date":"2016-08-12T12:11:17","date_gmt":"2016-08-12T10:11:17","guid":{"rendered":"http:\/\/blog.family-riders.de\/gibraltar\/?page_id=282"},"modified":"2021-02-26T17:33:16","modified_gmt":"2021-02-26T16:33:16","slug":"p-14","status":"publish","type":"page","link":"https:\/\/bf-on-tour.de\/m-10\/p-14\/","title":{"rendered":"Gibraltar"},"content":{"rendered":"<p style=\"text-align: justify;\">Afrika ist heute leider wieder verschwunden, weil es sehr diesig ist. Wir machen uns also auf den Weg nach\u00a0<em>Gibraltar<\/em>\u00a0und fahren zun\u00e4chst einmal nach\u00a0<em>Tarifa<\/em>. Hier lohnt es sich, ein wenig zu verweilen, denn die Stadt ist sch\u00f6n angelegt und mit ihren engen Gassen wirklich sehenswert. Anschlie\u00dfend geht es weiter um die\u00a0<em>Bucht von Algeciras<\/em>\u00a0herum, die uns mit hartem Seitenwind, allerlei Sonntagsverkehr und recht vielen Ausblicken auf Industrieanlagen begl\u00fcckt. Von\u00a0<em>Gibraltar<\/em>\u00a0ist so viel\u00a0 zu sehen wie von Afrika: Nichts!<\/p>\n<figure id=\"attachment_284\" aria-describedby=\"caption-attachment-284\" style=\"width: 800px\" class=\"wp-caption aligncenter\"><a href=\"https:\/\/bf-on-tour.de\/m-10\/wp-content\/uploads\/sites\/3\/2016\/08\/Beitrag-15.00.jpg\" rel=\"lightbox[282]\"><img loading=\"lazy\" decoding=\"async\" class=\"wp-image-284 size-full\" src=\"https:\/\/bf-on-tour.de\/m-10\/wp-content\/uploads\/sites\/3\/2016\/08\/Beitrag-15.00.jpg\" alt=\"Beitrag 15.00\" width=\"800\" height=\"436\" srcset=\"https:\/\/bf-on-tour.de\/m-10\/wp-content\/uploads\/sites\/3\/2016\/08\/Beitrag-15.00.jpg 800w, https:\/\/bf-on-tour.de\/m-10\/wp-content\/uploads\/sites\/3\/2016\/08\/Beitrag-15.00-150x82.jpg 150w, https:\/\/bf-on-tour.de\/m-10\/wp-content\/uploads\/sites\/3\/2016\/08\/Beitrag-15.00-300x164.jpg 300w\" sizes=\"auto, (max-width: 800px) 85vw, 800px\" \/><\/a><figcaption id=\"caption-attachment-284\" class=\"wp-caption-text\">Tarifa, Stadttor<\/figcaption><\/figure>\n<p style=\"text-align: justify;\">Erst als wir\u00a0<em>La L\u00ednea de la Concepti\u00f3n<\/em>\u00a0erreicht haben, taucht aus dem Dunst schemenhaft der hei\u00df ersehnte Felsen auf. Jetzt noch schnell \u00fcber die Grenze und dann wir haben es geschafft!<\/p>\n<p style=\"text-align: justify;\">Aber mit \u201eschnell\u201c wird es nichts. F\u00fcr die \u201eUntertanen Ihrer Majest\u00e4t\u201c gibt es eine eigene Spur \u00fcber die Grenze, aber da wir das ja nicht sind, werden wir von einer freundlich aber streng aussehenden Z\u00f6llnerin gen\u00f6tigt, mitten in Europa tats\u00e4chlich unsere Papiere vorzeigen. Na sch\u00f6n, dann soll es halt so sein: Helm ab, Handschuhe ausziehen, Jacke aufkn\u00f6pfen, Rei\u00dfverschluss \u00f6ffnen, Innentasche \u00f6ffnen, Brieftasche herausholen, Ausweis entnehmen und der netten Dame aush\u00e4ndigen. Die wirft kaum einen Blick auf das Dokument und gibt es mir wieder zur\u00fcck. Dann das Ganze r\u00fcckw\u00e4rts. Die Autofahrer hinter uns werden langsam ungeduldig. Ich rolle \u00fcber die Grenze und schaue in den R\u00fcckspiegel. Hendrik ist dran: Helm ab, Handschuhe ausziehen, und so weiter und so weiter. Ich lache mich innerlich kaputt. Wer Zirkus haben will, der bekommt ihn eben \u2013 selbst bei fast 40\u00b0C.<\/p>\n<figure id=\"attachment_287\" aria-describedby=\"caption-attachment-287\" style=\"width: 800px\" class=\"wp-caption aligncenter\"><a href=\"https:\/\/bf-on-tour.de\/m-10\/wp-content\/uploads\/sites\/3\/2016\/08\/Beitrag-15.03.jpg\" rel=\"lightbox[282]\"><img loading=\"lazy\" decoding=\"async\" class=\"wp-image-287 size-full\" src=\"https:\/\/bf-on-tour.de\/m-10\/wp-content\/uploads\/sites\/3\/2016\/08\/Beitrag-15.03.jpg\" alt=\"Beitrag 15.03\" width=\"800\" height=\"600\" srcset=\"https:\/\/bf-on-tour.de\/m-10\/wp-content\/uploads\/sites\/3\/2016\/08\/Beitrag-15.03.jpg 800w, https:\/\/bf-on-tour.de\/m-10\/wp-content\/uploads\/sites\/3\/2016\/08\/Beitrag-15.03-150x113.jpg 150w, https:\/\/bf-on-tour.de\/m-10\/wp-content\/uploads\/sites\/3\/2016\/08\/Beitrag-15.03-300x225.jpg 300w\" sizes=\"auto, (max-width: 800px) 85vw, 800px\" \/><\/a><figcaption id=\"caption-attachment-287\" class=\"wp-caption-text\">Geschafft! Weiter s\u00fcdlich geht&#8217;s nicht!<\/figcaption><\/figure>\n<p style=\"text-align: justify;\"><em>Gibraltar<\/em>\u00a0selbst ist zwar recht nett, mehr aber auch nicht. Auf einem Parkplatz mit Ausblick auf die im Dunst kaum erkennbare\u00a0<em>Bucht von Algeciras<\/em>\u00a0kommt ein Polizist auf uns zu und fragt nach dem Woher und Wohin. Wir berichten, dass wir nicht so ganz einig sind, ob wir noch auf den Felsen hinauffahren sollen oder ob wir es lassen. Er empfiehlt uns \u2013 zumal der heute mangelnden Aussicht wegen \u2013 lieber nach\u00a0<em>Ronda<\/em>\u00a0in die Berge zu fahren. Er mache das mindestens einmal pro Woche\u00a0 und es sei allemal besser als zu den Affen hinaufzufahren.<\/p>\n<p style=\"text-align: justify;\"><a href=\"https:\/\/bf-on-tour.de\/m-10\/wp-content\/uploads\/sites\/3\/2016\/08\/Beitrag-15.02.jpg\" rel=\"lightbox[282]\"><img loading=\"lazy\" decoding=\"async\" class=\"size-full wp-image-286 aligncenter\" src=\"https:\/\/bf-on-tour.de\/m-10\/wp-content\/uploads\/sites\/3\/2016\/08\/Beitrag-15.02.jpg\" alt=\"Beitrag 15.02\" width=\"800\" height=\"476\" srcset=\"https:\/\/bf-on-tour.de\/m-10\/wp-content\/uploads\/sites\/3\/2016\/08\/Beitrag-15.02.jpg 800w, https:\/\/bf-on-tour.de\/m-10\/wp-content\/uploads\/sites\/3\/2016\/08\/Beitrag-15.02-150x89.jpg 150w, https:\/\/bf-on-tour.de\/m-10\/wp-content\/uploads\/sites\/3\/2016\/08\/Beitrag-15.02-300x179.jpg 300w\" sizes=\"auto, (max-width: 800px) 85vw, 800px\" \/><\/a><\/p>\n<p style=\"text-align: justify;\">Nun, so richtig begeistert sind wir tats\u00e4chlich beide nicht als wir nach ein wenig Hin- und Herfahren am\u00a0<em>Europapunkt<\/em>\u00a0angekommen sind. Hier wird gerade gebaut und es sind mehr Bauz\u00e4une als Sehensw\u00fcrdigkeiten um uns herum. So schauen wir uns ein wenig hilflos nach allen Seiten um und kommen mit einer Reihe von Bikern, die vom \u201eMoto Clube Faro\u201c sind, ins Gespr\u00e4ch. Sie zeigen sich sehr zufrieden \u00fcber unseren Plan, wieder zur\u00fcck in die Berge zu fahren und begleiten uns \u2013 quasi als Eskorte \u2013 bis zu einem Souvenirladen kurz vor der Grenze. Wenn wir schon mal hier sind, dann muss auch ein Patch oder ein Aufkleber f\u00fcr den Koffer erstanden werden. Aber dann geht es tats\u00e4chlich rasch retour nach Spanien und ab in die Berge nach\u00a0<em>Ronda<\/em>.<\/p>\n<p style=\"text-align: justify;\"><a href=\"https:\/\/bf-on-tour.de\/m-10\/wp-content\/uploads\/sites\/3\/2016\/08\/Beitrag-15.04.jpg\" rel=\"lightbox[282]\"><img loading=\"lazy\" decoding=\"async\" class=\"size-full wp-image-288 aligncenter\" src=\"https:\/\/bf-on-tour.de\/m-10\/wp-content\/uploads\/sites\/3\/2016\/08\/Beitrag-15.04.jpg\" alt=\"Beitrag 15.04\" width=\"800\" height=\"447\" srcset=\"https:\/\/bf-on-tour.de\/m-10\/wp-content\/uploads\/sites\/3\/2016\/08\/Beitrag-15.04.jpg 800w, https:\/\/bf-on-tour.de\/m-10\/wp-content\/uploads\/sites\/3\/2016\/08\/Beitrag-15.04-150x84.jpg 150w, https:\/\/bf-on-tour.de\/m-10\/wp-content\/uploads\/sites\/3\/2016\/08\/Beitrag-15.04-300x168.jpg 300w\" sizes=\"auto, (max-width: 800px) 85vw, 800px\" \/><\/a><\/p>\n<p style=\"text-align: justify;\">Und wie recht der Polizist hatte! Hier in der\u00a0<em>Serrania de Ronda<\/em>\u00a0er\u00f6ffnet sich auf der N369 eine phantastische Kulisse aus grauen und gr\u00fcnen Bergriesen, tiefen T\u00e4lern, weiten Aussichten und kurvigen Stra\u00dfen bester Qualit\u00e4t. Diese Route d\u00fcrfte \u2013 wenn es nach uns ginge \u2013 gar kein Ende nehmen.\u00a0<em>Ronda<\/em>\u00a0k\u00f6nnte gut und gern 300 Kilometer entfernt sein und bleiben.<\/p>\n<p style=\"text-align: justify;\">Tut es aber nat\u00fcrlich nicht und wir entscheiden uns, dort in einer gepflegten Pension direkt gegen\u00fcber vom Bahnhof zu \u00fcbernachten. Als sich der Hunger meldet, suchen wir das Bahnhofsrestaurant auf, da es dort eine Reihe von Tischen vor dem Haus gibt, von denen aus man das Geschehen in der Stadt sch\u00f6n beobachten kann. Kaum haben wir einen Platz ergattert, wird es richtig voll und wir f\u00fchlen uns zum ersten Mal mitten in Spanien angekommen: Hier geht man stolz und aufrecht, strahlt Selbstbewusstsein aus. Die Herren ganz Kavalier, die Damen mit F\u00e4cher&#8230;<\/p>\n<p><a href=\"https:\/\/bf-on-tour.de\/m-10\/p-13\"><img loading=\"lazy\" decoding=\"async\" class=\"alignleft wp-image-333\" src=\"https:\/\/bf-on-tour.de\/m-10\/wp-content\/uploads\/sites\/3\/2017\/06\/zur\u00fcck.png\" alt=\"\" width=\"50\" height=\"37\" \/><\/a> <a href=\"https:\/\/bf-on-tour.de\/m-10\/p-15\"><img loading=\"lazy\" decoding=\"async\" class=\"alignright wp-image-332\" src=\"https:\/\/bf-on-tour.de\/m-10\/wp-content\/uploads\/sites\/3\/2017\/06\/weiter.png\" alt=\"\" width=\"50\" height=\"37\" \/><\/a><\/p>\n","protected":false},"excerpt":{"rendered":"<p>Afrika ist heute leider wieder verschwunden, weil es sehr diesig ist. Wir machen uns also auf den Weg nach\u00a0Gibraltar\u00a0und fahren zun\u00e4chst einmal nach\u00a0Tarifa. Hier lohnt es sich, ein wenig zu verweilen, denn die Stadt ist sch\u00f6n angelegt und mit ihren engen Gassen wirklich sehenswert. Anschlie\u00dfend geht es weiter um die\u00a0Bucht von Algeciras\u00a0herum, die uns mit &hellip; <a href=\"https:\/\/bf-on-tour.de\/m-10\/p-14\/\" class=\"more-link\"><span class=\"screen-reader-text\">\u201eGibraltar\u201c <\/span>weiterlesen<\/a><\/p>\n","protected":false},"author":1,"featured_media":0,"parent":0,"menu_order":14,"comment_status":"open","ping_status":"closed","template":"","meta":{"footnotes":""},"class_list":["post-282","page","type-page","status-publish","hentry"],"_links":{"self":[{"href":"https:\/\/bf-on-tour.de\/m-10\/wp-json\/wp\/v2\/pages\/282","targetHints":{"allow":["GET"]}}],"collection":[{"href":"https:\/\/bf-on-tour.de\/m-10\/wp-json\/wp\/v2\/pages"}],"about":[{"href":"https:\/\/bf-on-tour.de\/m-10\/wp-json\/wp\/v2\/types\/page"}],"author":[{"embeddable":true,"href":"https:\/\/bf-on-tour.de\/m-10\/wp-json\/wp\/v2\/users\/1"}],"replies":[{"embeddable":true,"href":"https:\/\/bf-on-tour.de\/m-10\/wp-json\/wp\/v2\/comments?post=282"}],"version-history":[{"count":9,"href":"https:\/\/bf-on-tour.de\/m-10\/wp-json\/wp\/v2\/pages\/282\/revisions"}],"predecessor-version":[{"id":464,"href":"https:\/\/bf-on-tour.de\/m-10\/wp-json\/wp\/v2\/pages\/282\/revisions\/464"}],"wp:attachment":[{"href":"https:\/\/bf-on-tour.de\/m-10\/wp-json\/wp\/v2\/media?parent=282"}],"curies":[{"name":"wp","href":"https:\/\/api.w.org\/{rel}","templated":true}]}}