{"id":279,"date":"2016-08-12T11:53:47","date_gmt":"2016-08-12T09:53:47","guid":{"rendered":"http:\/\/blog.family-riders.de\/gibraltar\/?page_id=279"},"modified":"2021-02-26T17:32:56","modified_gmt":"2021-02-26T16:32:56","slug":"p-13","status":"publish","type":"page","link":"https:\/\/bf-on-tour.de\/m-10\/p-13\/","title":{"rendered":"Weiter nach S\u00fcden"},"content":{"rendered":"<p style=\"text-align: justify;\">Um 7:00 Uhr haben wir alle Sachen wieder auf die Maschinen gepackt. Ein kurzes Fr\u00fchst\u00fcck und um 8:30 Uhr lassen wir diesen schrecklichen Campingplatz hinter uns. Kurz darauf passieren wir die spanische Grenze. In Sekundenschnelle ist es 9:30 Uhr und es ist bereits jetzt sengend hei\u00df. Irgendwie viel hei\u00dfer als die Tage zuvor. Obwohl wir uns schon recht gut an die Temperaturen gew\u00f6hnt haben, empfinden wir es heute als unangenehm.<\/p>\n<p style=\"text-align: justify;\"><a href=\"https:\/\/bf-on-tour.de\/m-10\/wp-content\/uploads\/sites\/3\/2016\/08\/Beitrag-14.00.jpg\" rel=\"lightbox[279]\"><img loading=\"lazy\" decoding=\"async\" class=\"size-full wp-image-275 aligncenter\" src=\"https:\/\/bf-on-tour.de\/m-10\/wp-content\/uploads\/sites\/3\/2016\/08\/Beitrag-14.00.jpg\" alt=\"Beitrag 14.00\" width=\"800\" height=\"501\" srcset=\"https:\/\/bf-on-tour.de\/m-10\/wp-content\/uploads\/sites\/3\/2016\/08\/Beitrag-14.00.jpg 800w, https:\/\/bf-on-tour.de\/m-10\/wp-content\/uploads\/sites\/3\/2016\/08\/Beitrag-14.00-150x94.jpg 150w, https:\/\/bf-on-tour.de\/m-10\/wp-content\/uploads\/sites\/3\/2016\/08\/Beitrag-14.00-300x188.jpg 300w\" sizes=\"auto, (max-width: 800px) 85vw, 800px\" \/><\/a><\/p>\n<p style=\"text-align: justify;\">Landschaftlich haben wir jetzt nicht gerade Spaniens Sahnest\u00fcck vor uns. Es\u00a0ist leicht h\u00fcgelig, insgesamt aber ziemlich flach und aussagelos, d.h. eher langweilig und eine durchgehende K\u00fcstenstra\u00dfe gibt es auch nicht, weil man den\u00a0<em>Parque Nacional de Do\u00f1ana<\/em>\u00a0weitl\u00e4ufig im Landesinneren umfahren muss. Daher entscheiden wir uns, auf der Autobahn wieder mal Strecke zu machen und d\u00fcsen ab in Richtung\u00a0<em>Sevilla<\/em>.<\/p>\n<p style=\"text-align: justify;\">Eigentlich m\u00fcssten wir hier einen Abstecher durch die Stadt machen \u2013 wer wei\u00df, ob wir jemals wieder herkommen \u2013 aber bereits das langsame Fahren \u00fcber die vielen Autobahnkreuze wird zur Qual wegen der Hitze. \u00d6ffnet man das Helmvisier, ist der Fahrwind hei\u00dfer als wenn man es zul\u00e4sst. Sp\u00e4ter werden uns die Motorradfahrer des Motorradclubs von\u00a0<em>Faro<\/em>, die wir in\u00a0<em>Gibraltar<\/em>\u00a0treffen, berichten, dass heute die Temperatur in und um Sevilla mit 44\u00b0 C (man beachte: das sind Schattentemperaturen) ein Jahreshoch erreicht hat. Damit bleibt\u00a0<em>Sevilla<\/em>\u00a0was es vorher auch schon war: Eine Stadt, die wir nicht besichtigt haben.<\/p>\n<p style=\"text-align: justify;\">Wir fahren also die AP4 weiter in Richtung S\u00fcden, nach\u00a0<em>Jerez de la Frontera<\/em>, der Stadt des Sherrys. Unterwegs kehren wir in einer Rastst\u00e4tte ein, einfach um uns in den klimatisierten R\u00e4umen etwas abzuk\u00fchlen und um wieder auf \u201enormale Betriebstemperatur\u201c zu kommen.\u00a0<em>Jerez<\/em>\u00a0liegt in einer ziemlich flachen Gegend. Es riecht nach Alkohol, als k\u00f6nnte man sich einfach im Vorbeifahren betrinken \u2013 auch nicht \u00fcbel.<\/p>\n<p style=\"text-align: justify;\"><a href=\"https:\/\/bf-on-tour.de\/m-10\/wp-content\/uploads\/sites\/3\/2016\/08\/Beitrag-14.01.jpg\" rel=\"lightbox[279]\"><img loading=\"lazy\" decoding=\"async\" class=\"size-full wp-image-276 aligncenter\" src=\"https:\/\/bf-on-tour.de\/m-10\/wp-content\/uploads\/sites\/3\/2016\/08\/Beitrag-14.01.jpg\" alt=\"Beitrag 14.01\" width=\"800\" height=\"600\" srcset=\"https:\/\/bf-on-tour.de\/m-10\/wp-content\/uploads\/sites\/3\/2016\/08\/Beitrag-14.01.jpg 800w, https:\/\/bf-on-tour.de\/m-10\/wp-content\/uploads\/sites\/3\/2016\/08\/Beitrag-14.01-150x113.jpg 150w, https:\/\/bf-on-tour.de\/m-10\/wp-content\/uploads\/sites\/3\/2016\/08\/Beitrag-14.01-300x225.jpg 300w\" sizes=\"auto, (max-width: 800px) 85vw, 800px\" \/><\/a><\/p>\n<p style=\"text-align: justify;\">Unser Ziel ist aber\u00a0<em>Cadiz<\/em>, die \u00e4lteste Stadt oder zumindest eine der \u00e4ltesten St\u00e4dte Europas. Es ist ein langer Weg um die Bucht herum, bis wir die Stadt erreicht haben. Aber es hat sich gelohnt! Nicht nur, dass es hier angenehm k\u00fchl ist (ca. 37\u00b0 C zeigt unser Thermometer), nein die Stadt ist sehr sauber und sehr h\u00fcbsch. Nicht gerade die Vorst\u00e4dte, aber die Altstadt, durch die wir langsam und nach einem Parkplatz ausschauend hindurchrollen. Pr\u00e4chtige H\u00e4user, reizvoll angelegte Pl\u00e4tze und Parks, wunderbare Aussichten aufs Meer \u2013 aber leider nicht ein Quadratmeter zum Parken. Alles schon belegt. Nun, wir rollen ein wenig kreuz und quer durch diese sch\u00f6ne Stadt und machen hier und da ein Foto. Dann geht es wieder zur\u00fcck auf die Autobahn in Richtung\u00a0<em>Gibraltar<\/em>.<\/p>\n<p style=\"text-align: justify;\">Kurz hinter\u00a0<em>Cadiz<\/em>\u00a0endet die Autobahn und wir sind wieder auf der Landstra\u00dfe. Au\u00dferdem wird es hier etwas bergiger und damit optisch auch interessanter. Die Fahrt auf der N340 macht sogar richtig Spa\u00df. Kurz vor\u00a0<em>El Lentiscal<\/em>\u00a0sind wir dann an der K\u00fcste angekommen und suchen einen Campingplatz f\u00fcr die Nacht.<\/p>\n<p style=\"text-align: justify;\"><a href=\"https:\/\/bf-on-tour.de\/m-10\/wp-content\/uploads\/sites\/3\/2016\/08\/Beitrag-14.02.jpg\" rel=\"lightbox[279]\"><img loading=\"lazy\" decoding=\"async\" class=\"size-full wp-image-277 aligncenter\" src=\"https:\/\/bf-on-tour.de\/m-10\/wp-content\/uploads\/sites\/3\/2016\/08\/Beitrag-14.02.jpg\" alt=\"Beitrag 14.02\" width=\"800\" height=\"427\" srcset=\"https:\/\/bf-on-tour.de\/m-10\/wp-content\/uploads\/sites\/3\/2016\/08\/Beitrag-14.02.jpg 800w, https:\/\/bf-on-tour.de\/m-10\/wp-content\/uploads\/sites\/3\/2016\/08\/Beitrag-14.02-150x80.jpg 150w, https:\/\/bf-on-tour.de\/m-10\/wp-content\/uploads\/sites\/3\/2016\/08\/Beitrag-14.02-300x160.jpg 300w\" sizes=\"auto, (max-width: 800px) 85vw, 800px\" \/><\/a><\/p>\n<p style=\"text-align: justify;\">Der ist auch rasch gefunden. Der erste Eindruck ist prima: Es gibt ein Schwimmbad, ein Restaurant, einen Supermarkt, Strand, saubere Waschh\u00e4user und ein ruhiges Pl\u00e4tzchen, auf dem wir unsere Zelte aufbauen k\u00f6nnen. Also: Schnell alles herrichten und dann ab ins Wasser. Baden im Atlantik vor der Kulisse des Atlasgebirges in Afrika. Das hatte ich noch nicht in meinem Leben. Wirklich beeindruckend!<\/p>\n<p style=\"text-align: justify;\">Wirklich beeindruckend ist auch die Nacht: Mehrere Zelte an verschiedenen Stellen des Platzes stellen sich als Discozentren heraus, die mit unterschiedlicher Musik in sich \u00fcberbietender Lautst\u00e4rke um die Gunst des zeltenden Publikums wetteifern \u2013 und dieses f\u00e4hrt mit seinen Autos fast die ganze Nacht dementsprechend kreuz und quer \u00fcber den Platz. Zun\u00e4chst bef\u00fcrchte ich, dass mit zunehmender Alkoholisierung dieser Verkehrsteilnehmer unsere Maschinen Gefahr laufen, umgefahren zu werden \u2013 und diese damit unweigerlich in unseren Zelten landen w\u00fcrden. Aber irgendwann gegen 4:00 Uhr in der Fr\u00fch schlafe ich einfach ein.<\/p>\n<p style=\"text-align: justify;\">Wir haben dem Platz das Pr\u00e4dikat \u201eJailhouse Camp\u201c verliehen. Unsere Maschinen und die Zelte sehen am n\u00e4chsten Morgen aus als h\u00e4tten wir in einem Sandsturm \u00fcbernachtet. Die Wege auf dem Platz sind nicht befestigt und die Herumfahrenden einen beachtlichen Teil des Waldbodens in Form einer gleichm\u00e4\u00dfig dicken Staubschicht auf unserem Hab und Gut verteilt. Wir tr\u00f6sten uns damit, dass man den Discoteilnehmern die durchzechte Nacht und ihren dicken Kopf direkt ansieht.<\/p>\n<p><a href=\"https:\/\/bf-on-tour.de\/m-10\/p-12\"><img loading=\"lazy\" decoding=\"async\" class=\"alignleft wp-image-333\" src=\"https:\/\/bf-on-tour.de\/m-10\/wp-content\/uploads\/sites\/3\/2017\/06\/zur\u00fcck.png\" alt=\"\" width=\"50\" height=\"37\" \/><\/a> <a href=\"https:\/\/bf-on-tour.de\/m-10\/p-14\"><img loading=\"lazy\" decoding=\"async\" class=\"alignright wp-image-332\" src=\"https:\/\/bf-on-tour.de\/m-10\/wp-content\/uploads\/sites\/3\/2017\/06\/weiter.png\" alt=\"\" width=\"50\" height=\"37\" \/><\/a><\/p>\n","protected":false},"excerpt":{"rendered":"<p>Um 7:00 Uhr haben wir alle Sachen wieder auf die Maschinen gepackt. Ein kurzes Fr\u00fchst\u00fcck und um 8:30 Uhr lassen wir diesen schrecklichen Campingplatz hinter uns. Kurz darauf passieren wir die spanische Grenze. In Sekundenschnelle ist es 9:30 Uhr und es ist bereits jetzt sengend hei\u00df. Irgendwie viel hei\u00dfer als die Tage zuvor. Obwohl wir &hellip; <a href=\"https:\/\/bf-on-tour.de\/m-10\/p-13\/\" class=\"more-link\"><span class=\"screen-reader-text\">\u201eWeiter nach S\u00fcden\u201c <\/span>weiterlesen<\/a><\/p>\n","protected":false},"author":1,"featured_media":0,"parent":0,"menu_order":13,"comment_status":"open","ping_status":"closed","template":"","meta":{"footnotes":""},"class_list":["post-279","page","type-page","status-publish","hentry"],"_links":{"self":[{"href":"https:\/\/bf-on-tour.de\/m-10\/wp-json\/wp\/v2\/pages\/279","targetHints":{"allow":["GET"]}}],"collection":[{"href":"https:\/\/bf-on-tour.de\/m-10\/wp-json\/wp\/v2\/pages"}],"about":[{"href":"https:\/\/bf-on-tour.de\/m-10\/wp-json\/wp\/v2\/types\/page"}],"author":[{"embeddable":true,"href":"https:\/\/bf-on-tour.de\/m-10\/wp-json\/wp\/v2\/users\/1"}],"replies":[{"embeddable":true,"href":"https:\/\/bf-on-tour.de\/m-10\/wp-json\/wp\/v2\/comments?post=279"}],"version-history":[{"count":8,"href":"https:\/\/bf-on-tour.de\/m-10\/wp-json\/wp\/v2\/pages\/279\/revisions"}],"predecessor-version":[{"id":463,"href":"https:\/\/bf-on-tour.de\/m-10\/wp-json\/wp\/v2\/pages\/279\/revisions\/463"}],"wp:attachment":[{"href":"https:\/\/bf-on-tour.de\/m-10\/wp-json\/wp\/v2\/media?parent=279"}],"curies":[{"name":"wp","href":"https:\/\/api.w.org\/{rel}","templated":true}]}}

Weiter nach Süden

<p style="text-align: justify;">Um 7:00 Uhr haben wir alle Sachen wieder auf die Maschinen gepackt. Ein kurzes Frühstück und um 8:30 Uhr lassen wir diesen schrecklichen Campingplatz hinter uns. Kurz darauf passieren wir die spanische Grenze. In Sekundenschnelle ist es 9:30 Uhr und es ist bereits jetzt sengend heiß. Irgendwie viel heißer als die Tage zuvor. Obwohl wir uns schon recht gut an die Temperaturen gewöhnt haben, empfinden wir es heute als unangenehm.</p>
<p style="text-align: justify;"><a href="https://bf-on-tour.de/m-10/wp-content/uploads/sites/3/2016/08/Beitrag-14.00.jpg" rel="lightbox[279]"><img loading="lazy" decoding="async" class="size-full wp-image-275 aligncenter" src="https://bf-on-tour.de/m-10/wp-content/uploads/sites/3/2016/08/Beitrag-14.00.jpg" alt="Beitrag 14.00" width="800" height="501" srcset="https://bf-on-tour.de/m-10/wp-content/uploads/sites/3/2016/08/Beitrag-14.00.jpg 800w, https://bf-on-tour.de/m-10/wp-content/uploads/sites/3/2016/08/Beitrag-14.00-150x94.jpg 150w, https://bf-on-tour.de/m-10/wp-content/uploads/sites/3/2016/08/Beitrag-14.00-300x188.jpg 300w" sizes="auto, (max-width: 800px) 85vw, 800px" /></a></p>
<p style="text-align: justify;">Landschaftlich haben wir jetzt nicht gerade Spaniens Sahnestück vor uns. Es ist leicht hügelig, insgesamt aber ziemlich flach und aussagelos, d.h. eher langweilig und eine durchgehende Küstenstraße gibt es auch nicht, weil man den <em>Parque Nacional de Doñana</em> weitläufig im Landesinneren umfahren muss. Daher entscheiden wir uns, auf der Autobahn wieder mal Strecke zu machen und düsen ab in Richtung <em>Sevilla</em>.</p>
<p style="text-align: justify;">Eigentlich müssten wir hier einen Abstecher durch die Stadt machen – wer weiß, ob wir jemals wieder herkommen – aber bereits das langsame Fahren über die vielen Autobahnkreuze wird zur Qual wegen der Hitze. Öffnet man das Helmvisier, ist der Fahrwind heißer als wenn man es zulässt. Später werden uns die Motorradfahrer des Motorradclubs von <em>Faro</em>, die wir in <em>Gibraltar</em> treffen, berichten, dass heute die Temperatur in und um Sevilla mit 44° C (man beachte: das sind Schattentemperaturen) ein Jahreshoch erreicht hat. Damit bleibt <em>Sevilla</em> was es vorher auch schon war: Eine Stadt, die wir nicht besichtigt haben.</p>
<p style="text-align: justify;">Wir fahren also die AP4 weiter in Richtung Süden, nach <em>Jerez de la Frontera</em>, der Stadt des Sherrys. Unterwegs kehren wir in einer Raststätte ein, einfach um uns in den klimatisierten Räumen etwas abzukühlen und um wieder auf „normale Betriebstemperatur“ zu kommen. <em>Jerez</em> liegt in einer ziemlich flachen Gegend. Es riecht nach Alkohol, als könnte man sich einfach im Vorbeifahren betrinken – auch nicht übel.</p>
<p style="text-align: justify;"><a href="https://bf-on-tour.de/m-10/wp-content/uploads/sites/3/2016/08/Beitrag-14.01.jpg" rel="lightbox[279]"><img loading="lazy" decoding="async" class="size-full wp-image-276 aligncenter" src="https://bf-on-tour.de/m-10/wp-content/uploads/sites/3/2016/08/Beitrag-14.01.jpg" alt="Beitrag 14.01" width="800" height="600" srcset="https://bf-on-tour.de/m-10/wp-content/uploads/sites/3/2016/08/Beitrag-14.01.jpg 800w, https://bf-on-tour.de/m-10/wp-content/uploads/sites/3/2016/08/Beitrag-14.01-150x113.jpg 150w, https://bf-on-tour.de/m-10/wp-content/uploads/sites/3/2016/08/Beitrag-14.01-300x225.jpg 300w" sizes="auto, (max-width: 800px) 85vw, 800px" /></a></p>
<p style="text-align: justify;">Unser Ziel ist aber <em>Cadiz</em>, die älteste Stadt oder zumindest eine der ältesten Städte Europas. Es ist ein langer Weg um die Bucht herum, bis wir die Stadt erreicht haben. Aber es hat sich gelohnt! Nicht nur, dass es hier angenehm kühl ist (ca. 37° C zeigt unser Thermometer), nein die Stadt ist sehr sauber und sehr hübsch. Nicht gerade die Vorstädte, aber die Altstadt, durch die wir langsam und nach einem Parkplatz ausschauend hindurchrollen. Prächtige Häuser, reizvoll angelegte Plätze und Parks, wunderbare Aussichten aufs Meer – aber leider nicht ein Quadratmeter zum Parken. Alles schon belegt. Nun, wir rollen ein wenig kreuz und quer durch diese schöne Stadt und machen hier und da ein Foto. Dann geht es wieder zurück auf die Autobahn in Richtung <em>Gibraltar</em>.</p>
<p style="text-align: justify;">Kurz hinter <em>Cadiz</em> endet die Autobahn und wir sind wieder auf der Landstraße. Außerdem wird es hier etwas bergiger und damit optisch auch interessanter. Die Fahrt auf der N340 macht sogar richtig Spaß. Kurz vor <em>El Lentiscal</em> sind wir dann an der Küste angekommen und suchen einen Campingplatz für die Nacht.</p>
<p style="text-align: justify;"><a href="https://bf-on-tour.de/m-10/wp-content/uploads/sites/3/2016/08/Beitrag-14.02.jpg" rel="lightbox[279]"><img loading="lazy" decoding="async" class="size-full wp-image-277 aligncenter" src="https://bf-on-tour.de/m-10/wp-content/uploads/sites/3/2016/08/Beitrag-14.02.jpg" alt="Beitrag 14.02" width="800" height="427" srcset="https://bf-on-tour.de/m-10/wp-content/uploads/sites/3/2016/08/Beitrag-14.02.jpg 800w, https://bf-on-tour.de/m-10/wp-content/uploads/sites/3/2016/08/Beitrag-14.02-150x80.jpg 150w, https://bf-on-tour.de/m-10/wp-content/uploads/sites/3/2016/08/Beitrag-14.02-300x160.jpg 300w" sizes="auto, (max-width: 800px) 85vw, 800px" /></a></p>
<p style="text-align: justify;">Der ist auch rasch gefunden. Der erste Eindruck ist prima: Es gibt ein Schwimmbad, ein Restaurant, einen Supermarkt, Strand, saubere Waschhäuser und ein ruhiges Plätzchen, auf dem wir unsere Zelte aufbauen können. Also: Schnell alles herrichten und dann ab ins Wasser. Baden im Atlantik vor der Kulisse des Atlasgebirges in Afrika. Das hatte ich noch nicht in meinem Leben. Wirklich beeindruckend!</p>
<p style="text-align: justify;">Wirklich beeindruckend ist auch die Nacht: Mehrere Zelte an verschiedenen Stellen des Platzes stellen sich als Discozentren heraus, die mit unterschiedlicher Musik in sich überbietender Lautstärke um die Gunst des zeltenden Publikums wetteifern – und dieses fährt mit seinen Autos fast die ganze Nacht dementsprechend kreuz und quer über den Platz. Zunächst befürchte ich, dass mit zunehmender Alkoholisierung dieser Verkehrsteilnehmer unsere Maschinen Gefahr laufen, umgefahren zu werden – und diese damit unweigerlich in unseren Zelten landen würden. Aber irgendwann gegen 4:00 Uhr in der Früh schlafe ich einfach ein.</p>
<p style="text-align: justify;">Wir haben dem Platz das Prädikat „Jailhouse Camp“ verliehen. Unsere Maschinen und die Zelte sehen am nächsten Morgen aus als hätten wir in einem Sandsturm übernachtet. Die Wege auf dem Platz sind nicht befestigt und die Herumfahrenden einen beachtlichen Teil des Waldbodens in Form einer gleichmäßig dicken Staubschicht auf unserem Hab und Gut verteilt. Wir trösten uns damit, dass man den Discoteilnehmern die durchzechte Nacht und ihren dicken Kopf direkt ansieht.</p>
<p><a href="https://bf-on-tour.de/m-10/p-12"><img loading="lazy" decoding="async" class="alignleft wp-image-333" src="https://bf-on-tour.de/m-10/wp-content/uploads/sites/3/2017/06/zurück.png" alt="" width="50" height="37" /></a> <a href="https://bf-on-tour.de/m-10/p-14"><img loading="lazy" decoding="async" class="alignright wp-image-332" src="https://bf-on-tour.de/m-10/wp-content/uploads/sites/3/2017/06/weiter.png" alt="" width="50" height="37" /></a></p>

<p>Um 7:00 Uhr haben wir alle Sachen wieder auf die Maschinen gepackt. Ein kurzes Frühstück und um 8:30 Uhr lassen wir diesen schrecklichen Campingplatz hinter uns. Kurz darauf passieren wir die spanische Grenze. In Sekundenschnelle ist es 9:30 Uhr und es ist bereits jetzt sengend heiß. Irgendwie viel heißer als die Tage zuvor. Obwohl wir &hellip; <a href="https://bf-on-tour.de/m-10/p-13/" class="more-link"><span class="screen-reader-text">„Weiter nach Süden“ </span>weiterlesen</a></p>
