{"id":162,"date":"2016-06-20T10:46:13","date_gmt":"2016-06-20T08:46:13","guid":{"rendered":"http:\/\/blog.family-riders.de\/gibraltar\/?page_id=162"},"modified":"2021-02-26T17:30:00","modified_gmt":"2021-02-26T16:30:00","slug":"p-05","status":"publish","type":"page","link":"https:\/\/bf-on-tour.de\/m-10\/p-05\/","title":{"rendered":"Costa Verde &#8211; Die Nordk\u00fcste"},"content":{"rendered":"<p style=\"text-align: justify;\">Das Fr\u00fchst\u00fcck ist wiedermal grenzwertig: Ein trockenes Croissant aus der Plastikt\u00fcte und keine Butter. Dazu einen Orangensaft, eine Tasse Kaffee mit Milch f\u00fcr Hendrik und eine Tasse Tee f\u00fcr mich. Immerhin, es gibt Tee!<\/p>\n<p style=\"text-align: justify;\">Kurz darauf sind die Maschinen wieder startklar. Wir fahren ziemlich direkt nach\u00a0<em>Bilbao <\/em>und<em>\u00a0<\/em>umrunden die Stadt. In\u00a0<em>Barakaldo<\/em>\u00a0wechseln wir auf die N634 und wollen auf dieser Stra\u00dfe die Orte an der Biskaya abklappern. Parallel zu dieser Stra\u00dfe l\u00e4uft die\u00a0<em>Autovia del Cantabrico<\/em>\u00a0und nach ein paar Stunden fragen wir uns, ob das nicht der bessere Weg w\u00e4re. Die kleineren Orte entlang der K\u00fcstenstra\u00dfe\u00a0muss man nicht wirklich gesehen haben, in den gr\u00f6\u00dferen St\u00e4dten ist in der Regel Stop-and-Go angesagt, weil alles von Touristen verstopft ist und von der K\u00fcste bekommen wir wenig bis gar nichts mit, weil die Stra\u00dfe oberhalb der Steilk\u00fcste und durchaus nicht immer k\u00fcstennah verl\u00e4uft.<\/p>\n<p style=\"text-align: justify;\"><img loading=\"lazy\" decoding=\"async\" class=\"wp-image-141 alignleft\" src=\"https:\/\/bf-on-tour.de\/m-10\/wp-content\/uploads\/sites\/3\/2016\/06\/Beitrag-06.01.jpg\" alt=\"Beitrag 06.01\" width=\"451\" height=\"338\" srcset=\"https:\/\/bf-on-tour.de\/m-10\/wp-content\/uploads\/sites\/3\/2016\/06\/Beitrag-06.01.jpg 800w, https:\/\/bf-on-tour.de\/m-10\/wp-content\/uploads\/sites\/3\/2016\/06\/Beitrag-06.01-150x113.jpg 150w, https:\/\/bf-on-tour.de\/m-10\/wp-content\/uploads\/sites\/3\/2016\/06\/Beitrag-06.01-300x225.jpg 300w\" sizes=\"auto, (max-width: 451px) 85vw, 451px\" \/><\/p>\n<p style=\"text-align: justify;\"><em>Castro-Urdiales<\/em>\u00a0macht einen ziemlich mond\u00e4nen Eindruck und\u00a0<em>Laredo<\/em>\u00a0ebenfalls. Aber wenn man in einem stinkenden Tross von PKWs, Lastwagen und Campingmobilen mitfahren muss, andauernd \u00fcber k\u00fcnstlich erh\u00f6hte Fu\u00dfg\u00e4nger\u00fcberwege holpert und dann auch noch eine Beschilderung finden muss, die entweder als stark ausged\u00fcnnt oder auch als nicht vorhanden bezeichnet werden darf, sinkt der Spa\u00dffaktor schnell gegen null. Nach einem kurzen Abstecher nach\u00a0<em>Santo\u00f1a<\/em>\u00a0gehen wir bei\u00a0<em>Beranga<\/em>\u00a0auf die A8 und fahren nach\u00a0<em>Santander<\/em>.<\/p>\n<p style=\"text-align: justify;\">Kurz vor der Stadt l\u00e4dt uns ein riesiges Plakat von McDonalds zu einem Abstecher in die weltweit standardisierte K\u00fcche des Fast Food ein, dem wir willig folgen! Ein Mittagessen ohne triefendes \u00d6l lockt uns doch sehr! Allerdings ist das Plakat auch der einzige Hinweis auf den Hamburger-Tempel. Die dort angegebene Autobahnausfahrt gibt es nicht und weitere Schilder auch nicht. Also muss unser Navi weiterhelfen. Nach einigen Umwegen landen wir in einem Einkaufszentrum: \u201eSie haben Ihr Ziel erreicht.\u201c Aber auch hier kein Hinweis, keine Reklame. Wenn ich nicht jemanden mit einer Happy-Irgendwas-T\u00fcte gesehen h\u00e4tte, wir w\u00e4ren wohl jetzt noch hungrig.<\/p>\n<p style=\"text-align: justify;\">Nach einem ausgiebigen BigMac-Mahl bleiben wir der A8 noch eine Weile treu und erst hinter\u00a0<em>Torrelavega<\/em>\u00a0gehen wir wieder auf die Landstra\u00dfe &#8211; und verfahren uns, weil die Beschilderung wieder einmal abenteuerlich ist. Nun wird auch noch das Wetter stetig schlechter. Wolken ziehen sich zusammen und schlie\u00dflich beginnt es fein aber stetig zu regnen. Ich habe inzwischen einen richtigen Hass auf diese Gegend. Landschaftlich und fahrerisch ist es hier wenig interessant, touristisch v\u00f6llig \u00fcberf\u00fcllt, als Nicht-Spanier wird man an Tankstellen, in Bars und Hotels f\u00fcr Exoten gehalten &#8211; das letzte nicht-spanische KFZ-Kennzeichen habe ich in Andorra gesehen -, die Verst\u00e4ndigung ist ohne Spanischkenntnisse gleich null, eine total miese Stra\u00dfenbeschilderung f\u00fchrt zu andauernden Umwegen oder ungewollten Stadtrundfahrten und nun auch noch Regen. Eigentlich will ich nach Hause.<\/p>\n<p style=\"text-align: justify;\"><img loading=\"lazy\" decoding=\"async\" class=\"aligncenter wp-image-142 size-full\" src=\"https:\/\/bf-on-tour.de\/m-10\/wp-content\/uploads\/sites\/3\/2016\/06\/Beitrag-06.02.jpg\" alt=\"Beitrag 06.02\" width=\"800\" height=\"291\" srcset=\"https:\/\/bf-on-tour.de\/m-10\/wp-content\/uploads\/sites\/3\/2016\/06\/Beitrag-06.02.jpg 800w, https:\/\/bf-on-tour.de\/m-10\/wp-content\/uploads\/sites\/3\/2016\/06\/Beitrag-06.02-150x55.jpg 150w, https:\/\/bf-on-tour.de\/m-10\/wp-content\/uploads\/sites\/3\/2016\/06\/Beitrag-06.02-300x109.jpg 300w\" sizes=\"auto, (max-width: 800px) 85vw, 800px\" \/><\/p>\n<p style=\"text-align: justify;\">Bei\u00a0<em>Ontoria<\/em>\u00a0biegen wir etwas missmutig in Richtung K\u00fcste ab, in der Hoffnung, dass es dort wieder trocken ist. Und in\u00a0<em>Comellas<\/em>\u00a0kommen wir tats\u00e4chlich im Trockenen an. Von den obligatorischen Touri-Truppen werden wir wie Marsmenschen bestaunt \u2013 hier hat es offensichtlich \u00fcberhaupt nicht geregnet und wie man dann bei der schw\u00fclen Luft mit voller Regenmontur fahren kann? V\u00f6llig unverst\u00e4ndlich. Uns inzwischen auch! Denn nach knapp 10 Minuten stehen wir im eigenen Saft. Gut, dass es am\u00a0<em>Golf de Oyambre<\/em>\u00a0einen Parkplatz gibt, auf dem wir uns wieder umziehen k\u00f6nnen. Danach geht es \u00fcber\u00a0<em>San Vicente de la Barquera<\/em>\u00a0immer in einiger Entfernung zur K\u00fcste nach\u00a0<em>Pechon<\/em>, wo wir auf dem Campingplatz direkt am Steilufer bleiben.<\/p>\n<p style=\"text-align: justify;\"><img loading=\"lazy\" decoding=\"async\" class=\"aligncenter wp-image-143 size-full\" src=\"https:\/\/bf-on-tour.de\/m-10\/wp-content\/uploads\/sites\/3\/2016\/06\/Beitrag-06.03.jpg\" alt=\"Beitrag 06.03\" width=\"800\" height=\"375\" srcset=\"https:\/\/bf-on-tour.de\/m-10\/wp-content\/uploads\/sites\/3\/2016\/06\/Beitrag-06.03.jpg 800w, https:\/\/bf-on-tour.de\/m-10\/wp-content\/uploads\/sites\/3\/2016\/06\/Beitrag-06.03-150x70.jpg 150w, https:\/\/bf-on-tour.de\/m-10\/wp-content\/uploads\/sites\/3\/2016\/06\/Beitrag-06.03-300x141.jpg 300w\" sizes=\"auto, (max-width: 800px) 85vw, 800px\" \/><\/p>\n<p style=\"text-align: justify;\">Auch hier sind wir die einzigen Nicht-Spanier, aber man begegnet uns mit gro\u00dfer Freundlichkeit und spricht Englisch \u2013 sehr angenehm! Da die sanit\u00e4ren Einrichtungen gut sind und wir einen tollen Platz mit Meerblick haben, beschlie\u00dfen wir, noch einen Tag hier zu bleiben. Morgen gibt es\u00a0also einen Ruhetag zum Lesen und Sonnen &#8211; und zum Freuen auf die Picos de Europa!<\/p>\n<p style=\"text-align: justify;\"><img loading=\"lazy\" decoding=\"async\" class=\"aligncenter wp-image-144 size-full\" src=\"https:\/\/bf-on-tour.de\/m-10\/wp-content\/uploads\/sites\/3\/2016\/06\/Beitrag-06.04.jpg\" alt=\"Beitrag 06.04\" width=\"800\" height=\"600\" srcset=\"https:\/\/bf-on-tour.de\/m-10\/wp-content\/uploads\/sites\/3\/2016\/06\/Beitrag-06.04.jpg 800w, https:\/\/bf-on-tour.de\/m-10\/wp-content\/uploads\/sites\/3\/2016\/06\/Beitrag-06.04-150x113.jpg 150w, https:\/\/bf-on-tour.de\/m-10\/wp-content\/uploads\/sites\/3\/2016\/06\/Beitrag-06.04-300x225.jpg 300w\" sizes=\"auto, (max-width: 800px) 85vw, 800px\" \/><a href=\"https:\/\/bf-on-tour.de\/m-10\/p-04\"><img loading=\"lazy\" decoding=\"async\" class=\"alignleft wp-image-333\" src=\"https:\/\/bf-on-tour.de\/m-10\/wp-content\/uploads\/sites\/3\/2017\/06\/zur\u00fcck.png\" alt=\"\" width=\"50\" height=\"37\" \/><\/a> <a href=\"https:\/\/bf-on-tour.de\/m-10\/p-06\"><img loading=\"lazy\" decoding=\"async\" class=\"alignright wp-image-332\" src=\"https:\/\/bf-on-tour.de\/m-10\/wp-content\/uploads\/sites\/3\/2017\/06\/weiter.png\" alt=\"\" width=\"50\" height=\"37\" \/><\/a><\/p>\n","protected":false},"excerpt":{"rendered":"<p>Das Fr\u00fchst\u00fcck ist wiedermal grenzwertig: Ein trockenes Croissant aus der Plastikt\u00fcte und keine Butter. Dazu einen Orangensaft, eine Tasse Kaffee mit Milch f\u00fcr Hendrik und eine Tasse Tee f\u00fcr mich. Immerhin, es gibt Tee! Kurz darauf sind die Maschinen wieder startklar. Wir fahren ziemlich direkt nach\u00a0Bilbao und\u00a0umrunden die Stadt. In\u00a0Barakaldo\u00a0wechseln wir auf die N634 und &hellip; <a href=\"https:\/\/bf-on-tour.de\/m-10\/p-05\/\" class=\"more-link\"><span class=\"screen-reader-text\">\u201eCosta Verde &#8211; Die Nordk\u00fcste\u201c <\/span>weiterlesen<\/a><\/p>\n","protected":false},"author":1,"featured_media":0,"parent":0,"menu_order":5,"comment_status":"open","ping_status":"closed","template":"","meta":{"footnotes":""},"class_list":["post-162","page","type-page","status-publish","hentry"],"_links":{"self":[{"href":"https:\/\/bf-on-tour.de\/m-10\/wp-json\/wp\/v2\/pages\/162","targetHints":{"allow":["GET"]}}],"collection":[{"href":"https:\/\/bf-on-tour.de\/m-10\/wp-json\/wp\/v2\/pages"}],"about":[{"href":"https:\/\/bf-on-tour.de\/m-10\/wp-json\/wp\/v2\/types\/page"}],"author":[{"embeddable":true,"href":"https:\/\/bf-on-tour.de\/m-10\/wp-json\/wp\/v2\/users\/1"}],"replies":[{"embeddable":true,"href":"https:\/\/bf-on-tour.de\/m-10\/wp-json\/wp\/v2\/comments?post=162"}],"version-history":[{"count":9,"href":"https:\/\/bf-on-tour.de\/m-10\/wp-json\/wp\/v2\/pages\/162\/revisions"}],"predecessor-version":[{"id":455,"href":"https:\/\/bf-on-tour.de\/m-10\/wp-json\/wp\/v2\/pages\/162\/revisions\/455"}],"wp:attachment":[{"href":"https:\/\/bf-on-tour.de\/m-10\/wp-json\/wp\/v2\/media?parent=162"}],"curies":[{"name":"wp","href":"https:\/\/api.w.org\/{rel}","templated":true}]}}