{"id":52,"date":"2017-02-12T17:29:53","date_gmt":"2017-02-12T16:29:53","guid":{"rendered":"http:\/\/blog.family-riders.de\/nordkap\/?page_id=52"},"modified":"2020-04-03T11:29:26","modified_gmt":"2020-04-03T09:29:26","slug":"page-20","status":"publish","type":"page","link":"https:\/\/bf-on-tour.de\/m-06\/page-20\/","title":{"rendered":"Ins Inland zum V\u00e4nern"},"content":{"rendered":"<p style=\"text-align: justify;\"><strong>Freitag, 21. Juli 2006 &#8211; Strecke: 333 km &#8211; Fahrzeit ca. 7 Std.<\/strong><\/p>\n<figure id=\"attachment_325\" aria-describedby=\"caption-attachment-325\" style=\"width: 300px\" class=\"wp-caption alignright\"><a href=\"https:\/\/bf-on-tour.de\/m-06\/wp-content\/uploads\/sites\/6\/2017\/02\/00-19-e1486916870859.jpg\" rel=\"lightbox[52]\"><img loading=\"lazy\" decoding=\"async\" class=\"size-medium wp-image-325\" src=\"https:\/\/bf-on-tour.de\/m-06\/wp-content\/uploads\/sites\/6\/2017\/02\/00-19-e1486916870859-300x244.jpg\" alt=\"\" width=\"300\" height=\"244\" srcset=\"https:\/\/bf-on-tour.de\/m-06\/wp-content\/uploads\/sites\/6\/2017\/02\/00-19-e1486916870859-300x244.jpg 300w, https:\/\/bf-on-tour.de\/m-06\/wp-content\/uploads\/sites\/6\/2017\/02\/00-19-e1486916870859.jpg 631w\" sizes=\"auto, (max-width: 300px) 85vw, 300px\" \/><\/a><figcaption id=\"caption-attachment-325\" class=\"wp-caption-text\">Von Stockholm nach Kristinehamn<\/figcaption><\/figure>\n<p style=\"text-align: justify;\">Am Morgen beschweren wir uns bei der Rezeption \u00fcber die Unsauberkeit des Zimmers, denn in der Nacht haben sich auch noch eine Kakerlake und eine Ameise in Hendriks Bettzeug verirrt. Dann fahren wir wieder los, Richtung S\u00fcden &#8211; nat\u00fcrlich doch wieder auf der E4 &#8211; und kurz hinter S\u00f6dert\u00e4lje ab auf die 57 bis Katrineholm. Das ist wieder eine sch\u00f6ne Stra\u00dfe: Leicht gewellt und leicht gekurvt geht es bei gutem Wetter ohne nennenswerten Verkehr durch sch\u00f6ne Landschaften. So soll es sein. Hinter Katrineholm wechseln wir auf die 52, fahren bis \u00d6rebro und gelangen schlie\u00dflich \u00fcber die E18 nach Kristinehamn.<\/p>\n<figure id=\"attachment_326\" aria-describedby=\"caption-attachment-326\" style=\"width: 300px\" class=\"wp-caption alignleft\"><a href=\"https:\/\/bf-on-tour.de\/m-06\/wp-content\/uploads\/sites\/6\/2017\/02\/01-18-e1486916910773.jpg\" rel=\"lightbox[52]\"><img loading=\"lazy\" decoding=\"async\" class=\"size-medium wp-image-326\" src=\"https:\/\/bf-on-tour.de\/m-06\/wp-content\/uploads\/sites\/6\/2017\/02\/01-18-e1486916910773-300x189.jpg\" alt=\"\" width=\"300\" height=\"189\" srcset=\"https:\/\/bf-on-tour.de\/m-06\/wp-content\/uploads\/sites\/6\/2017\/02\/01-18-e1486916910773-300x189.jpg 300w, https:\/\/bf-on-tour.de\/m-06\/wp-content\/uploads\/sites\/6\/2017\/02\/01-18-e1486916910773-768x483.jpg 768w, https:\/\/bf-on-tour.de\/m-06\/wp-content\/uploads\/sites\/6\/2017\/02\/01-18-e1486916910773.jpg 807w\" sizes=\"auto, (max-width: 300px) 85vw, 300px\" \/><\/a><figcaption id=\"caption-attachment-326\" class=\"wp-caption-text\">Camping im M\u00fcckenwald<\/figcaption><\/figure>\n<p style=\"text-align: justify;\">Dort fahren wir entlang des V\u00e4nern durch die s\u00fcdlichen Vororte der Stadt und finden uns in einer romantischen Zusammenstellung aus altert\u00fcmlichen Wohnh\u00e4usern &#8211; alle aus Holz und rot-wei\u00df oder gelb-wei\u00df gestrichen &#8211; Bootsstegen und Ausflugslokalen wieder. Es scheint eine der ganz bevorzugten Wohn- und Ausflugsgegenden zu sein. Schlie\u00dflich landen wir am Ende der Stra\u00dfe an einer schon lange Zeit ausgeschilderten Picasso-Skulptur, einer der Attraktionen von Kristinehamn. In unseren Augen ist die Skulptur nicht wirklich sch\u00f6n. Deshalb fahren wir einfach wieder zur\u00fcck.<\/p>\n<p style=\"text-align: justify;\">Auf dem Campingplatz von Hult, einem Sommerhausgebiet s\u00fcdlich von Kristinehamn bleiben wir. Leider ist auch dieser Platz nicht gerade der sauberste. Im Augenblick haben wir kein rechtes Gl\u00fcck mit unseren \u00dcbernachtungen.<\/p>\n","protected":false},"excerpt":{"rendered":"<p>Freitag, 21. Juli 2006 &#8211; Strecke: 333 km &#8211; Fahrzeit ca. 7 Std. Am Morgen beschweren wir uns bei der Rezeption \u00fcber die Unsauberkeit des Zimmers, denn in der Nacht haben sich auch noch eine Kakerlake und eine Ameise in Hendriks Bettzeug verirrt. Dann fahren wir wieder los, Richtung S\u00fcden &#8211; nat\u00fcrlich doch wieder auf &hellip; <a href=\"https:\/\/bf-on-tour.de\/m-06\/page-20\/\" class=\"more-link\"><span class=\"screen-reader-text\">\u201eIns Inland zum V\u00e4nern\u201c <\/span>weiterlesen<\/a><\/p>\n","protected":false},"author":1,"featured_media":0,"parent":0,"menu_order":20,"comment_status":"closed","ping_status":"closed","template":"","meta":{"footnotes":""},"class_list":["post-52","page","type-page","status-publish","hentry"],"_links":{"self":[{"href":"https:\/\/bf-on-tour.de\/m-06\/wp-json\/wp\/v2\/pages\/52","targetHints":{"allow":["GET"]}}],"collection":[{"href":"https:\/\/bf-on-tour.de\/m-06\/wp-json\/wp\/v2\/pages"}],"about":[{"href":"https:\/\/bf-on-tour.de\/m-06\/wp-json\/wp\/v2\/types\/page"}],"author":[{"embeddable":true,"href":"https:\/\/bf-on-tour.de\/m-06\/wp-json\/wp\/v2\/users\/1"}],"replies":[{"embeddable":true,"href":"https:\/\/bf-on-tour.de\/m-06\/wp-json\/wp\/v2\/comments?post=52"}],"version-history":[{"count":6,"href":"https:\/\/bf-on-tour.de\/m-06\/wp-json\/wp\/v2\/pages\/52\/revisions"}],"predecessor-version":[{"id":432,"href":"https:\/\/bf-on-tour.de\/m-06\/wp-json\/wp\/v2\/pages\/52\/revisions\/432"}],"wp:attachment":[{"href":"https:\/\/bf-on-tour.de\/m-06\/wp-json\/wp\/v2\/media?parent=52"}],"curies":[{"name":"wp","href":"https:\/\/api.w.org\/{rel}","templated":true}]}}