{"id":4,"date":"2017-02-02T18:27:29","date_gmt":"2017-02-02T17:27:29","guid":{"rendered":"http:\/\/blog.family-riders.de\/nordkap\/?page_id=4"},"modified":"2020-04-03T11:23:03","modified_gmt":"2020-04-03T09:23:03","slug":"prolog","status":"publish","type":"page","link":"https:\/\/bf-on-tour.de\/m-06\/","title":{"rendered":"Prolog"},"content":{"rendered":"<figure id=\"attachment_103\" aria-describedby=\"caption-attachment-103\" style=\"width: 300px\" class=\"wp-caption alignright\"><a href=\"https:\/\/bf-on-tour.de\/m-06\/wp-content\/uploads\/sites\/6\/2017\/02\/00-e1486903385499.jpg\" rel=\"lightbox[4]\"><img loading=\"lazy\" decoding=\"async\" class=\"wp-image-103 size-medium\" src=\"https:\/\/bf-on-tour.de\/m-06\/wp-content\/uploads\/sites\/6\/2017\/02\/00-e1486903385499-300x224.jpg\" width=\"300\" height=\"224\" srcset=\"https:\/\/bf-on-tour.de\/m-06\/wp-content\/uploads\/sites\/6\/2017\/02\/00-e1486903385499-300x224.jpg 300w, https:\/\/bf-on-tour.de\/m-06\/wp-content\/uploads\/sites\/6\/2017\/02\/00-e1486903385499.jpg 688w\" sizes=\"auto, (max-width: 300px) 85vw, 300px\" \/><\/a><figcaption id=\"caption-attachment-103\" class=\"wp-caption-text\">Mein treuer Begleiter<\/figcaption><\/figure>\n<p style=\"text-align: justify;\">Im Februar 2005 entstand die Idee, eine Reise mit dem Motorrad zum Nordkap zu machen. Angeregt wurde der Plan eines Abends am Kaminfeuer, als sich das Gespr\u00e4ch um die Wikingerfahrt des ADAC von 1969 drehte. Diese hatten die Schwiegereltern unternommen, als sich meine jetzige bessere H\u00e4lfte noch im zarten Alter von 15 Jahren befand. Von dieser Reise gab es eine gro\u00dfe Anzahl Dias, die seit Ewigkeiten in irgendwelchen Kartons ein trostloses Dasein fristeten. Wann hatte man die blo\u00df zuletzt angeschaut? Sind sie nach all den Jahren vielleicht von Bakterien aufgefressen worden? Ja, sind sie \u00fcberhaupt noch da? Man sollte sie mal wieder hervorholen. Und dann wurde &#8211; begleitet von einem guten Roten &#8211; in Erinnerungen geschwelgt: Die Fahrt an sich, die damals mit einem Opel Rekord 1700 als Zugpferd vor dem Wohnwagen unternommen worden war, Oslo und die grandiose Landschaft Norwegens bis hin zum Polarkreis und zum Nordkap.<\/p>\n<p style=\"text-align: justify;\">&#8222;Zum Nordkap w\u00fcrde ich auch gern mal fahren &#8211; aber mit dem Motorrad!&#8220; Das war der entscheidende Satz. Und obgleich eigentlich eher so dahingesagt, war dies der Startpunkt, um einen richtigen Plan zu entwickeln. Als Erstes folgte der Kauf einer Skandinavien-Landkarte. Leider erwies sich das Kartenwerk, obwohl im groben Ma\u00dfstab von 1:800.000, als beidseitig bedrucktes, vielfach auszuklappendes Unget\u00fcm mit riesigen Ausma\u00dfen. Um das alles abzufahren, sollten schon vier Wochen Urlaub eingeplant werden. Ein klarer Fall f\u00fcr langfristige Vorbereitungen mit dem Ziel: Sommer 2006.<\/p>\n<p style=\"text-align: justify;\">Die n\u00e4chste Frage war, wer mitf\u00e4hrt. Da ich der einzige Motorradbegeisterte im Hause bin, sollte ich wohl alleine losziehen m\u00fcssen. Aber vier Wochen ganz alleine? Ist das lustig?! Nun, in der Vorbereitungszeit ergab es sich, da\u00df Hendrik, Sportsfreund aus dem Tanzsportclub, und ebenfalls begeisterter Biker, 2005 so gut wie keinen Urlaub hatte machen k\u00f6nnen. Dadurch konnte er seinem Chef f\u00fcr 2006 vier Wochen &#8222;am St\u00fcck&#8220; abringen.<\/p>\n<p style=\"text-align: justify;\">Inzwischen war auch die Route mit Hilfe eines Routenplaners sowie verschiedener Informationen aus Internet, Tourismuszentralen und Reisef\u00fchrern ziemlich genau durchgeplant. Es konnte also losgehen.<\/p>\n","protected":false},"excerpt":{"rendered":"<p>Im Februar 2005 entstand die Idee, eine Reise mit dem Motorrad zum Nordkap zu machen. Angeregt wurde der Plan eines Abends am Kaminfeuer, als sich das Gespr\u00e4ch um die Wikingerfahrt des ADAC von 1969 drehte. Diese hatten die Schwiegereltern unternommen, als sich meine jetzige bessere H\u00e4lfte noch im zarten Alter von 15 Jahren befand. Von &hellip; <a href=\"https:\/\/bf-on-tour.de\/m-06\/\" class=\"more-link\"><span class=\"screen-reader-text\">\u201eProlog\u201c <\/span>weiterlesen<\/a><\/p>\n","protected":false},"author":1,"featured_media":0,"parent":0,"menu_order":0,"comment_status":"open","ping_status":"closed","template":"","meta":{"footnotes":""},"class_list":["post-4","page","type-page","status-publish","hentry"],"_links":{"self":[{"href":"https:\/\/bf-on-tour.de\/m-06\/wp-json\/wp\/v2\/pages\/4","targetHints":{"allow":["GET"]}}],"collection":[{"href":"https:\/\/bf-on-tour.de\/m-06\/wp-json\/wp\/v2\/pages"}],"about":[{"href":"https:\/\/bf-on-tour.de\/m-06\/wp-json\/wp\/v2\/types\/page"}],"author":[{"embeddable":true,"href":"https:\/\/bf-on-tour.de\/m-06\/wp-json\/wp\/v2\/users\/1"}],"replies":[{"embeddable":true,"href":"https:\/\/bf-on-tour.de\/m-06\/wp-json\/wp\/v2\/comments?post=4"}],"version-history":[{"count":8,"href":"https:\/\/bf-on-tour.de\/m-06\/wp-json\/wp\/v2\/pages\/4\/revisions"}],"predecessor-version":[{"id":412,"href":"https:\/\/bf-on-tour.de\/m-06\/wp-json\/wp\/v2\/pages\/4\/revisions\/412"}],"wp:attachment":[{"href":"https:\/\/bf-on-tour.de\/m-06\/wp-json\/wp\/v2\/media?parent=4"}],"curies":[{"name":"wp","href":"https:\/\/api.w.org\/{rel}","templated":true}]}}