{"id":30,"date":"2017-02-02T21:28:28","date_gmt":"2017-02-02T20:28:28","guid":{"rendered":"http:\/\/blog.family-riders.de\/nordkap\/?page_id=30"},"modified":"2020-04-03T11:25:50","modified_gmt":"2020-04-03T09:25:50","slug":"page-09","status":"publish","type":"page","link":"https:\/\/bf-on-tour.de\/m-06\/page-09\/","title":{"rendered":"Inselhopping"},"content":{"rendered":"<p style=\"text-align: justify;\"><strong>Montag, 10. Juli 2006 &#8211; Strecke: 236 km &#8211; Fahrzeit ca. 8 Std.<\/strong><\/p>\n<figure id=\"attachment_220\" aria-describedby=\"caption-attachment-220\" style=\"width: 300px\" class=\"wp-caption alignright\"><a href=\"https:\/\/bf-on-tour.de\/m-06\/wp-content\/uploads\/sites\/6\/2017\/02\/00-8-e1486907794501.jpg\" rel=\"lightbox[30]\"><img loading=\"lazy\" decoding=\"async\" class=\"size-medium wp-image-220\" src=\"https:\/\/bf-on-tour.de\/m-06\/wp-content\/uploads\/sites\/6\/2017\/02\/00-8-e1486907794501-300x245.jpg\" alt=\"\" width=\"300\" height=\"245\" srcset=\"https:\/\/bf-on-tour.de\/m-06\/wp-content\/uploads\/sites\/6\/2017\/02\/00-8-e1486907794501-300x245.jpg 300w, https:\/\/bf-on-tour.de\/m-06\/wp-content\/uploads\/sites\/6\/2017\/02\/00-8-e1486907794501.jpg 631w\" sizes=\"auto, (max-width: 300px) 85vw, 300px\" \/><\/a><figcaption id=\"caption-attachment-220\" class=\"wp-caption-text\">Von Br\u00f8nn\u00f8ysund nach Fur\u00f8y<\/figcaption><\/figure>\n<p style=\"text-align: justify;\">Italien ist gestern Fu\u00dfballweltmeister geworden. Wir wissen das noch nicht, aber der F\u00e4hrkapit\u00e4n der F\u00e4hre von Horn nach Andalsv\u00e5g wei\u00df es garantiert. Seine Anlegeman\u00f6ver zeigen, da\u00df er gestern zu lange ferngesehen und dabei zuviel alkoholhaltige Genu\u00dfmittel konsumiert hat.\u00a0Mit Volldampf f\u00e4hrt er zun\u00e4chst in den F\u00e4hrhafen, stoppt etwas auf und rauscht dann so gegen den Anleger, da\u00df die F\u00e4hre erst einmal wieder r\u00fcckw\u00e4rts f\u00e4hrt. Ein zweiter Anlauf endet in etwa ebenso und ein dritter. Auch wenn das Schiff bei jedem Versuch immer mehr an Fahrt verliert, es klappt nicht. Erst beim vierten Mal kommt es ungef\u00e4hr dort zu Liegen, wo Passagiere und Fahrzeuge ab- und zugeladen werden k\u00f6nnen &#8211; wenn auch reichlich schr\u00e4g. An dem vor Str\u00f6mung gesch\u00fctzten F\u00e4hrhafen, der Windstille und der k\u00fchlen Morgenluft wird das sicher nicht gelegen haben.<\/p>\n<figure id=\"attachment_221\" aria-describedby=\"caption-attachment-221\" style=\"width: 300px\" class=\"wp-caption alignleft\"><a href=\"https:\/\/bf-on-tour.de\/m-06\/wp-content\/uploads\/sites\/6\/2017\/02\/01-7-e1486907837836.jpg\" rel=\"lightbox[30]\"><img loading=\"lazy\" decoding=\"async\" class=\"size-medium wp-image-221\" src=\"https:\/\/bf-on-tour.de\/m-06\/wp-content\/uploads\/sites\/6\/2017\/02\/01-7-e1486907837836-300x161.jpg\" alt=\"\" width=\"300\" height=\"161\" srcset=\"https:\/\/bf-on-tour.de\/m-06\/wp-content\/uploads\/sites\/6\/2017\/02\/01-7-e1486907837836-300x161.jpg 300w, https:\/\/bf-on-tour.de\/m-06\/wp-content\/uploads\/sites\/6\/2017\/02\/01-7-e1486907837836.jpg 687w\" sizes=\"auto, (max-width: 300px) 85vw, 300px\" \/><\/a><figcaption id=\"caption-attachment-221\" class=\"wp-caption-text\">Auf geht&#8217;s zum Inselhopping<\/figcaption><\/figure>\n<p style=\"text-align: justify;\">Wir \u00fcberlegen tats\u00e4chlich, ob es nicht kl\u00fcger ist, diese F\u00e4hre auszulassen, die 76 zu fahren und nach einigen Kilometern E6 wieder \u00fcber die 78 auf den RV17 zu kommen. Aber so ein Umweg? Dazu habe ich dann doch keine Lust. Hoffen wir mal, da\u00df der Kapit\u00e4n bis zur Abfahrt einen starken Kaffee zu sich genommen hat und wieder etwas n\u00fcchterner geworden ist. Weil wir auf einen Linienbus warten m\u00fcssen und sich die Abfahrt damit um fast eine dreiviertel Stunde verz\u00f6gert, hat er dazu genug Gelegenheit und die sich anschlie\u00dfende \u00dcberfahrt gestaltet sich v\u00f6llig unspektakul\u00e4r.<\/p>\n<p style=\"text-align: justify;\">In Forvik wartet schon die n\u00e4chste F\u00e4hre und wir werden in gem\u00fctlichen 30 Minuten nach Tj\u00f8tta geschippert. Eine sehr sch\u00f6ne Fahrt durch der K\u00fcste vorgelagerte Felsen und Inselchen. Und auch hier treffen wir wieder auf unvorsichtige Fabelwesen: Die sieben Schwestern waren wie der Hestemannen Riesen, die es nicht geschfft hatten, sich vor dem Sonnenaufgang zu verstecken. Nun sehen wir sie als Bergkette direkt vor uns.<\/p>\n<figure id=\"attachment_223\" aria-describedby=\"caption-attachment-223\" style=\"width: 948px\" class=\"wp-caption aligncenter\"><a href=\"https:\/\/bf-on-tour.de\/m-06\/wp-content\/uploads\/sites\/6\/2017\/02\/03-8-e1486907896297.jpg\" rel=\"lightbox[30]\"><img loading=\"lazy\" decoding=\"async\" class=\"size-full wp-image-223\" src=\"https:\/\/bf-on-tour.de\/m-06\/wp-content\/uploads\/sites\/6\/2017\/02\/03-8-e1486907896297.jpg\" alt=\"\" width=\"948\" height=\"264\" srcset=\"https:\/\/bf-on-tour.de\/m-06\/wp-content\/uploads\/sites\/6\/2017\/02\/03-8-e1486907896297.jpg 948w, https:\/\/bf-on-tour.de\/m-06\/wp-content\/uploads\/sites\/6\/2017\/02\/03-8-e1486907896297-300x84.jpg 300w, https:\/\/bf-on-tour.de\/m-06\/wp-content\/uploads\/sites\/6\/2017\/02\/03-8-e1486907896297-768x214.jpg 768w\" sizes=\"auto, (max-width: 709px) 85vw, (max-width: 909px) 67vw, (max-width: 1362px) 62vw, 840px\" \/><\/a><figcaption id=\"caption-attachment-223\" class=\"wp-caption-text\">Die 7 Schwestern<\/figcaption><\/figure>\n<p style=\"text-align: justify;\">Ab Tj\u00f8tta verschlechtert sich das Wetter wieder. Die Wolken werden drohender, kommen tiefer herunter und in Levang, am n\u00e4chsten F\u00e4hranleger, beginnt es zu tr\u00f6pfeln. Schade, wir fahren mit der F\u00e4hre nach Nesna direkt in den Regen hinein.<\/p>\n<p style=\"text-align: justify;\">Eigentlich wollten wir in Nesna bleiben, aber es ist erst Mittag und vielleicht wird das Wetter ja noch wieder besser. Im jetzt str\u00f6menden Regen die Zelte aufzubauen, haben wir auch nicht recht Lust. Au\u00dferdem ist es von Vorteil, wenn wir morgen nicht ganz so viel Strecke bis Bod\u00f8 vor uns haben, um noch am fr\u00fchen Nachmittag eine F\u00e4hre zu den Lofoten zu erreichen. Diese \u00dcberfahrt dauert immerhin vier Stunden und das soll schon gut in den Tagesablauf eingeplant sein.<\/p>\n<figure id=\"attachment_224\" aria-describedby=\"caption-attachment-224\" style=\"width: 237px\" class=\"wp-caption alignleft\"><a href=\"https:\/\/bf-on-tour.de\/m-06\/wp-content\/uploads\/sites\/6\/2017\/02\/04-7-e1486907947477.jpg\" rel=\"lightbox[30]\"><img loading=\"lazy\" decoding=\"async\" class=\"size-medium wp-image-224\" src=\"https:\/\/bf-on-tour.de\/m-06\/wp-content\/uploads\/sites\/6\/2017\/02\/04-7-e1486907947477-237x300.jpg\" alt=\"\" width=\"237\" height=\"300\" srcset=\"https:\/\/bf-on-tour.de\/m-06\/wp-content\/uploads\/sites\/6\/2017\/02\/04-7-e1486907947477-237x300.jpg 237w, https:\/\/bf-on-tour.de\/m-06\/wp-content\/uploads\/sites\/6\/2017\/02\/04-7-e1486907947477.jpg 424w\" sizes=\"auto, (max-width: 237px) 85vw, 237px\" \/><\/a><figcaption id=\"caption-attachment-224\" class=\"wp-caption-text\">F\u00e4hren oder Br\u00fccken &#8211; ohne geht hier nichts<\/figcaption><\/figure>\n<p style=\"text-align: justify;\">Anderenfalls verlieren wir eventuell einen ganzen Fahrtag. So sagt uns ein Blick in den Campingf\u00fchrer, da\u00df auf der Insel For\u00f8y ein ordentlicher Platz ist, von dem wir hoffen, da\u00df er eine H\u00fctte f\u00fcr uns frei hat. Zelten m\u00f6gen wir heute nicht mehr.<\/p>\n<p style=\"text-align: justify;\">Um nach For\u00f8y zu kommen, fahren wir \u00fcber Brattland nach Kilboghamn zu einer weiteren F\u00e4hre. Es ist wirklich ein Jammer, da\u00df es so sehr regnet und da\u00df die Wolken die Landschaft einfach wegschlucken, denn selbst in diesem miesen Nebelwetter wird deutlich, da\u00df die Gegend um Brattland eine norwegische Entsprechung des Golfes von Pukhet sein m\u00fc\u00dfte. Der K\u00fcste sind lauter rundliche Felsen sowie die Insel Aldra vorgelagert, die innerhalb weniger Meter von Null auf mehrere hundert Meter ansteigen &#8211; und heute in den Wolken verschwinden. Hier bei Sonnenschein? Ich glaube, wir w\u00e4ren nicht mehr weitergekommen.<\/p>\n<figure id=\"attachment_225\" aria-describedby=\"caption-attachment-225\" style=\"width: 300px\" class=\"wp-caption alignright\"><a href=\"https:\/\/bf-on-tour.de\/m-06\/wp-content\/uploads\/sites\/6\/2017\/02\/05-6-e1486907978436.jpg\" rel=\"lightbox[30]\"><img loading=\"lazy\" decoding=\"async\" class=\"size-medium wp-image-225\" src=\"https:\/\/bf-on-tour.de\/m-06\/wp-content\/uploads\/sites\/6\/2017\/02\/05-6-e1486907978436-300x157.jpg\" alt=\"\" width=\"300\" height=\"157\" srcset=\"https:\/\/bf-on-tour.de\/m-06\/wp-content\/uploads\/sites\/6\/2017\/02\/05-6-e1486907978436-300x157.jpg 300w, https:\/\/bf-on-tour.de\/m-06\/wp-content\/uploads\/sites\/6\/2017\/02\/05-6-e1486907978436-768x402.jpg 768w, https:\/\/bf-on-tour.de\/m-06\/wp-content\/uploads\/sites\/6\/2017\/02\/05-6-e1486907978436.jpg 943w\" sizes=\"auto, (max-width: 300px) 85vw, 300px\" \/><\/a><figcaption id=\"caption-attachment-225\" class=\"wp-caption-text\">Dickes Wetter im Anmarsch<\/figcaption><\/figure>\n<p style=\"text-align: justify;\">So m\u00fchen wir uns nach Kilboghamn \u00fcber die Berge und warten an der F\u00e4hre geduldig eine gute Stunde auf deren Eintreffen. Zum Gl\u00fcck gibt es einen Warteraum, in dem W\u00fcrstchen und Pommes verkauft werden. Bislang ohne Mittagessen, nehmen wir das Angebot dankend an. W\u00e4hrend wir auf die Fertigstellung des Essens warten, bilden sich langsam, von dem an der Regenkombi ablaufenden Wasser kleine Pf\u00fctzen unter uns und niemand von den ebenfalls wartenden Autofahrern mag so recht in die N\u00e4he dieser Wasserm\u00e4nner kommen.<\/p>\n<p style=\"text-align: justify;\">Wir finden uns mit unserer N\u00e4sse inzwischen ab. Bis -, ja bis zwei weitere Motorradfahrer auftauchen. Sie haben ihre Harleys vor die Schlange aller Wartenden gestellt und sind, bekleidet mit einer locker umh\u00e4ngenden Wildlederweste, einer Schn\u00fcrlederhose und d\u00fcnnsten Sommerhandschuhen, v\u00f6llig trocken. Nein, sie sind nicht eben erst losgefahren.\u00a0Sie sind hinter ihrer Riesenscheibe einfach trocken geblieben. Ich zweifle das erste Mal an der Tourentauglichkeit unserer Maschinen.<\/p>\n<p style=\"text-align: justify;\">Endlich auf der F\u00e4hre, geht es gem\u00fctlich zu. Die Landschaft schleicht vorbei, Nebel und Regen bleiben drau\u00dfen! Der Kapit\u00e4n gibt irgendeine Meldung auf Norwegisch durch und niemand k\u00fcmmert sich darum. Da\u00df es die \u00dcberquerung des Polarkreises ist, die er angesagt haben mu\u00df, merke ich erst, als ich an Land die Weltkugel sehe und von selbst darauf komme. Leider ist wegen des Regens der Fotoapparat tief unten im Schiff in meinem Tankrucksack und so gibt es von dieser \u00dcberquerung kein wirklich vorzeigbares Foto.<\/p>\n<figure id=\"attachment_226\" aria-describedby=\"caption-attachment-226\" style=\"width: 690px\" class=\"wp-caption aligncenter\"><a href=\"https:\/\/bf-on-tour.de\/m-06\/wp-content\/uploads\/sites\/6\/2017\/02\/06-5-e1486908021224.jpg\" rel=\"lightbox[30]\"><img loading=\"lazy\" decoding=\"async\" class=\"size-full wp-image-226\" src=\"https:\/\/bf-on-tour.de\/m-06\/wp-content\/uploads\/sites\/6\/2017\/02\/06-5-e1486908021224.jpg\" alt=\"\" width=\"690\" height=\"319\" srcset=\"https:\/\/bf-on-tour.de\/m-06\/wp-content\/uploads\/sites\/6\/2017\/02\/06-5-e1486908021224.jpg 690w, https:\/\/bf-on-tour.de\/m-06\/wp-content\/uploads\/sites\/6\/2017\/02\/06-5-e1486908021224-300x139.jpg 300w\" sizes=\"auto, (max-width: 690px) 85vw, 690px\" \/><\/a><figcaption id=\"caption-attachment-226\" class=\"wp-caption-text\">Wie man sieht, sieht man nichts!<\/figcaption><\/figure>\n<p style=\"text-align: justify;\">Angeregt durch diese Panne kommen wir mit einem Norweger ins Gespr\u00e4ch, der erz\u00e4hlt, da\u00df die norwegische Bikerunion mit den F\u00e4hrgesellschaften ein Abkommen dar\u00fcber geschlossen hat, da\u00df Motorradfahrer stets vor die wartenden Autos fahren d\u00fcrfen und somit immer als erste und auch ganz sicher mit auf die jeweils n\u00e4chste F\u00e4hre kommen.<\/p>\n<figure id=\"attachment_227\" aria-describedby=\"caption-attachment-227\" style=\"width: 300px\" class=\"wp-caption alignright\"><a href=\"https:\/\/bf-on-tour.de\/m-06\/wp-content\/uploads\/sites\/6\/2017\/02\/07-3-e1486908063638.jpg\" rel=\"lightbox[30]\"><img loading=\"lazy\" decoding=\"async\" class=\"size-medium wp-image-227\" src=\"https:\/\/bf-on-tour.de\/m-06\/wp-content\/uploads\/sites\/6\/2017\/02\/07-3-e1486908063638-300x176.jpg\" alt=\"\" width=\"300\" height=\"176\" srcset=\"https:\/\/bf-on-tour.de\/m-06\/wp-content\/uploads\/sites\/6\/2017\/02\/07-3-e1486908063638-300x176.jpg 300w, https:\/\/bf-on-tour.de\/m-06\/wp-content\/uploads\/sites\/6\/2017\/02\/07-3-e1486908063638-768x450.jpg 768w, https:\/\/bf-on-tour.de\/m-06\/wp-content\/uploads\/sites\/6\/2017\/02\/07-3-e1486908063638.jpg 858w\" sizes=\"auto, (max-width: 300px) 85vw, 300px\" \/><\/a><figcaption id=\"caption-attachment-227\" class=\"wp-caption-text\">Fur\u00f8y: Quartier im Regen<\/figcaption><\/figure>\n<p style=\"text-align: justify;\">Eine sehr n\u00fctzliche Information. Au\u00dferdem schw\u00e4rmt er vom RV44, den er oft und gern bef\u00e4hrt, da er bei Oslo wohnt, und freut sich, da\u00df uns diese Strecke auch so begeistert hat.<\/p>\n<p style=\"text-align: justify;\">Auf For\u00f8y bekommen wir tats\u00e4chlich eine H\u00fctte, wenn auch nur eine teure f\u00fcr vier Personen. Aber sie ist warm, ger\u00e4umig und gem\u00fctlich. Die Handschuhe werden ausgewrungen und wir spannen W\u00e4scheleinen quer durch die H\u00fctte. Und weil jetzt \u00fcberall nasse Klamotten rumh\u00e4ngen, gehen wir zeitig zu Bett. Wenn das Wetter so bleibt, sparen wir die Lofoten aus. Im Regen hat man ja doch nichts davon.<\/p>\n","protected":false},"excerpt":{"rendered":"<p>Montag, 10. Juli 2006 &#8211; Strecke: 236 km &#8211; Fahrzeit ca. 8 Std. Italien ist gestern Fu\u00dfballweltmeister geworden. Wir wissen das noch nicht, aber der F\u00e4hrkapit\u00e4n der F\u00e4hre von Horn nach Andalsv\u00e5g wei\u00df es garantiert. Seine Anlegeman\u00f6ver zeigen, da\u00df er gestern zu lange ferngesehen und dabei zuviel alkoholhaltige Genu\u00dfmittel konsumiert hat.\u00a0Mit Volldampf f\u00e4hrt er zun\u00e4chst &hellip; <a href=\"https:\/\/bf-on-tour.de\/m-06\/page-09\/\" class=\"more-link\"><span class=\"screen-reader-text\">\u201eInselhopping\u201c <\/span>weiterlesen<\/a><\/p>\n","protected":false},"author":1,"featured_media":0,"parent":0,"menu_order":9,"comment_status":"open","ping_status":"closed","template":"","meta":{"footnotes":""},"class_list":["post-30","page","type-page","status-publish","hentry"],"_links":{"self":[{"href":"https:\/\/bf-on-tour.de\/m-06\/wp-json\/wp\/v2\/pages\/30","targetHints":{"allow":["GET"]}}],"collection":[{"href":"https:\/\/bf-on-tour.de\/m-06\/wp-json\/wp\/v2\/pages"}],"about":[{"href":"https:\/\/bf-on-tour.de\/m-06\/wp-json\/wp\/v2\/types\/page"}],"author":[{"embeddable":true,"href":"https:\/\/bf-on-tour.de\/m-06\/wp-json\/wp\/v2\/users\/1"}],"replies":[{"embeddable":true,"href":"https:\/\/bf-on-tour.de\/m-06\/wp-json\/wp\/v2\/comments?post=30"}],"version-history":[{"count":7,"href":"https:\/\/bf-on-tour.de\/m-06\/wp-json\/wp\/v2\/pages\/30\/revisions"}],"predecessor-version":[{"id":421,"href":"https:\/\/bf-on-tour.de\/m-06\/wp-json\/wp\/v2\/pages\/30\/revisions\/421"}],"wp:attachment":[{"href":"https:\/\/bf-on-tour.de\/m-06\/wp-json\/wp\/v2\/media?parent=30"}],"curies":[{"name":"wp","href":"https:\/\/api.w.org\/{rel}","templated":true}]}}