{"id":26,"date":"2017-02-02T21:16:47","date_gmt":"2017-02-02T20:16:47","guid":{"rendered":"http:\/\/blog.family-riders.de\/nordkap\/?page_id=26"},"modified":"2020-04-03T11:25:15","modified_gmt":"2020-04-03T09:25:15","slug":"page-07","status":"publish","type":"page","link":"https:\/\/bf-on-tour.de\/m-06\/page-07\/","title":{"rendered":"Eine Nacht im Dunstkreis von Giovanni Paolo Maggini"},"content":{"rendered":"<figure id=\"attachment_193\" aria-describedby=\"caption-attachment-193\" style=\"width: 300px\" class=\"wp-caption alignright\"><a href=\"https:\/\/bf-on-tour.de\/m-06\/wp-content\/uploads\/sites\/6\/2017\/02\/00-6-e1486905140585.jpg\" rel=\"lightbox[26]\"><img loading=\"lazy\" decoding=\"async\" class=\"wp-image-193 size-medium\" src=\"https:\/\/bf-on-tour.de\/m-06\/wp-content\/uploads\/sites\/6\/2017\/02\/00-6-e1486905140585-300x245.jpg\" width=\"300\" height=\"245\" srcset=\"https:\/\/bf-on-tour.de\/m-06\/wp-content\/uploads\/sites\/6\/2017\/02\/00-6-e1486905140585-300x245.jpg 300w, https:\/\/bf-on-tour.de\/m-06\/wp-content\/uploads\/sites\/6\/2017\/02\/00-6-e1486905140585.jpg 633w\" sizes=\"auto, (max-width: 300px) 85vw, 300px\" \/><\/a><figcaption id=\"caption-attachment-193\" class=\"wp-caption-text\">Von Sundals\u00f8ra nach Inder\u00f8y<\/figcaption><\/figure>\n<p style=\"text-align: justify;\"><strong>Sonnabend, 8. Juli 2006 &#8211; Strecke: 335 km &#8211; Fahrzeit ca. 7 Std.<\/strong><\/p>\n<p style=\"text-align: justify;\">Es regnet noch immer. Nicht viel, aber konstant. Heute wollen wir nach Gj\u00f8ra zum 156 m hohen Sv\u00f8ufossen in der Schlucht Jenstadjuvet und hoffen, da\u00df &#8211; so wie gestern &#8211; der Regen nachl\u00e4\u00dft, wenn wir in das Landesinnere fahren.\u00a0Aber heute ist es genau umgekehrt. In Gj\u00f8ra angekommen ist von der Landschaft rein gar nichts mehr zu sehen und es sch\u00fcttet wie aus Eimern. Au\u00dferdem ist es richtig kalt geworden.<\/p>\n<p style=\"text-align: justify;\">Wir fahren also weiter, ohne den Wasserfall gesehen zu haben und hoffen, im Gebiet um Oppdal, einem bekannten Wintersportort, vielleicht ein paar Wolkenl\u00fccken zu erwischen. Fehlanzeige. Oppdal pr\u00e4sentiert sich im dicken Nebel und vom Wintersportgebiet sehen wir lediglich die Hinweisschilder zu Schleppliften und Seilbahnen. Es mu\u00df hier also Berge geben, nur zu sehen sind sie nicht.<\/p>\n<p style=\"text-align: justify;\">Da unser Tagesziel Trondheim ist, steht zur Auswahl ob wir auf der E6 dorthin fahren oder im nahe gelegenen Berk\u00e5k auf den RV700 wechseln. Die Entscheidung f\u00e4llt leicht: Auf der E6 ist wenig Verkehr und wieder in die Berge zu fahren, verbietet der Nebel.\u00a0Es bleibt also bei der Hauptstra\u00dfe, die sich landschaftlich und fahrerisch als durchaus angenehm entpuppt.<\/p>\n<figure id=\"attachment_194\" aria-describedby=\"caption-attachment-194\" style=\"width: 300px\" class=\"wp-caption alignleft\"><a href=\"https:\/\/bf-on-tour.de\/m-06\/wp-content\/uploads\/sites\/6\/2017\/02\/02-6-e1486905167968.jpg\" rel=\"lightbox[26]\"><img loading=\"lazy\" decoding=\"async\" class=\"wp-image-194 size-medium\" src=\"https:\/\/bf-on-tour.de\/m-06\/wp-content\/uploads\/sites\/6\/2017\/02\/02-6-e1486905167968-300x199.jpg\" width=\"300\" height=\"199\" srcset=\"https:\/\/bf-on-tour.de\/m-06\/wp-content\/uploads\/sites\/6\/2017\/02\/02-6-e1486905167968-300x199.jpg 300w, https:\/\/bf-on-tour.de\/m-06\/wp-content\/uploads\/sites\/6\/2017\/02\/02-6-e1486905167968.jpg 724w\" sizes=\"auto, (max-width: 300px) 85vw, 300px\" \/><\/a><figcaption id=\"caption-attachment-194\" class=\"wp-caption-text\">Blick auf Trondheim<\/figcaption><\/figure>\n<p style=\"text-align: justify;\">Z\u00f6gerlich wird die Sicht im Tagesverlauf besser. In Trondheim h\u00f6rt es endlich auf zu regnen. Wir suchen die Jugendherberge mit Hilfe des GPS und nat\u00fcrlich einen Yamaha-H\u00e4ndler zum Auswechseln des kaputten Blinkers. Der Yamaha-H\u00e4ndler ist entweder pleite oder umgezogen, denn der Laden ist verlassen, und die Jugendherberge ist ausgebucht. Immerhin reserviert man uns ein Zimmer in der n\u00e4chsten Herberge, die sich auf der Halbinsel Inder\u00f8y befindet.<\/p>\n<p style=\"text-align: justify;\">Irgend etwas Besonderes mu\u00df in der Stadt los sein an diesem Wochenende. Am Dom hatten wir bereits viele Hochzeitspaare und Menschen in Landestrachten gesehen, kaum einen Parkplatz bekommen, um das GPS einzuschalten und von einem Parkw\u00e4chter auch ziemlich schnell einen Anranzer erhalten, da\u00df wir doch baldm\u00f6glichst weiterfahren sollten. OK, das machen wir jetzt.\u00a0Die 65 km bis Inder\u00f8y schaffen wir heute auch noch.<\/p>\n<figure id=\"attachment_195\" aria-describedby=\"caption-attachment-195\" style=\"width: 687px\" class=\"wp-caption aligncenter\"><a href=\"https:\/\/bf-on-tour.de\/m-06\/wp-content\/uploads\/sites\/6\/2017\/02\/03-6-e1486905202245.jpg\" rel=\"lightbox[26]\"><img loading=\"lazy\" decoding=\"async\" class=\"wp-image-195 size-full\" src=\"https:\/\/bf-on-tour.de\/m-06\/wp-content\/uploads\/sites\/6\/2017\/02\/03-6-e1486905202245.jpg\" width=\"687\" height=\"332\" srcset=\"https:\/\/bf-on-tour.de\/m-06\/wp-content\/uploads\/sites\/6\/2017\/02\/03-6-e1486905202245.jpg 687w, https:\/\/bf-on-tour.de\/m-06\/wp-content\/uploads\/sites\/6\/2017\/02\/03-6-e1486905202245-300x145.jpg 300w\" sizes=\"auto, (max-width: 687px) 85vw, 687px\" \/><\/a><figcaption id=\"caption-attachment-195\" class=\"wp-caption-text\">Liebliche Landschaft auf Inder\u00f8y<\/figcaption><\/figure>\n<p style=\"text-align: justify;\">Zwar finden wir zun\u00e4chst nicht den richtigen Abzweig von der E6 nach Inder\u00f8y, aber \u00fcber den RV761 kommen wir dann eben via Straumen dort hin, wohin wir wollen. Die Herberge befindet sich in einem Haus, das die norwegische Volkshochschule verwendet und wir sind die einzigen G\u00e4ste &#8211; au\u00dfer einem internationalen Kammermusikkurs unter der Leitung des ber\u00fchmten Maggini-Quartetts.<\/p>\n<p style=\"text-align: justify;\">Nat\u00fcrlich wissen wir nicht, wer Maggini ist oder war und so geben wir uns alle M\u00fche,\u00a0zwischen all diesen v\u00f6llig Durchgeistigten, mit geschulterter Bratsche oder geschlepptem Cello, wehenden Haares durch die R\u00e4ume irrenden Musici, uns nicht als motorradfahrende Kunstbanausen zu outen &#8211; und verschwinden im hauseigenen Internetcaf\u00e9. Da kennen sich die anderen n\u00e4mlich nicht aus\u2026<\/p>\n<p style=\"text-align: justify;\">Aber wir. Deshalb wissen wir auch ein paar Stunden sp\u00e4ter, da\u00df &#8211; auch wenn der Name h\u00f6chst banale Assoziationen weckt &#8211; Giovanni Paolo Maggini ein ber\u00fchmter italienischer Geigenbauer gewesen, das nach ihm benannte Quartett aus England kommt, auch ziemlich ber\u00fchmt ist und da\u00df dieser Kurs morgen, am Sonntag, zu Ende geht. So!<\/p>\n<figure id=\"attachment_196\" aria-describedby=\"caption-attachment-196\" style=\"width: 687px\" class=\"wp-caption aligncenter\"><a href=\"https:\/\/bf-on-tour.de\/m-06\/wp-content\/uploads\/sites\/6\/2017\/02\/04-5-e1486905226759.jpg\" rel=\"lightbox[26]\"><img loading=\"lazy\" decoding=\"async\" class=\"wp-image-196 size-full\" src=\"https:\/\/bf-on-tour.de\/m-06\/wp-content\/uploads\/sites\/6\/2017\/02\/04-5-e1486905226759.jpg\" width=\"687\" height=\"363\" srcset=\"https:\/\/bf-on-tour.de\/m-06\/wp-content\/uploads\/sites\/6\/2017\/02\/04-5-e1486905226759.jpg 687w, https:\/\/bf-on-tour.de\/m-06\/wp-content\/uploads\/sites\/6\/2017\/02\/04-5-e1486905226759-300x159.jpg 300w\" sizes=\"auto, (max-width: 687px) 85vw, 687px\" \/><\/a><figcaption id=\"caption-attachment-196\" class=\"wp-caption-text\">Straumen, Inder\u00f8y<\/figcaption><\/figure>\n","protected":false},"excerpt":{"rendered":"<p>Sonnabend, 8. Juli 2006 &#8211; Strecke: 335 km &#8211; Fahrzeit ca. 7 Std. Es regnet noch immer. Nicht viel, aber konstant. Heute wollen wir nach Gj\u00f8ra zum 156 m hohen Sv\u00f8ufossen in der Schlucht Jenstadjuvet und hoffen, da\u00df &#8211; so wie gestern &#8211; der Regen nachl\u00e4\u00dft, wenn wir in das Landesinnere fahren.\u00a0Aber heute ist es &hellip; <a href=\"https:\/\/bf-on-tour.de\/m-06\/page-07\/\" class=\"more-link\"><span class=\"screen-reader-text\">\u201eEine Nacht im Dunstkreis von Giovanni Paolo Maggini\u201c <\/span>weiterlesen<\/a><\/p>\n","protected":false},"author":1,"featured_media":0,"parent":0,"menu_order":7,"comment_status":"open","ping_status":"closed","template":"","meta":{"footnotes":""},"class_list":["post-26","page","type-page","status-publish","hentry"],"_links":{"self":[{"href":"https:\/\/bf-on-tour.de\/m-06\/wp-json\/wp\/v2\/pages\/26","targetHints":{"allow":["GET"]}}],"collection":[{"href":"https:\/\/bf-on-tour.de\/m-06\/wp-json\/wp\/v2\/pages"}],"about":[{"href":"https:\/\/bf-on-tour.de\/m-06\/wp-json\/wp\/v2\/types\/page"}],"author":[{"embeddable":true,"href":"https:\/\/bf-on-tour.de\/m-06\/wp-json\/wp\/v2\/users\/1"}],"replies":[{"embeddable":true,"href":"https:\/\/bf-on-tour.de\/m-06\/wp-json\/wp\/v2\/comments?post=26"}],"version-history":[{"count":10,"href":"https:\/\/bf-on-tour.de\/m-06\/wp-json\/wp\/v2\/pages\/26\/revisions"}],"predecessor-version":[{"id":419,"href":"https:\/\/bf-on-tour.de\/m-06\/wp-json\/wp\/v2\/pages\/26\/revisions\/419"}],"wp:attachment":[{"href":"https:\/\/bf-on-tour.de\/m-06\/wp-json\/wp\/v2\/media?parent=26"}],"curies":[{"name":"wp","href":"https:\/\/api.w.org\/{rel}","templated":true}]}}