{"id":38,"date":"2019-10-07T15:13:09","date_gmt":"2019-10-07T13:13:09","guid":{"rendered":"http:\/\/bf-on-tour.de\/kurztouren\/?page_id=38"},"modified":"2020-06-29T20:26:30","modified_gmt":"2020-06-29T18:26:30","slug":"2019-meran","status":"publish","type":"page","link":"https:\/\/bf-on-tour.de\/kurztouren\/2019-meran\/","title":{"rendered":"2019 &#8211; Kurztrip nach Meran: Start in M\u00fcnchen"},"content":{"rendered":"<p>Wir sind auf unserem Kurztrip nach Meran diesmal nicht allein unterwegs. Dennis und seine Partnerin haben den Kurzurlaub durchgeplant und wir genie\u00dfen es, einfach hinter ihnen zu fahren; nicht der Tourguide sein, nicht dauernd im R\u00fcckspiegel schauen zu m\u00fcssen, ob noch alle Sch\u00e4flein da sind, ob man zu schnell ist oder zu langsam, ob die Stra\u00dfe gesperrt ist oder irgendwer tanken muss. Und unsere Maschinen? Nachdem beide neu besohlt wurden (O-Ton des H\u00e4ndlers zu unseren alten Reifen: Eure Laufleistung ist gesch\u00e4ftssch\u00e4digend!) und die 20.000-er Inspektion schadlos \u00fcberstanden haben, laufen sie wie die Wiesel, schnurren seidig vor sich hin. Tiger eben! Und so kommen wir gegen Abend in M\u00fcnchen an.<\/p>\n<p><a href=\"https:\/\/bf-on-tour.de\/kurztouren\/wp-content\/uploads\/sites\/21\/2019\/10\/Tag-1-1.jpg\" rel=\"lightbox[38]\"><img loading=\"lazy\" decoding=\"async\" class=\"aligncenter size-large wp-image-40\" src=\"https:\/\/bf-on-tour.de\/kurztouren\/wp-content\/uploads\/sites\/21\/2019\/10\/Tag-1-1-1024x403.jpg\" alt=\"\" width=\"840\" height=\"331\" srcset=\"https:\/\/bf-on-tour.de\/kurztouren\/wp-content\/uploads\/sites\/21\/2019\/10\/Tag-1-1-1024x403.jpg 1024w, https:\/\/bf-on-tour.de\/kurztouren\/wp-content\/uploads\/sites\/21\/2019\/10\/Tag-1-1-300x118.jpg 300w, https:\/\/bf-on-tour.de\/kurztouren\/wp-content\/uploads\/sites\/21\/2019\/10\/Tag-1-1-768x302.jpg 768w, https:\/\/bf-on-tour.de\/kurztouren\/wp-content\/uploads\/sites\/21\/2019\/10\/Tag-1-1-1200x472.jpg 1200w\" sizes=\"auto, (max-width: 709px) 85vw, (max-width: 909px) 67vw, (max-width: 1362px) 62vw, 840px\" \/><\/a><\/p>\n<p>Und hier beginnt es &#8211; wie sonst &#8211; im Biergarten. Ein entspannter Abend mit Blick auf die Isar, deren breite Ger\u00f6llufer von den M\u00fcnchnern ausgiebig f\u00fcr abendliche Picknick- und Badevergn\u00fcgen genutzt werden (unvorstellbar, dass sich derartiges an den Ufern der Alster abspielen k\u00f6nnte), einem erfrischenden Weizenbier und dem f\u00fcr Bayern obligaten Krustenbraten.<\/p>\n<p><a href=\"https:\/\/bf-on-tour.de\/kurztouren\/wp-content\/uploads\/sites\/21\/2019\/10\/Tag-1-2.jpg\" rel=\"lightbox[38]\"><img loading=\"lazy\" decoding=\"async\" class=\"alignleft size-medium wp-image-41\" src=\"https:\/\/bf-on-tour.de\/kurztouren\/wp-content\/uploads\/sites\/21\/2019\/10\/Tag-1-2-300x300.jpg\" alt=\"\" width=\"300\" height=\"300\" srcset=\"https:\/\/bf-on-tour.de\/kurztouren\/wp-content\/uploads\/sites\/21\/2019\/10\/Tag-1-2-300x300.jpg 300w, https:\/\/bf-on-tour.de\/kurztouren\/wp-content\/uploads\/sites\/21\/2019\/10\/Tag-1-2-150x150.jpg 150w, https:\/\/bf-on-tour.de\/kurztouren\/wp-content\/uploads\/sites\/21\/2019\/10\/Tag-1-2-768x768.jpg 768w, https:\/\/bf-on-tour.de\/kurztouren\/wp-content\/uploads\/sites\/21\/2019\/10\/Tag-1-2.jpg 865w\" sizes=\"auto, (max-width: 300px) 85vw, 300px\" \/><\/a><a href=\"https:\/\/bf-on-tour.de\/kurztouren\/wp-content\/uploads\/sites\/21\/2019\/10\/Tag-1-3.jpg\" rel=\"lightbox[38]\"><img loading=\"lazy\" decoding=\"async\" class=\"alignright size-medium wp-image-42\" src=\"https:\/\/bf-on-tour.de\/kurztouren\/wp-content\/uploads\/sites\/21\/2019\/10\/Tag-1-3-300x300.jpg\" alt=\"\" width=\"300\" height=\"300\" srcset=\"https:\/\/bf-on-tour.de\/kurztouren\/wp-content\/uploads\/sites\/21\/2019\/10\/Tag-1-3-300x300.jpg 300w, https:\/\/bf-on-tour.de\/kurztouren\/wp-content\/uploads\/sites\/21\/2019\/10\/Tag-1-3-150x150.jpg 150w, https:\/\/bf-on-tour.de\/kurztouren\/wp-content\/uploads\/sites\/21\/2019\/10\/Tag-1-3-768x768.jpg 768w, https:\/\/bf-on-tour.de\/kurztouren\/wp-content\/uploads\/sites\/21\/2019\/10\/Tag-1-3.jpg 865w\" sizes=\"auto, (max-width: 300px) 85vw, 300px\" \/><\/a>Am n\u00e4chsten Tag dann das Allg\u00e4u in seiner sch\u00f6nsten Form: sonnig, verkehrsarm, h\u00fcgelig und kurvig. Ideal f\u00fcr eine gem\u00fctlich, flotte Anfahrt ins Kleinwalsertal. Mittagspause am Forggensee, danach von Pfronten ins Tannheimer Tal, ein Abstecher zum Haldensee und als kr\u00f6nender Abschluss das Oberjoch abw\u00e4rts. Und selbst hier keine Einschr\u00e4nkungen durch irgendwelche Verkehrstr\u00f6del. Die sind diesmal eher wir, denn unsere Kurvenk\u00fcnste sind verbesserungsw\u00fcrdig. Dennis kommt mit Sozia deutlich flotter durch die Kehren; da machen sich die vielen Jahre bemerkbar, in denen er hier gewohnt hat und diese Tour mehr als einmal gefahren ist.<\/p>\n<p><a href=\"https:\/\/bf-on-tour.de\/kurztouren\/wp-content\/uploads\/sites\/21\/2019\/10\/Tag-1-4.jpg\" rel=\"lightbox[38]\"><img loading=\"lazy\" decoding=\"async\" class=\"aligncenter size-full wp-image-43\" src=\"https:\/\/bf-on-tour.de\/kurztouren\/wp-content\/uploads\/sites\/21\/2019\/10\/Tag-1-4.jpg\" alt=\"\" width=\"865\" height=\"865\" srcset=\"https:\/\/bf-on-tour.de\/kurztouren\/wp-content\/uploads\/sites\/21\/2019\/10\/Tag-1-4.jpg 865w, https:\/\/bf-on-tour.de\/kurztouren\/wp-content\/uploads\/sites\/21\/2019\/10\/Tag-1-4-150x150.jpg 150w, https:\/\/bf-on-tour.de\/kurztouren\/wp-content\/uploads\/sites\/21\/2019\/10\/Tag-1-4-300x300.jpg 300w, https:\/\/bf-on-tour.de\/kurztouren\/wp-content\/uploads\/sites\/21\/2019\/10\/Tag-1-4-768x768.jpg 768w\" sizes=\"auto, (max-width: 709px) 85vw, (max-width: 909px) 67vw, (max-width: 1362px) 62vw, 840px\" \/><\/a><\/p>\n<p>Aber egal, irgendwann sind wir angekommen, f\u00fchlen uns wie zu Hause und freuen uns auf das Sommerfest.<\/p>\n<p><a href=\"https:\/\/bf-on-tour.de\/kurztouren\/2019-meran\/2-2\"><img loading=\"lazy\" decoding=\"async\" class=\"alignright wp-image-64\" src=\"https:\/\/bf-on-tour.de\/kurztouren\/wp-content\/uploads\/sites\/21\/2019\/10\/weiter.png\" alt=\"\" width=\"50\" height=\"37\" \/><\/a><\/p>\n","protected":false},"excerpt":{"rendered":"<p>Wir sind auf unserem Kurztrip nach Meran diesmal nicht allein unterwegs. Dennis und seine Partnerin haben den Kurzurlaub durchgeplant und wir genie\u00dfen es, einfach hinter ihnen zu fahren; nicht der Tourguide sein, nicht dauernd im R\u00fcckspiegel schauen zu m\u00fcssen, ob noch alle Sch\u00e4flein da sind, ob man zu schnell ist oder zu langsam, ob die &hellip; <a href=\"https:\/\/bf-on-tour.de\/kurztouren\/2019-meran\/\" class=\"more-link\"><span class=\"screen-reader-text\">\u201e2019 &#8211; Kurztrip nach Meran: Start in M\u00fcnchen\u201c <\/span>weiterlesen<\/a><\/p>\n","protected":false},"author":1,"featured_media":0,"parent":0,"menu_order":0,"comment_status":"open","ping_status":"closed","template":"","meta":{"footnotes":""},"class_list":["post-38","page","type-page","status-publish","hentry"],"_links":{"self":[{"href":"https:\/\/bf-on-tour.de\/kurztouren\/wp-json\/wp\/v2\/pages\/38","targetHints":{"allow":["GET"]}}],"collection":[{"href":"https:\/\/bf-on-tour.de\/kurztouren\/wp-json\/wp\/v2\/pages"}],"about":[{"href":"https:\/\/bf-on-tour.de\/kurztouren\/wp-json\/wp\/v2\/types\/page"}],"author":[{"embeddable":true,"href":"https:\/\/bf-on-tour.de\/kurztouren\/wp-json\/wp\/v2\/users\/1"}],"replies":[{"embeddable":true,"href":"https:\/\/bf-on-tour.de\/kurztouren\/wp-json\/wp\/v2\/comments?post=38"}],"version-history":[{"count":14,"href":"https:\/\/bf-on-tour.de\/kurztouren\/wp-json\/wp\/v2\/pages\/38\/revisions"}],"predecessor-version":[{"id":182,"href":"https:\/\/bf-on-tour.de\/kurztouren\/wp-json\/wp\/v2\/pages\/38\/revisions\/182"}],"wp:attachment":[{"href":"https:\/\/bf-on-tour.de\/kurztouren\/wp-json\/wp\/v2\/media?parent=38"}],"curies":[{"name":"wp","href":"https:\/\/api.w.org\/{rel}","templated":true}]}}