{"id":85,"date":"2018-09-06T19:06:29","date_gmt":"2018-09-06T17:06:29","guid":{"rendered":"http:\/\/blog.family-riders.de\/k-18\/?page_id=85"},"modified":"2020-04-03T11:14:33","modified_gmt":"2020-04-03T09:14:33","slug":"p-05","status":"publish","type":"page","link":"https:\/\/bf-on-tour.de\/k-18\/p-05\/","title":{"rendered":"Bloomsday in Guinnesstown"},"content":{"rendered":"<p>Heute ist Freutag! Wir sind in Irland, diesmal aber in der Republik, haben keinen Ausflug gebucht und konnten tats\u00e4chlich mal ausschlafen! Unser Programm: Dublin auf eigene Faust erkunden.<\/p>\n<figure id=\"attachment_93\" aria-describedby=\"caption-attachment-93\" style=\"width: 4592px\" class=\"wp-caption aligncenter\"><img loading=\"lazy\" decoding=\"async\" class=\"size-full wp-image-93\" src=\"https:\/\/bf-on-tour.de\/k-18\/wp-content\/uploads\/sites\/17\/2018\/09\/Penny-Bridge.jpg\" alt=\"\" width=\"4592\" height=\"2584\" srcset=\"https:\/\/bf-on-tour.de\/k-18\/wp-content\/uploads\/sites\/17\/2018\/09\/Penny-Bridge.jpg 4592w, https:\/\/bf-on-tour.de\/k-18\/wp-content\/uploads\/sites\/17\/2018\/09\/Penny-Bridge-300x169.jpg 300w, https:\/\/bf-on-tour.de\/k-18\/wp-content\/uploads\/sites\/17\/2018\/09\/Penny-Bridge-768x432.jpg 768w, https:\/\/bf-on-tour.de\/k-18\/wp-content\/uploads\/sites\/17\/2018\/09\/Penny-Bridge-1024x576.jpg 1024w, https:\/\/bf-on-tour.de\/k-18\/wp-content\/uploads\/sites\/17\/2018\/09\/Penny-Bridge-1200x675.jpg 1200w\" sizes=\"auto, (max-width: 709px) 85vw, (max-width: 909px) 67vw, (max-width: 1362px) 62vw, 840px\" \/><figcaption id=\"caption-attachment-93\" class=\"wp-caption-text\">Penny Bridge<\/figcaption><\/figure>\n<p>Also ausgiebig fr\u00fchst\u00fccken, die f\u00fcr Ausfl\u00fcge notwendige Ausr\u00fcstung ordnen: Jacken, M\u00fctzen, Kameras &#8211; man will schlie\u00dflich als Tourist erkannt werden &#8211; und ab mit dem Shuttlebus in die Stadt. Dort dann direktes Umsteigen in einen HopOn-HopOff-Bus, in dem es anstatt des \u00fcblichen Tonbandes eine quicklebendige deutsche Reiseleitung gibt. Sehr erfreulich!<\/p>\n<figure id=\"attachment_92\" aria-describedby=\"caption-attachment-92\" style=\"width: 3029px\" class=\"wp-caption aligncenter\"><img loading=\"lazy\" decoding=\"async\" class=\"size-full wp-image-92\" src=\"https:\/\/bf-on-tour.de\/k-18\/wp-content\/uploads\/sites\/17\/2018\/09\/Molly.jpg\" alt=\"\" width=\"3029\" height=\"3445\" srcset=\"https:\/\/bf-on-tour.de\/k-18\/wp-content\/uploads\/sites\/17\/2018\/09\/Molly.jpg 3029w, https:\/\/bf-on-tour.de\/k-18\/wp-content\/uploads\/sites\/17\/2018\/09\/Molly-264x300.jpg 264w, https:\/\/bf-on-tour.de\/k-18\/wp-content\/uploads\/sites\/17\/2018\/09\/Molly-768x873.jpg 768w, https:\/\/bf-on-tour.de\/k-18\/wp-content\/uploads\/sites\/17\/2018\/09\/Molly-900x1024.jpg 900w, https:\/\/bf-on-tour.de\/k-18\/wp-content\/uploads\/sites\/17\/2018\/09\/Molly-1200x1365.jpg 1200w\" sizes=\"auto, (max-width: 709px) 85vw, (max-width: 909px) 67vw, (max-width: 1362px) 62vw, 840px\" \/><figcaption id=\"caption-attachment-92\" class=\"wp-caption-text\">Molly Malone (an manchen Stellen schon etwas blank gescheuert&#8230;)<\/figcaption><\/figure>\n<p>Als erstes fallen uns einige altmodisch gekleidete Menschen auf, die aussehen, als wollten sie zu einem Kost\u00fcmfest aus der Jahrhundertwende. Wir werden aufgekl\u00e4rt: Heute ist Bloomsday!<\/p>\n<p>Bloomsday? Irischer Feiertag? Nein, Leopold Bloom ist die Hauptfigur im Roman <i>Ulysses<\/i> von James Joyce, einem der bekanntesten S\u00f6hne Dublins. In Anlehnung an Homers <i>Irrfahrten<\/i> <i>des<\/i> <i>Odysseus<\/i> (im Englischen Ulysses) schildert Joyce darin den 16. Juni 1904 im Leben dieses Mannes. Das wiederum veranlasst die Dubliner sich jedes Jahr am 16. Juni kleidungsm\u00e4\u00dfig ins Jahr 1904 zur\u00fcck zu versetzen. Und heute ist der 16. Juni!<\/p>\n<p>Unsere Fahrt geht vorbei am Parlamentsgeb\u00e4ude zum Rathaus. Ob es nun am Bloomsday liegt oder einfach daran, dass wir Gl\u00fcck haben, erfahren wir nicht, aber heute ist das Rathaus f\u00fcr Publikum ge\u00f6ffnet &#8211; und das ist es immer nur an einem einzigen Tag im Jahr. Na sch\u00f6n&#8230;<\/p>\n<p><img loading=\"lazy\" decoding=\"async\" class=\"alignright wp-image-88 size-medium\" src=\"https:\/\/bf-on-tour.de\/k-18\/wp-content\/uploads\/sites\/17\/2018\/09\/Dublin1-Komposition-300x300.jpg\" alt=\"\" width=\"300\" height=\"300\" srcset=\"https:\/\/bf-on-tour.de\/k-18\/wp-content\/uploads\/sites\/17\/2018\/09\/Dublin1-Komposition-300x300.jpg 300w, https:\/\/bf-on-tour.de\/k-18\/wp-content\/uploads\/sites\/17\/2018\/09\/Dublin1-Komposition-150x150.jpg 150w, https:\/\/bf-on-tour.de\/k-18\/wp-content\/uploads\/sites\/17\/2018\/09\/Dublin1-Komposition.jpg 640w\" sizes=\"auto, (max-width: 300px) 85vw, 300px\" \/>Nach ein paar Schlenkern vorbei an bedeutenden Kirchen, bedeutenden Whiskeybrennereien &#8211; alten und neuen &#8211; und ebenso bedeutenden anderen Geb\u00e4uden erreichen wir Guinness. K\u00f6nnte es hier \u00fcberhaupt Bedeutenderes geben? Die Brauerei gleicht einem kleinen Stadtteil. H\u00fcbsch ist das alles nicht, aber eben bedeutend!<\/p>\n<p><img loading=\"lazy\" decoding=\"async\" class=\"alignleft size-medium wp-image-89\" src=\"https:\/\/bf-on-tour.de\/k-18\/wp-content\/uploads\/sites\/17\/2018\/09\/Dublin2-Komposition-300x300.jpg\" alt=\"\" width=\"300\" height=\"300\" srcset=\"https:\/\/bf-on-tour.de\/k-18\/wp-content\/uploads\/sites\/17\/2018\/09\/Dublin2-Komposition-300x300.jpg 300w, https:\/\/bf-on-tour.de\/k-18\/wp-content\/uploads\/sites\/17\/2018\/09\/Dublin2-Komposition-150x150.jpg 150w, https:\/\/bf-on-tour.de\/k-18\/wp-content\/uploads\/sites\/17\/2018\/09\/Dublin2-Komposition.jpg 640w\" sizes=\"auto, (max-width: 300px) 85vw, 300px\" \/>Die Story beginnt 1725 mit Arthur Guinness aus Celbridge. 1752 erbt er 100 Pfund und beginnt Ale zu brauen. 1759 zieht er nach Dublin um und schlie\u00dft dort f\u00fcr seine neue, erweiterte Brauerei einen Grundst\u00fcckspachtvertrag \u00fcber (sage und schreibe) 9.000 Jahre zu gleichbleibenden Konditionen ab. Das nennt man Weitblick! Nun, wie es weiter gegangen ist, kann man von der Fremdenf\u00fchrerin erfahren, im Internet nachlesen oder man l\u00e4uft einfach mit offenen Augen durch die Stadt.<\/p>\n<p>Bereits nach wenigen Minuten, am Bahnhof und am River Liffey angekommen, findet sich n\u00e4mlich schon der n\u00e4chste kleine Guinness-Stadtteil. Und in der Stadt selbst, von der gesagt wird, man k\u00f6nne keine 100 Meter laufen, ohne nicht mindestens einem Pub begegnet zu sein, gibt es wohl nicht einen einzigen, der nicht mit dem bekannten Logo der irischen Harfe werben w\u00fcrde.<\/p>\n<p><img loading=\"lazy\" decoding=\"async\" class=\"alignright size-medium wp-image-90\" src=\"https:\/\/bf-on-tour.de\/k-18\/wp-content\/uploads\/sites\/17\/2018\/09\/Dublin3-Komposition-300x300.jpg\" alt=\"\" width=\"300\" height=\"300\" srcset=\"https:\/\/bf-on-tour.de\/k-18\/wp-content\/uploads\/sites\/17\/2018\/09\/Dublin3-Komposition-300x300.jpg 300w, https:\/\/bf-on-tour.de\/k-18\/wp-content\/uploads\/sites\/17\/2018\/09\/Dublin3-Komposition-150x150.jpg 150w, https:\/\/bf-on-tour.de\/k-18\/wp-content\/uploads\/sites\/17\/2018\/09\/Dublin3-Komposition.jpg 640w\" sizes=\"auto, (max-width: 300px) 85vw, 300px\" \/>Ach ja, die Harfe. 1862 entstand das Logo mit der irischen Harfe. Aber es gab \u00c4rger mit der Regierung, die ihr Wappen nicht auf einer Bierflasche sehen wollte. Nach einigem Hin und Her einigte man sich. Guinness gab auf &#8211; und? Drehte die Harfe einfach auf links.<\/p>\n<p><img loading=\"lazy\" decoding=\"async\" class=\"alignleft size-medium wp-image-91\" src=\"https:\/\/bf-on-tour.de\/k-18\/wp-content\/uploads\/sites\/17\/2018\/09\/Dublin4-Komposition-300x300.jpg\" alt=\"\" width=\"300\" height=\"300\" srcset=\"https:\/\/bf-on-tour.de\/k-18\/wp-content\/uploads\/sites\/17\/2018\/09\/Dublin4-Komposition-300x300.jpg 300w, https:\/\/bf-on-tour.de\/k-18\/wp-content\/uploads\/sites\/17\/2018\/09\/Dublin4-Komposition-150x150.jpg 150w, https:\/\/bf-on-tour.de\/k-18\/wp-content\/uploads\/sites\/17\/2018\/09\/Dublin4-Komposition.jpg 640w\" sizes=\"auto, (max-width: 300px) 85vw, 300px\" \/>Wir machen Hop-Off und suchen jetzt einen solchen Pub, denn der kleine Hunger ist wieder da und er hat diesmal den kleinen Durst mitgebracht. Allerdings ist es in der inneren Stadt v\u00f6llig unm\u00f6glich, eine Lokalit\u00e4t zu finden, in der nicht Fu\u00dfball im Fernseher l\u00e4uft oder irische Folklore gebr\u00fcllt wird &#8211; in manchen auch beides. \u00dcberdies sind alle Etablissements be\u00e4ngstigend voll und die Preise abenteuerlich. In der Abbey Street finden wir aber schlie\u00dflich doch noch einen geeigneten Ort, um in Ruhe ein gro\u00dfes (!) Guinness und eine kleine Mahlzeit zu uns nehmen zu k\u00f6nnen.<\/p>\n<figure id=\"attachment_87\" aria-describedby=\"caption-attachment-87\" style=\"width: 840px\" class=\"wp-caption aligncenter\"><img loading=\"lazy\" decoding=\"async\" class=\"wp-image-87 size-large\" src=\"https:\/\/bf-on-tour.de\/k-18\/wp-content\/uploads\/sites\/17\/2018\/09\/College-1024x683.jpg\" alt=\"\" width=\"840\" height=\"560\" srcset=\"https:\/\/bf-on-tour.de\/k-18\/wp-content\/uploads\/sites\/17\/2018\/09\/College-1024x683.jpg 1024w, https:\/\/bf-on-tour.de\/k-18\/wp-content\/uploads\/sites\/17\/2018\/09\/College-300x200.jpg 300w, https:\/\/bf-on-tour.de\/k-18\/wp-content\/uploads\/sites\/17\/2018\/09\/College-768x512.jpg 768w, https:\/\/bf-on-tour.de\/k-18\/wp-content\/uploads\/sites\/17\/2018\/09\/College-1200x801.jpg 1200w\" sizes=\"auto, (max-width: 709px) 85vw, (max-width: 909px) 67vw, (max-width: 1362px) 62vw, 840px\" \/><figcaption id=\"caption-attachment-87\" class=\"wp-caption-text\">Trinity College<\/figcaption><\/figure>\n<p>Auf dem R\u00fcckweg machen wir noch einen Abstecher ins Trinity College. Was f\u00fcr ein sch\u00f6nes Ensemble alt ehrw\u00fcrdiger Bauten, gepflegter Rasenfl\u00e4chen und uralter B\u00e4ume, alles auch wieder garniert mit Verkleideten \u00e1 la 1904. Hier zu studieren w\u00e4re schon stilvoll&#8230;<\/p>\n<figure id=\"attachment_107\" aria-describedby=\"caption-attachment-107\" style=\"width: 840px\" class=\"wp-caption aligncenter\"><img loading=\"lazy\" decoding=\"async\" class=\"size-large wp-image-107\" src=\"https:\/\/bf-on-tour.de\/k-18\/wp-content\/uploads\/sites\/17\/2018\/09\/Sweny-1024x901.jpg\" alt=\"\" width=\"840\" height=\"739\" srcset=\"https:\/\/bf-on-tour.de\/k-18\/wp-content\/uploads\/sites\/17\/2018\/09\/Sweny-1024x901.jpg 1024w, https:\/\/bf-on-tour.de\/k-18\/wp-content\/uploads\/sites\/17\/2018\/09\/Sweny-300x264.jpg 300w, https:\/\/bf-on-tour.de\/k-18\/wp-content\/uploads\/sites\/17\/2018\/09\/Sweny-768x676.jpg 768w, https:\/\/bf-on-tour.de\/k-18\/wp-content\/uploads\/sites\/17\/2018\/09\/Sweny-1200x1056.jpg 1200w\" sizes=\"auto, (max-width: 709px) 85vw, (max-width: 909px) 67vw, (max-width: 1362px) 62vw, 840px\" \/><figcaption id=\"caption-attachment-107\" class=\"wp-caption-text\">Sweny&#8217;s Pharmacy<\/figcaption><\/figure>\n<p><img loading=\"lazy\" decoding=\"async\" class=\"alignleft wp-image-94 size-medium\" src=\"https:\/\/bf-on-tour.de\/k-18\/wp-content\/uploads\/sites\/17\/2018\/09\/Pharmacy-300x300.jpg\" alt=\"\" width=\"300\" height=\"300\" srcset=\"https:\/\/bf-on-tour.de\/k-18\/wp-content\/uploads\/sites\/17\/2018\/09\/Pharmacy-300x300.jpg 300w, https:\/\/bf-on-tour.de\/k-18\/wp-content\/uploads\/sites\/17\/2018\/09\/Pharmacy-150x150.jpg 150w, https:\/\/bf-on-tour.de\/k-18\/wp-content\/uploads\/sites\/17\/2018\/09\/Pharmacy.jpg 640w\" sizes=\"auto, (max-width: 300px) 85vw, 300px\" \/><\/p>\n<p>Und schlie\u00dflich noch eine \u00dcberraschung: Gleich um die Ecke der Haltestelle vom Shuttle zum Schiff finden wir Sweney\u2019s Pharmacy, jene Drogerie, in der Leopold Bloom seine Lemon Soap kaufte. Da m\u00fcssen wir nat\u00fcrlich noch einmal rein schauen.<\/p>\n<p>Es riecht herrlich nach dieser Seife und in dem ohnehin historischen Ambiente der Ladeneinrichtung sind alle Mitarbeiter wie selbstverst\u00e4ndlich dem Anlass entsprechend gekleidet. Klasse, wie sich so der Kreis des Tages schlie\u00dft!<\/p>\n<p><a href=\"https:\/\/bf-on-tour.de\/k-18\/p-04\"><img loading=\"lazy\" decoding=\"async\" class=\"alignleft wp-image-21\" src=\"https:\/\/bf-on-tour.de\/k-18\/wp-content\/uploads\/sites\/17\/2018\/09\/zurueck.png\" alt=\"\" width=\"50\" height=\"37\" \/><\/a> <a href=\"https:\/\/bf-on-tour.de\/k-18\/p-06\"><img loading=\"lazy\" decoding=\"async\" class=\"alignright wp-image-20\" src=\"https:\/\/bf-on-tour.de\/k-18\/wp-content\/uploads\/sites\/17\/2018\/09\/weiter.png\" alt=\"\" width=\"50\" height=\"37\" \/><\/a><\/p>\n","protected":false},"excerpt":{"rendered":"<p>Heute ist Freutag! Wir sind in Irland, diesmal aber in der Republik, haben keinen Ausflug gebucht und konnten tats\u00e4chlich mal ausschlafen! Unser Programm: Dublin auf eigene Faust erkunden. Also ausgiebig fr\u00fchst\u00fccken, die f\u00fcr Ausfl\u00fcge notwendige Ausr\u00fcstung ordnen: Jacken, M\u00fctzen, Kameras &#8211; man will schlie\u00dflich als Tourist erkannt werden &#8211; und ab mit dem Shuttlebus in &hellip; <a href=\"https:\/\/bf-on-tour.de\/k-18\/p-05\/\" class=\"more-link\"><span class=\"screen-reader-text\">\u201eBloomsday in Guinnesstown\u201c <\/span>weiterlesen<\/a><\/p>\n","protected":false},"author":1,"featured_media":0,"parent":0,"menu_order":5,"comment_status":"open","ping_status":"closed","template":"","meta":{"footnotes":""},"class_list":["post-85","page","type-page","status-publish","hentry"],"_links":{"self":[{"href":"https:\/\/bf-on-tour.de\/k-18\/wp-json\/wp\/v2\/pages\/85","targetHints":{"allow":["GET"]}}],"collection":[{"href":"https:\/\/bf-on-tour.de\/k-18\/wp-json\/wp\/v2\/pages"}],"about":[{"href":"https:\/\/bf-on-tour.de\/k-18\/wp-json\/wp\/v2\/types\/page"}],"author":[{"embeddable":true,"href":"https:\/\/bf-on-tour.de\/k-18\/wp-json\/wp\/v2\/users\/1"}],"replies":[{"embeddable":true,"href":"https:\/\/bf-on-tour.de\/k-18\/wp-json\/wp\/v2\/comments?post=85"}],"version-history":[{"count":16,"href":"https:\/\/bf-on-tour.de\/k-18\/wp-json\/wp\/v2\/pages\/85\/revisions"}],"predecessor-version":[{"id":176,"href":"https:\/\/bf-on-tour.de\/k-18\/wp-json\/wp\/v2\/pages\/85\/revisions\/176"}],"wp:attachment":[{"href":"https:\/\/bf-on-tour.de\/k-18\/wp-json\/wp\/v2\/media?parent=85"}],"curies":[{"name":"wp","href":"https:\/\/api.w.org\/{rel}","templated":true}]}}