{"id":133,"date":"2018-09-06T19:06:29","date_gmt":"2018-09-06T17:06:29","guid":{"rendered":"http:\/\/blog.family-riders.de\/k-18\/?page_id=133"},"modified":"2020-04-03T11:15:27","modified_gmt":"2020-04-03T09:15:27","slug":"p-08","status":"publish","type":"page","link":"https:\/\/bf-on-tour.de\/k-18\/p-08\/","title":{"rendered":"Fazit der Reise"},"content":{"rendered":"<p>Unser Eindruck, wenn wir London und diese Reise insgesamt Revue passieren lassen: London ist schon England, mit seinen Eigenarten, seinen Schrulligkeiten und seinem herrlichen Humor, aber es ist ein v\u00f6llig anderes England als das, was wir bisher gesehen hatten, mit den leeren, herunter gekommenen St\u00e4dten und dem verpassten Strukturwandel. Es ist eine Welt f\u00fcr sich. London kommt uns vor wie eine Insel auf der Insel.<\/p>\n<p>Sehen wir alles zu oberfl\u00e4chlich? Sind wir ungerecht? K\u00f6nnte schon sein, denn alle Landg\u00e4nge und Ausfl\u00fcge auf Kreuzfahrten haben lediglich den Charakter eines Schnappschusses. Aber die Summe der Schnappsch\u00fcsse ist halt der Eindruck, den die jeweilige Reise, den das besuchte Land als ersten hinterl\u00e4sst &#8211; wie der Vorgarten eines Hauses beim Besucher.<\/p>\n<p>R\u00fcckblickend war es eher eine Studienreise und damit mal was ganz anderes als Sonne, Mittelmeer und s\u00fcdliches Kreuzfahrtfeeling&#8230;<\/p>\n<p><a href=\"https:\/\/bf-on-tour.de\/k-18\/p-07\"><img loading=\"lazy\" decoding=\"async\" class=\"alignleft wp-image-21\" src=\"https:\/\/bf-on-tour.de\/k-18\/wp-content\/uploads\/sites\/17\/2018\/09\/zurueck.png\" alt=\"\" width=\"50\" height=\"37\" \/><\/a><\/p>\n","protected":false},"excerpt":{"rendered":"<p>Unser Eindruck, wenn wir London und diese Reise insgesamt Revue passieren lassen: London ist schon England, mit seinen Eigenarten, seinen Schrulligkeiten und seinem herrlichen Humor, aber es ist ein v\u00f6llig anderes England als das, was wir bisher gesehen hatten, mit den leeren, herunter gekommenen St\u00e4dten und dem verpassten Strukturwandel. Es ist eine Welt f\u00fcr sich. &hellip; <a href=\"https:\/\/bf-on-tour.de\/k-18\/p-08\/\" class=\"more-link\"><span class=\"screen-reader-text\">\u201eFazit der Reise\u201c <\/span>weiterlesen<\/a><\/p>\n","protected":false},"author":1,"featured_media":0,"parent":0,"menu_order":8,"comment_status":"open","ping_status":"closed","template":"","meta":{"footnotes":""},"class_list":["post-133","page","type-page","status-publish","hentry"],"_links":{"self":[{"href":"https:\/\/bf-on-tour.de\/k-18\/wp-json\/wp\/v2\/pages\/133","targetHints":{"allow":["GET"]}}],"collection":[{"href":"https:\/\/bf-on-tour.de\/k-18\/wp-json\/wp\/v2\/pages"}],"about":[{"href":"https:\/\/bf-on-tour.de\/k-18\/wp-json\/wp\/v2\/types\/page"}],"author":[{"embeddable":true,"href":"https:\/\/bf-on-tour.de\/k-18\/wp-json\/wp\/v2\/users\/1"}],"replies":[{"embeddable":true,"href":"https:\/\/bf-on-tour.de\/k-18\/wp-json\/wp\/v2\/comments?post=133"}],"version-history":[{"count":8,"href":"https:\/\/bf-on-tour.de\/k-18\/wp-json\/wp\/v2\/pages\/133\/revisions"}],"predecessor-version":[{"id":179,"href":"https:\/\/bf-on-tour.de\/k-18\/wp-json\/wp\/v2\/pages\/133\/revisions\/179"}],"wp:attachment":[{"href":"https:\/\/bf-on-tour.de\/k-18\/wp-json\/wp\/v2\/media?parent=133"}],"curies":[{"name":"wp","href":"https:\/\/api.w.org\/{rel}","templated":true}]}}