{"id":34,"date":"2019-12-22T16:07:19","date_gmt":"2019-12-22T15:07:19","guid":{"rendered":"http:\/\/bf-on-tour.de\/m-2019\/?page_id=34"},"modified":"2020-04-02T15:33:33","modified_gmt":"2020-04-02T13:33:33","slug":"p-02","status":"publish","type":"page","link":"https:\/\/bf-on-tour.de\/irland-2019\/p-02\/","title":{"rendered":"Pf\u00e4lzer Wald, Saarland und Luxembourg"},"content":{"rendered":"<p>Dienstag: Ludwigshafen entl\u00e4sst uns mit Ziel Luxemburg. Und weil wir Zeit haben wollen f\u00fcr das Saarland, folgen wir gern der Aufforderung von Frl. TomTom: \u201eNehmen Sie die Auffahrt. Dann fahren Sie auf die Autobahn.\u201c Die n\u00e4chste halbe Stunde ist dementsprechend langweilig aber wir kommen einigerma\u00dfen z\u00fcgig durch den morgendlichen Berufsverkehr.<\/p>\n<p>Pl\u00f6tzlich taucht am westlichen Horizont eine dunkle Front auf. Schlecht Wetter? \u00dcber uns ist blauer, wolkenloser Himmel. Die Sonne beginnt gerade erst mit dem Aufheizen. So fr\u00fch am Tag bereits Gewitter? Recht unwahrscheinlich!<\/p>\n<p>Je n\u00e4her wir allerdings der vermeintlichen Front kommen, desto gr\u00fcner wird sie, Orte, D\u00f6rfer und schlie\u00dflich einzelne H\u00e4user werden erkennbar. Es ist der Pf\u00e4lzer Wald, mit \u00fcber 1.700 qkm eines der gr\u00f6\u00dften zusammenh\u00e4ngenden Waldgebiete Deutschlands, dessen n\u00f6rdlichen Teil wir in Bad D\u00fcrkheim erreicht haben. Und nun kommt ein wahres Highlight: Herrlich kurvenreich geht es auf nahezu leeren Stra\u00dfen durch schmale, bewaldete T\u00e4ler in Richtung Kaiserslautern. Hier und da lugt eine Burgruine aus dem Gr\u00fcn und selten h\u00e4lt uns eine Dorf- oder gar Stadtdurchfahrt auf. Schade, dass dieses Motorradparadies so fern von uns liegt.<\/p>\n<figure id=\"attachment_38\" aria-describedby=\"caption-attachment-38\" style=\"width: 840px\" class=\"wp-caption alignleft\"><a href=\"https:\/\/bf-on-tour.de\/m-2019\/wp-content\/uploads\/sites\/22\/2019\/12\/Pf\u00e4lzerWald.jpg\" rel=\"lightbox[34]\"><img loading=\"lazy\" decoding=\"async\" class=\"size-large wp-image-38\" src=\"https:\/\/bf-on-tour.de\/m-2019\/wp-content\/uploads\/sites\/22\/2019\/12\/Pf\u00e4lzerWald-1024x578.jpg\" alt=\"Fahrt durch den Pf\u00e4lzer Wald\" width=\"840\" height=\"474\" srcset=\"https:\/\/bf-on-tour.de\/irland-2019\/wp-content\/uploads\/sites\/22\/2019\/12\/Pf\u00e4lzerWald-1024x578.jpg 1024w, https:\/\/bf-on-tour.de\/irland-2019\/wp-content\/uploads\/sites\/22\/2019\/12\/Pf\u00e4lzerWald-300x169.jpg 300w, https:\/\/bf-on-tour.de\/irland-2019\/wp-content\/uploads\/sites\/22\/2019\/12\/Pf\u00e4lzerWald-768x433.jpg 768w, https:\/\/bf-on-tour.de\/irland-2019\/wp-content\/uploads\/sites\/22\/2019\/12\/Pf\u00e4lzerWald-1200x677.jpg 1200w, https:\/\/bf-on-tour.de\/irland-2019\/wp-content\/uploads\/sites\/22\/2019\/12\/Pf\u00e4lzerWald.jpg 1531w\" sizes=\"auto, (max-width: 709px) 85vw, (max-width: 909px) 67vw, (max-width: 1362px) 62vw, 840px\" \/><\/a><figcaption id=\"caption-attachment-38\" class=\"wp-caption-text\">Gr\u00fcner Vorgeschmack auf Irland: Der Pf\u00e4lzer Wald<\/figcaption><\/figure>\n<p>Kaiserslautern empf\u00e4ngt uns mit Kasernen &#8211; mit amerikanischen. Hier befindet sich die gr\u00f6\u00dfte Ansammlung amerikanischen Milit\u00e4rs au\u00dferhalb der USA. Schon wieder ein Superlativ, aber was f\u00fcr einer. Lust, durch die Stadt zu fahren, macht uns das nicht gerade und so nehmen wir nochmals die Autobahn &#8211; auf der wir dann kilometerweit an Z\u00e4unen entlang fahren, die den diversen Milit\u00e4reinrichtungen Sichtschutz geben. Hier liegt Ramstein. Hier lagern Atomwaffen. Oder auch nicht. Wer au\u00dfer den Amerikanern wei\u00df das schon. Hier ist Deutschland ganz offensichtlich immer noch Besatzungszone.<\/p>\n<p>Nachdem ich meinen Gedanken gestattet habe, sich dar\u00fcber ausgiebig zu \u00e4rgern, erreichen wir das Saarland &#8211; und finden tats\u00e4chlich auf einem Parkplatz den letzten noch fehlenden Geocache f\u00fcr unsere Sammlung 16 Caches aus 16 Bundesl\u00e4ndern. Ist zwar v\u00f6llig unn\u00fctz (\u201eIch suche mit Hilfe Milliarden teurer Satellitentechnik im Wald versteckte Tupperdosen &#8211; und was machst Du so in der Freizeit?\u201c), macht aber Spa\u00df!<\/p>\n<p>Dann die <a href=\"https:\/\/www.voelklinger-huette.org\/willkommen\/\" target=\"_blank\" rel=\"noopener noreferrer\">V\u00f6lklinger H\u00fctte<\/a>, ein riesiges Werk zur Herstellung von Stahl, das etwa 103 Jahre lang diese Stadt, diese Gegend, ja auch das Saarland selbst (zumindest mit-) gepr\u00e4gt hat. Es ist beeindruckend! Nur, so sehr wir auch Interesse daran hatten, hierher zu fahren, jetzt, wo wir direkt davor stehen, entscheiden m\u00fcssen, ob wir das Weltkulturerbe bei \u00fcber 30 Grad und im Motorrad-Dress mit Helm und Tankrucksack in der Hand genauer anschauen, erscheint es uns pl\u00f6tzlich doch nur als eine Menge altes, rostiges Blech. Wir werden wohl irgendwann sp\u00e4ter mal mit einer Busreise aus dem \u201eKatalog f\u00fcr betreutes Reisen\u201c wieder kommen m\u00fcssen&#8230;<\/p>\n<figure id=\"attachment_39\" aria-describedby=\"caption-attachment-39\" style=\"width: 840px\" class=\"wp-caption alignleft\"><a href=\"https:\/\/bf-on-tour.de\/m-2019\/wp-content\/uploads\/sites\/22\/2019\/12\/VoelklingerHuette.jpg\" rel=\"lightbox[34]\"><img loading=\"lazy\" decoding=\"async\" class=\"size-large wp-image-39\" src=\"https:\/\/bf-on-tour.de\/m-2019\/wp-content\/uploads\/sites\/22\/2019\/12\/VoelklingerHuette-1024x601.jpg\" alt=\"Weltkulturerbe: V\u00f6lklinger H\u00fctte\" width=\"840\" height=\"493\" srcset=\"https:\/\/bf-on-tour.de\/irland-2019\/wp-content\/uploads\/sites\/22\/2019\/12\/VoelklingerHuette-1024x601.jpg 1024w, https:\/\/bf-on-tour.de\/irland-2019\/wp-content\/uploads\/sites\/22\/2019\/12\/VoelklingerHuette-300x176.jpg 300w, https:\/\/bf-on-tour.de\/irland-2019\/wp-content\/uploads\/sites\/22\/2019\/12\/VoelklingerHuette-768x451.jpg 768w, https:\/\/bf-on-tour.de\/irland-2019\/wp-content\/uploads\/sites\/22\/2019\/12\/VoelklingerHuette-1200x705.jpg 1200w, https:\/\/bf-on-tour.de\/irland-2019\/wp-content\/uploads\/sites\/22\/2019\/12\/VoelklingerHuette.jpg 1471w\" sizes=\"auto, (max-width: 709px) 85vw, (max-width: 909px) 67vw, (max-width: 1362px) 62vw, 840px\" \/><\/a><figcaption id=\"caption-attachment-39\" class=\"wp-caption-text\">Weltkulturerbe V\u00f6lklinger H\u00fctte &#8211; weniger sch\u00f6n, als sehenswert&#8230;<\/figcaption><\/figure>\n<p>Also, Foto und weiter zur <a href=\"https:\/\/www.urlaub.saarland\/Media\/Attraktionen\/Saarschleife-mit-Aussichtspunkt-Cloef\" target=\"_blank\" rel=\"noopener noreferrer\">Saarschleife<\/a>, dem n\u00e4chsten touristischen Highlight des Tages. Aber zu unserem Entsetzen erwartet uns hier \u00c4hnliches. Der dem Aussichtspunkt n\u00e4chstgelegene Parkplatz erfordert immer noch 700 Meter Fu\u00dfweg. Hin und her also fast 1,5 km und an den Randbedingungen hat sich ja nichts ge\u00e4ndert. Im Gegenteil, es ist noch w\u00e4rmer geworden. Die Entscheidung f\u00e4llt uns nicht leicht: Wir gehen beim Italiener im Schatten seiner Sonnenschirme essen und hoffen, dass sich die Saarschleife sp\u00e4ter einmal auch im Programm des betreuten Reisens finden wird.<\/p>\n<p>Ich schaue auf das Navi und \u00fcberlege, wie wir die Tour heute noch retten k\u00f6nnen. Da f\u00e4llt mir die B51 ins Auge, die an der Saar entlang, hier ganz in der N\u00e4he, nach Saarburg f\u00fchrt. Von dort \u00fcber die Berge hinunter an die Mosel und zur\u00fcck auf die urspr\u00fcnglich geplante Route. Das ist kein gro\u00dfer Umweg, sieht aber nach verlockendem Fahrspa\u00df aus. Gesagt, getan und wohl getan! Es ist der Fahrspa\u00df, der erhoffte!<\/p>\n<figure id=\"attachment_41\" aria-describedby=\"caption-attachment-41\" style=\"width: 840px\" class=\"wp-caption alignleft\"><a href=\"https:\/\/bf-on-tour.de\/m-2019\/wp-content\/uploads\/sites\/22\/2019\/12\/AnDerSaar.jpg\" rel=\"lightbox[34]\"><img loading=\"lazy\" decoding=\"async\" class=\"size-large wp-image-41\" src=\"https:\/\/bf-on-tour.de\/m-2019\/wp-content\/uploads\/sites\/22\/2019\/12\/AnDerSaar-1024x499.jpg\" alt=\"Fahrt entlang der Saar\" width=\"840\" height=\"409\" srcset=\"https:\/\/bf-on-tour.de\/irland-2019\/wp-content\/uploads\/sites\/22\/2019\/12\/AnDerSaar-1024x499.jpg 1024w, https:\/\/bf-on-tour.de\/irland-2019\/wp-content\/uploads\/sites\/22\/2019\/12\/AnDerSaar-300x146.jpg 300w, https:\/\/bf-on-tour.de\/irland-2019\/wp-content\/uploads\/sites\/22\/2019\/12\/AnDerSaar-768x374.jpg 768w, https:\/\/bf-on-tour.de\/irland-2019\/wp-content\/uploads\/sites\/22\/2019\/12\/AnDerSaar-1536x749.jpg 1536w, https:\/\/bf-on-tour.de\/irland-2019\/wp-content\/uploads\/sites\/22\/2019\/12\/AnDerSaar-1200x585.jpg 1200w, https:\/\/bf-on-tour.de\/irland-2019\/wp-content\/uploads\/sites\/22\/2019\/12\/AnDerSaar.jpg 1772w\" sizes=\"auto, (max-width: 709px) 85vw, (max-width: 909px) 67vw, (max-width: 1362px) 62vw, 840px\" \/><\/a><figcaption id=\"caption-attachment-41\" class=\"wp-caption-text\">Wir folgen der Saar auf der nahezu leeren B51<\/figcaption><\/figure>\n<p>An der Mosel sind wir dann bereits in Luxemburg. Hier ist es wenig spektakul\u00e4r. Sch\u00f6n am Fluss entlang geht\u2019s ja noch, aber je n\u00e4her wir der Hauptstadt kommen, desto heftiger wird der Verkehr, werden die Feierabendstaus &#8211; und unser Hotel liegt mitten in der City&#8230;<\/p>\n<figure id=\"attachment_56\" aria-describedby=\"caption-attachment-56\" style=\"width: 840px\" class=\"wp-caption alignleft\"><a href=\"https:\/\/bf-on-tour.de\/m-2019\/wp-content\/uploads\/sites\/22\/2019\/12\/Luxembourg1.jpg\" rel=\"lightbox[34]\"><img loading=\"lazy\" decoding=\"async\" class=\"size-large wp-image-56\" src=\"https:\/\/bf-on-tour.de\/m-2019\/wp-content\/uploads\/sites\/22\/2019\/12\/Luxembourg1-1024x769.jpg\" alt=\"Altstadt Luxembourg\" width=\"840\" height=\"631\" srcset=\"https:\/\/bf-on-tour.de\/irland-2019\/wp-content\/uploads\/sites\/22\/2019\/12\/Luxembourg1-1024x769.jpg 1024w, https:\/\/bf-on-tour.de\/irland-2019\/wp-content\/uploads\/sites\/22\/2019\/12\/Luxembourg1-300x225.jpg 300w, https:\/\/bf-on-tour.de\/irland-2019\/wp-content\/uploads\/sites\/22\/2019\/12\/Luxembourg1-768x577.jpg 768w, https:\/\/bf-on-tour.de\/irland-2019\/wp-content\/uploads\/sites\/22\/2019\/12\/Luxembourg1.jpg 1151w\" sizes=\"auto, (max-width: 709px) 85vw, (max-width: 909px) 67vw, (max-width: 1362px) 62vw, 840px\" \/><\/a><figcaption id=\"caption-attachment-56\" class=\"wp-caption-text\">Blick auf das Ensemble der Altstadt mit Schloss<\/figcaption><\/figure>\n<p>Na ja, irgendwann ist jeder Weg zu Ende. Wir sind tats\u00e4chlich angekommen, haben uns etwas abgek\u00fchlt (das Hotelzimmer besitzt eine funktionierende Klimaanlage), fein geduscht und erkunden die Stadt, die ein ganz spezielles Flair hat.<\/p>\n<p>Man ist international und doch unter sich &#8211; bei etwas \u00fcber 600.000 Einwohnern im ganzen Land kein Wunder &#8211; spricht Franz\u00f6sisch, manchmal Deutsch und hat selbst eine eigene Sprache, n\u00e4mlich <a href=\"https:\/\/de.wikipedia.org\/wiki\/Luxemburgische_Sprache\" target=\"_blank\" rel=\"noopener noreferrer\">Luxemburgisch<\/a>. Und obwohl es ein moselfr\u00e4nkischer Dialekt ist, kommt das Landesmotto f\u00fcr unsere Ohren dem karnevalistischen Rheinland doch ziemlich nahe: Mir w\u00eblle bleiwe wat mir sinn. Na dann: Gute Nacht Luxemburg!<\/p>\n<figure id=\"attachment_61\" aria-describedby=\"caption-attachment-61\" style=\"width: 840px\" class=\"wp-caption alignleft\"><a href=\"https:\/\/bf-on-tour.de\/m-2019\/wp-content\/uploads\/sites\/22\/2019\/12\/Luxembourg2a.jpg\" rel=\"lightbox[34]\"><img loading=\"lazy\" decoding=\"async\" class=\"size-large wp-image-61\" src=\"https:\/\/bf-on-tour.de\/m-2019\/wp-content\/uploads\/sites\/22\/2019\/12\/Luxembourg2a-1024x726.jpg\" alt=\"Nacht in der Altstadt\" width=\"840\" height=\"596\" srcset=\"https:\/\/bf-on-tour.de\/irland-2019\/wp-content\/uploads\/sites\/22\/2019\/12\/Luxembourg2a-1024x726.jpg 1024w, https:\/\/bf-on-tour.de\/irland-2019\/wp-content\/uploads\/sites\/22\/2019\/12\/Luxembourg2a-300x213.jpg 300w, https:\/\/bf-on-tour.de\/irland-2019\/wp-content\/uploads\/sites\/22\/2019\/12\/Luxembourg2a-768x544.jpg 768w, https:\/\/bf-on-tour.de\/irland-2019\/wp-content\/uploads\/sites\/22\/2019\/12\/Luxembourg2a-1200x851.jpg 1200w, https:\/\/bf-on-tour.de\/irland-2019\/wp-content\/uploads\/sites\/22\/2019\/12\/Luxembourg2a.jpg 1219w\" sizes=\"auto, (max-width: 709px) 85vw, (max-width: 909px) 67vw, (max-width: 1362px) 62vw, 840px\" \/><\/a><figcaption id=\"caption-attachment-61\" class=\"wp-caption-text\">Wir verabschieden uns in die Nacht<\/figcaption><\/figure>\n<p><a href=\"https:\/\/bf-on-tour.de\/irland-2019\/p-01\"><img loading=\"lazy\" decoding=\"async\" class=\"alignleft wp-image-47\" src=\"https:\/\/bf-on-tour.de\/m-2019\/wp-content\/uploads\/sites\/22\/2019\/12\/zurueck.png\" alt=\"\" width=\"50\" height=\"37\" \/><\/a><\/p>\n<p><a href=\"https:\/\/bf-on-tour.de\/irland-2019\/p-03\"><img loading=\"lazy\" decoding=\"async\" class=\"alignright wp-image-46\" src=\"https:\/\/bf-on-tour.de\/m-2019\/wp-content\/uploads\/sites\/22\/2019\/12\/weiter.png\" alt=\"\" width=\"50\" height=\"37\" \/><\/a><\/p>\n","protected":false},"excerpt":{"rendered":"<p>Dienstag: Ludwigshafen entl\u00e4sst uns mit Ziel Luxemburg. Und weil wir Zeit haben wollen f\u00fcr das Saarland, folgen wir gern der Aufforderung von Frl. TomTom: \u201eNehmen Sie die Auffahrt. Dann fahren Sie auf die Autobahn.\u201c Die n\u00e4chste halbe Stunde ist dementsprechend langweilig aber wir kommen einigerma\u00dfen z\u00fcgig durch den morgendlichen Berufsverkehr. Pl\u00f6tzlich taucht am westlichen Horizont &hellip; <a href=\"https:\/\/bf-on-tour.de\/irland-2019\/p-02\/\" class=\"more-link\"><span class=\"screen-reader-text\">\u201ePf\u00e4lzer Wald, Saarland und Luxembourg\u201c <\/span>weiterlesen<\/a><\/p>\n","protected":false},"author":1,"featured_media":0,"parent":0,"menu_order":1,"comment_status":"open","ping_status":"open","template":"","meta":{"footnotes":""},"class_list":["post-34","page","type-page","status-publish","hentry"],"yoast_head":"<!-- This site is optimized with the Yoast SEO plugin v27.1.1 - https:\/\/yoast.com\/product\/yoast-seo-wordpress\/ -->\n<title>Pf\u00e4lzer Wald, Saarland und Luxembourg - (Motorrad-Reisebericht: Irland 2019)<\/title>\n<meta name=\"description\" content=\"Zweiter Tag unserer Anreise nach Irland: Vom Rhein geht es durch den Pf\u00e4lzer Wald ins Saarland und von dprt weiter nach Luxembourg.\" \/>\n<meta name=\"robots\" content=\"index, follow, max-snippet:-1, max-image-preview:large, max-video-preview:-1\" \/>\n<link rel=\"canonical\" href=\"https:\/\/bf-on-tour.de\/irland-2019\/p-02\/\" \/>\n<meta property=\"og:locale\" content=\"de_DE\" \/>\n<meta property=\"og:type\" content=\"article\" \/>\n<meta property=\"og:title\" content=\"Pf\u00e4lzer Wald, Saarland und Luxembourg - (Motorrad-Reisebericht: Irland 2019)\" \/>\n<meta property=\"og:description\" content=\"Zweiter Tag unserer Anreise nach Irland: Vom Rhein geht es durch den Pf\u00e4lzer Wald ins Saarland und von dprt weiter nach Luxembourg.\" \/>\n<meta property=\"og:url\" content=\"https:\/\/bf-on-tour.de\/irland-2019\/p-02\/\" \/>\n<meta property=\"og:site_name\" content=\"Irland\" \/>\n<meta property=\"article:modified_time\" content=\"2020-04-02T13:33:33+00:00\" \/>\n<meta property=\"og:image\" content=\"https:\/\/bf-on-tour.de\/m-2019\/wp-content\/uploads\/sites\/22\/2019\/12\/Pf\u00e4lzerWald-1024x578.jpg\" \/>\n<meta name=\"twitter:card\" content=\"summary_large_image\" \/>\n<meta name=\"twitter:label1\" content=\"Gesch\u00e4tzte Lesezeit\" \/>\n\t<meta name=\"twitter:data1\" content=\"4\u00a0Minuten\" \/>\n<script type=\"application\/ld+json\" class=\"yoast-schema-graph\">{\"@context\":\"https:\/\/schema.org\",\"@graph\":[{\"@type\":\"WebPage\",\"@id\":\"https:\/\/bf-on-tour.de\/irland-2019\/p-02\/\",\"url\":\"https:\/\/bf-on-tour.de\/irland-2019\/p-02\/\",\"name\":\"Pf\u00e4lzer Wald, Saarland und Luxembourg - (Motorrad-Reisebericht: Irland 2019)\",\"isPartOf\":{\"@id\":\"https:\/\/bf-on-tour.de\/irland-2019\/#website\"},\"primaryImageOfPage\":{\"@id\":\"https:\/\/bf-on-tour.de\/irland-2019\/p-02\/#primaryimage\"},\"image\":{\"@id\":\"https:\/\/bf-on-tour.de\/irland-2019\/p-02\/#primaryimage\"},\"thumbnailUrl\":\"https:\/\/bf-on-tour.de\/m-2019\/wp-content\/uploads\/sites\/22\/2019\/12\/VoelklingerHuette-1024x601.jpg\",\"datePublished\":\"2019-12-22T15:07:19+00:00\",\"dateModified\":\"2020-04-02T13:33:33+00:00\",\"description\":\"Zweiter Tag unserer Anreise nach Irland: Vom Rhein geht es durch den Pf\u00e4lzer Wald ins Saarland und von dprt weiter nach Luxembourg.\",\"breadcrumb\":{\"@id\":\"https:\/\/bf-on-tour.de\/irland-2019\/p-02\/#breadcrumb\"},\"inLanguage\":\"de\",\"potentialAction\":[{\"@type\":\"ReadAction\",\"target\":[\"https:\/\/bf-on-tour.de\/irland-2019\/p-02\/\"]}]},{\"@type\":\"ImageObject\",\"inLanguage\":\"de\",\"@id\":\"https:\/\/bf-on-tour.de\/irland-2019\/p-02\/#primaryimage\",\"url\":\"https:\/\/bf-on-tour.de\/m-2019\/wp-content\/uploads\/sites\/22\/2019\/12\/VoelklingerHuette-1024x601.jpg\",\"contentUrl\":\"https:\/\/bf-on-tour.de\/m-2019\/wp-content\/uploads\/sites\/22\/2019\/12\/VoelklingerHuette-1024x601.jpg\"},{\"@type\":\"BreadcrumbList\",\"@id\":\"https:\/\/bf-on-tour.de\/irland-2019\/p-02\/#breadcrumb\",\"itemListElement\":[{\"@type\":\"ListItem\",\"position\":1,\"name\":\"Startseite\",\"item\":\"https:\/\/bf-on-tour.de\/irland-2019\/\"},{\"@type\":\"ListItem\",\"position\":2,\"name\":\"Pf\u00e4lzer Wald, Saarland und Luxembourg\"}]},{\"@type\":\"WebSite\",\"@id\":\"https:\/\/bf-on-tour.de\/irland-2019\/#website\",\"url\":\"https:\/\/bf-on-tour.de\/irland-2019\/\",\"name\":\"Irland\",\"description\":\"fr\u00f6hlich melancholisch, gr\u00fcn\",\"potentialAction\":[{\"@type\":\"SearchAction\",\"target\":{\"@type\":\"EntryPoint\",\"urlTemplate\":\"https:\/\/bf-on-tour.de\/irland-2019\/?s={search_term_string}\"},\"query-input\":{\"@type\":\"PropertyValueSpecification\",\"valueRequired\":true,\"valueName\":\"search_term_string\"}}],\"inLanguage\":\"de\"}]}<\/script>\n<!-- \/ Yoast SEO plugin. -->","yoast_head_json":{"title":"Pf\u00e4lzer Wald, Saarland und Luxembourg - (Motorrad-Reisebericht: Irland 2019)","description":"Zweiter Tag unserer Anreise nach Irland: Vom Rhein geht es durch den Pf\u00e4lzer Wald ins Saarland und von dprt weiter nach Luxembourg.","robots":{"index":"index","follow":"follow","max-snippet":"max-snippet:-1","max-image-preview":"max-image-preview:large","max-video-preview":"max-video-preview:-1"},"canonical":"https:\/\/bf-on-tour.de\/irland-2019\/p-02\/","og_locale":"de_DE","og_type":"article","og_title":"Pf\u00e4lzer Wald, Saarland und Luxembourg - (Motorrad-Reisebericht: Irland 2019)","og_description":"Zweiter Tag unserer Anreise nach Irland: Vom Rhein geht es durch den Pf\u00e4lzer Wald ins Saarland und von dprt weiter nach Luxembourg.","og_url":"https:\/\/bf-on-tour.de\/irland-2019\/p-02\/","og_site_name":"Irland","article_modified_time":"2020-04-02T13:33:33+00:00","og_image":[{"url":"https:\/\/bf-on-tour.de\/m-2019\/wp-content\/uploads\/sites\/22\/2019\/12\/Pf\u00e4lzerWald-1024x578.jpg","type":"","width":"","height":""}],"twitter_card":"summary_large_image","twitter_misc":{"Gesch\u00e4tzte Lesezeit":"4\u00a0Minuten"},"schema":{"@context":"https:\/\/schema.org","@graph":[{"@type":"WebPage","@id":"https:\/\/bf-on-tour.de\/irland-2019\/p-02\/","url":"https:\/\/bf-on-tour.de\/irland-2019\/p-02\/","name":"Pf\u00e4lzer Wald, Saarland und Luxembourg - (Motorrad-Reisebericht: Irland 2019)","isPartOf":{"@id":"https:\/\/bf-on-tour.de\/irland-2019\/#website"},"primaryImageOfPage":{"@id":"https:\/\/bf-on-tour.de\/irland-2019\/p-02\/#primaryimage"},"image":{"@id":"https:\/\/bf-on-tour.de\/irland-2019\/p-02\/#primaryimage"},"thumbnailUrl":"https:\/\/bf-on-tour.de\/m-2019\/wp-content\/uploads\/sites\/22\/2019\/12\/VoelklingerHuette-1024x601.jpg","datePublished":"2019-12-22T15:07:19+00:00","dateModified":"2020-04-02T13:33:33+00:00","description":"Zweiter Tag unserer Anreise nach Irland: Vom Rhein geht es durch den Pf\u00e4lzer Wald ins Saarland und von dprt weiter nach Luxembourg.","breadcrumb":{"@id":"https:\/\/bf-on-tour.de\/irland-2019\/p-02\/#breadcrumb"},"inLanguage":"de","potentialAction":[{"@type":"ReadAction","target":["https:\/\/bf-on-tour.de\/irland-2019\/p-02\/"]}]},{"@type":"ImageObject","inLanguage":"de","@id":"https:\/\/bf-on-tour.de\/irland-2019\/p-02\/#primaryimage","url":"https:\/\/bf-on-tour.de\/m-2019\/wp-content\/uploads\/sites\/22\/2019\/12\/VoelklingerHuette-1024x601.jpg","contentUrl":"https:\/\/bf-on-tour.de\/m-2019\/wp-content\/uploads\/sites\/22\/2019\/12\/VoelklingerHuette-1024x601.jpg"},{"@type":"BreadcrumbList","@id":"https:\/\/bf-on-tour.de\/irland-2019\/p-02\/#breadcrumb","itemListElement":[{"@type":"ListItem","position":1,"name":"Startseite","item":"https:\/\/bf-on-tour.de\/irland-2019\/"},{"@type":"ListItem","position":2,"name":"Pf\u00e4lzer Wald, Saarland und Luxembourg"}]},{"@type":"WebSite","@id":"https:\/\/bf-on-tour.de\/irland-2019\/#website","url":"https:\/\/bf-on-tour.de\/irland-2019\/","name":"Irland","description":"fr\u00f6hlich melancholisch, gr\u00fcn","potentialAction":[{"@type":"SearchAction","target":{"@type":"EntryPoint","urlTemplate":"https:\/\/bf-on-tour.de\/irland-2019\/?s={search_term_string}"},"query-input":{"@type":"PropertyValueSpecification","valueRequired":true,"valueName":"search_term_string"}}],"inLanguage":"de"}]}},"_links":{"self":[{"href":"https:\/\/bf-on-tour.de\/irland-2019\/wp-json\/wp\/v2\/pages\/34","targetHints":{"allow":["GET"]}}],"collection":[{"href":"https:\/\/bf-on-tour.de\/irland-2019\/wp-json\/wp\/v2\/pages"}],"about":[{"href":"https:\/\/bf-on-tour.de\/irland-2019\/wp-json\/wp\/v2\/types\/page"}],"author":[{"embeddable":true,"href":"https:\/\/bf-on-tour.de\/irland-2019\/wp-json\/wp\/v2\/users\/1"}],"replies":[{"embeddable":true,"href":"https:\/\/bf-on-tour.de\/irland-2019\/wp-json\/wp\/v2\/comments?post=34"}],"version-history":[{"count":22,"href":"https:\/\/bf-on-tour.de\/irland-2019\/wp-json\/wp\/v2\/pages\/34\/revisions"}],"predecessor-version":[{"id":354,"href":"https:\/\/bf-on-tour.de\/irland-2019\/wp-json\/wp\/v2\/pages\/34\/revisions\/354"}],"wp:attachment":[{"href":"https:\/\/bf-on-tour.de\/irland-2019\/wp-json\/wp\/v2\/media?parent=34"}],"curies":[{"name":"wp","href":"https:\/\/api.w.org\/{rel}","templated":true}]}}