{"id":305,"date":"2020-01-05T15:59:55","date_gmt":"2020-01-05T14:59:55","guid":{"rendered":"http:\/\/bf-on-tour.de\/irland-2019\/?page_id=305"},"modified":"2020-04-02T15:37:31","modified_gmt":"2020-04-02T13:37:31","slug":"p-13","status":"publish","type":"page","link":"https:\/\/bf-on-tour.de\/irland-2019\/p-13\/","title":{"rendered":"Wicklow Mountains"},"content":{"rendered":"<p>Nach dem Fr\u00fchst\u00fcck am n\u00e4chsten Morgen funktionieren unsere Zimmerkarten nicht mehr. Zur Rezeption und nachgefragt, ob das denn so richtig sei. Schlie\u00dflich habe man f\u00fcr zwei N\u00e4chte bezahlt (auch, wenn es recht g\u00fcnstig ist). Die Antwort: \u201aJaaa, das k\u00e4me schon mal h\u00e4ufiger vor. Das Kartensystem sei wohl nicht mehr so recht in Ordnung.\u2019 Wir erhalten neue Zimmerkarten und den guten Rat, dass wir beim n\u00e4chsten Mal gern wieder zur Rezeption kommen d\u00fcrften. Schon wieder irischer Humor?<\/p>\n<p>Dann die Fahrt zum Wicklow Gap, wobei mich die ersten Kilometer eher wieder an das St\u00fcckchen N84 hinter Galway, das in Konkurrenz zur Po-Ebene stand, erinnern: Auf der N80 und der M7 mit 100 km\/h fast immer geradeaus. Bei Newbridge verlassen wir die Autobahn und kurven recht angenehm durch\u2019s Land bis wir bei Hollywood (nein, nicht die ber\u00fchmte Filmstadt) auf die R756 abbiegen, die uns in die Wicklow Mountains f\u00fchrt.<\/p>\n<figure id=\"attachment_323\" aria-describedby=\"caption-attachment-323\" style=\"width: 864px\" class=\"wp-caption aligncenter\"><a href=\"https:\/\/bf-on-tour.de\/irland-2019\/wp-content\/uploads\/sites\/22\/2020\/01\/Land.jpg\" rel=\"lightbox[305]\"><img loading=\"lazy\" decoding=\"async\" class=\"size-full wp-image-323\" src=\"https:\/\/bf-on-tour.de\/irland-2019\/wp-content\/uploads\/sites\/22\/2020\/01\/Land.jpg\" alt=\"durchs Land\" width=\"864\" height=\"543\" srcset=\"https:\/\/bf-on-tour.de\/irland-2019\/wp-content\/uploads\/sites\/22\/2020\/01\/Land.jpg 864w, https:\/\/bf-on-tour.de\/irland-2019\/wp-content\/uploads\/sites\/22\/2020\/01\/Land-300x189.jpg 300w, https:\/\/bf-on-tour.de\/irland-2019\/wp-content\/uploads\/sites\/22\/2020\/01\/Land-768x483.jpg 768w\" sizes=\"auto, (max-width: 709px) 85vw, (max-width: 909px) 67vw, (max-width: 1362px) 62vw, 840px\" \/><\/a><figcaption id=\"caption-attachment-323\" class=\"wp-caption-text\">Wir fahren vorbei an kleinen D\u00f6rfern zu den Wicklow Mountains<\/figcaption><\/figure>\n<p>Und tats\u00e4chlich, hier ist die Landschaft noch einmal anders als in Connemara, wo Tradition und modernes Landleben so direkt sp\u00fcrbar neben- und miteinander harmonierten. Hier ist es einsamer, die Berge \u2013 ebenso sanft, wie dort \u2013 zum Teil bewaldet oder von schier endlosen Heidefl\u00e4chen rotbraun bedeckt, unterbrochen auch hier vom Gelb des niedrigen, buschigen Ginsters. Was nahezu g\u00e4nzlich fehlt, sind H\u00e4user oder D\u00f6rfer. Hier wohnt niemand. Zwischen Hollywood und Glendalough nur zwei winzige Orte. Links und rechts der Stra\u00dfe endlose Landschaft \u00fcber die der Blick frei schweifen kann. Denn hier f\u00e4hrt auch fast niemand \u2013 au\u00dfer uns. Das hat seinen Reiz!<\/p>\n<figure id=\"attachment_319\" aria-describedby=\"caption-attachment-319\" style=\"width: 864px\" class=\"wp-caption aligncenter\"><a href=\"https:\/\/bf-on-tour.de\/irland-2019\/wp-content\/uploads\/sites\/22\/2020\/01\/Wicklow2.jpg\" rel=\"lightbox[305]\"><img loading=\"lazy\" decoding=\"async\" class=\"size-full wp-image-319\" src=\"https:\/\/bf-on-tour.de\/irland-2019\/wp-content\/uploads\/sites\/22\/2020\/01\/Wicklow2.jpg\" alt=\"Wicklow Mountains\" width=\"864\" height=\"345\" srcset=\"https:\/\/bf-on-tour.de\/irland-2019\/wp-content\/uploads\/sites\/22\/2020\/01\/Wicklow2.jpg 864w, https:\/\/bf-on-tour.de\/irland-2019\/wp-content\/uploads\/sites\/22\/2020\/01\/Wicklow2-300x120.jpg 300w, https:\/\/bf-on-tour.de\/irland-2019\/wp-content\/uploads\/sites\/22\/2020\/01\/Wicklow2-768x307.jpg 768w\" sizes=\"auto, (max-width: 709px) 85vw, (max-width: 909px) 67vw, (max-width: 1362px) 62vw, 840px\" \/><\/a><figcaption id=\"caption-attachment-319\" class=\"wp-caption-text\">Die Wicklow Mountains &#8211; nahezu unbewohnt und sanft h\u00fcgelig.<\/figcaption><\/figure>\n<p>So \u201eklettern\u201c wir nahezu unbemerkt bis zum Wicklow Gap hinauf. Unbemerkt, weil es keine gr\u00f6\u00dferen Steigungen und insbesondere keine Kehren gibt, die man als Kontinentaleurop\u00e4er mit dem Begriff \u201ePass\u201c sonst zu verbinden gewohnt ist. Ein erstaunlicherweise gut gef\u00fcllter Parkplatz und ein kleines Schild markieren den Scheitelpunkt. Mehr nicht. Dann geht es hinab nach Glendalough. Dumm nur, dass von eben diesem Parkplatz kurz vor uns ein Rentnerbespa\u00dfungsbus abgefahren ist, der jetzt vor uns hertr\u00f6delt. Keine Chance zum \u00dcberholen. Und wohin will der? Nat\u00fcrlich: Glendalough.<\/p>\n<figure id=\"attachment_324\" aria-describedby=\"caption-attachment-324\" style=\"width: 864px\" class=\"wp-caption aligncenter\"><a href=\"https:\/\/bf-on-tour.de\/irland-2019\/wp-content\/uploads\/sites\/22\/2020\/01\/friedhof-2.jpg\" rel=\"lightbox[305]\"><img loading=\"lazy\" decoding=\"async\" class=\"size-full wp-image-324\" src=\"https:\/\/bf-on-tour.de\/irland-2019\/wp-content\/uploads\/sites\/22\/2020\/01\/friedhof-2.jpg\" alt=\"Friedhof\" width=\"864\" height=\"580\" srcset=\"https:\/\/bf-on-tour.de\/irland-2019\/wp-content\/uploads\/sites\/22\/2020\/01\/friedhof-2.jpg 864w, https:\/\/bf-on-tour.de\/irland-2019\/wp-content\/uploads\/sites\/22\/2020\/01\/friedhof-2-300x201.jpg 300w, https:\/\/bf-on-tour.de\/irland-2019\/wp-content\/uploads\/sites\/22\/2020\/01\/friedhof-2-768x516.jpg 768w\" sizes=\"auto, (max-width: 709px) 85vw, (max-width: 909px) 67vw, (max-width: 1362px) 62vw, 840px\" \/><\/a><figcaption id=\"caption-attachment-324\" class=\"wp-caption-text\">Der alte Friedhof von Glendalough mit sch\u00f6nem Blick ins Tal der zwei Seen<\/figcaption><\/figure>\n<p><a href=\"https:\/\/bf-on-tour.de\/irland-2019\/wp-content\/uploads\/sites\/22\/2020\/01\/turm.jpg\" rel=\"lightbox[305]\"><img loading=\"lazy\" decoding=\"async\" class=\"alignright size-medium wp-image-320\" src=\"https:\/\/bf-on-tour.de\/irland-2019\/wp-content\/uploads\/sites\/22\/2020\/01\/turm-202x300.jpg\" alt=\"\" width=\"202\" height=\"300\" srcset=\"https:\/\/bf-on-tour.de\/irland-2019\/wp-content\/uploads\/sites\/22\/2020\/01\/turm-202x300.jpg 202w, https:\/\/bf-on-tour.de\/irland-2019\/wp-content\/uploads\/sites\/22\/2020\/01\/turm-688x1024.jpg 688w, https:\/\/bf-on-tour.de\/irland-2019\/wp-content\/uploads\/sites\/22\/2020\/01\/turm-768x1143.jpg 768w, https:\/\/bf-on-tour.de\/irland-2019\/wp-content\/uploads\/sites\/22\/2020\/01\/turm.jpg 864w\" sizes=\"auto, (max-width: 202px) 85vw, 202px\" \/><\/a>Dort erwartet uns eine ausgedehnte Klosteranlage, bzw. deren Reste, ein Friedhof, auf dem sich die inzwischen vom Bus Freigelassenen flei\u00dfig umtreiben und einzeln, unter gro\u00dfem Gejohle der anderen, ein Hochkreuz zu umarmen versuchen (ob das Gl\u00fcck bringt?) und die St. Cevin\u2019s Church, deren Turm eher einem Kaminzug \u00e4hnelt.<\/p>\n<p>Am Rande der Anlage dann noch ein gro\u00dfer Rundturm, der im 11. Jahrhundert zum Schutze kirchlicher Heiligt\u00fcmer vor den Wikingern, den b\u00f6sen, erbaut wurde. Immerhin 33 Meter hoch und noch in richtig gutem Zustand, frage ich mich unwillk\u00fcrlich, was nach \u00fcber 900 Jahren wohl von unseren heutigen Bauten \u00fcbrig geblieben sein wird&#8230;<\/p>\n<p>900 Jahre Elbphilharmonie in Hamburg? Wenig vorstellbar. Ausgrabungen im Jahre 2.100 in der Gegend von Berlin f\u00f6rdern die Reste pr\u00e4historischer Technik zu Tage, die wegen ihres gut erhaltenen Zustands offenbar nie verwendet wurde. Wohl eher denkbar.<\/p>\n<figure id=\"attachment_322\" aria-describedby=\"caption-attachment-322\" style=\"width: 864px\" class=\"wp-caption aligncenter\"><a href=\"https:\/\/bf-on-tour.de\/irland-2019\/wp-content\/uploads\/sites\/22\/2020\/01\/S\u00e4ngerin.jpg\" rel=\"lightbox[305]\"><img loading=\"lazy\" decoding=\"async\" class=\"size-full wp-image-322\" src=\"https:\/\/bf-on-tour.de\/irland-2019\/wp-content\/uploads\/sites\/22\/2020\/01\/S\u00e4ngerin.jpg\" alt=\"S\u00e4ngerin\" width=\"864\" height=\"864\" srcset=\"https:\/\/bf-on-tour.de\/irland-2019\/wp-content\/uploads\/sites\/22\/2020\/01\/S\u00e4ngerin.jpg 864w, https:\/\/bf-on-tour.de\/irland-2019\/wp-content\/uploads\/sites\/22\/2020\/01\/S\u00e4ngerin-300x300.jpg 300w, https:\/\/bf-on-tour.de\/irland-2019\/wp-content\/uploads\/sites\/22\/2020\/01\/S\u00e4ngerin-150x150.jpg 150w, https:\/\/bf-on-tour.de\/irland-2019\/wp-content\/uploads\/sites\/22\/2020\/01\/S\u00e4ngerin-768x768.jpg 768w\" sizes=\"auto, (max-width: 709px) 85vw, (max-width: 909px) 67vw, (max-width: 1362px) 62vw, 840px\" \/><\/a><figcaption id=\"caption-attachment-322\" class=\"wp-caption-text\">Die S\u00e4ngerin mit ihren Uilleann Pipes und ihren CDs<\/figcaption><\/figure>\n<p>Nun, wir ergehen uns nach dem Besuch der Anlage ziemlich ausf\u00fchrlich in den davor aufgebauten Souvenirbuden, erstehen Patches und kleinere Mitbringsel, lauschen den leicht schr\u00e4gen Ges\u00e4ngen einer \u00e4lteren Dame, die mit etwas d\u00fcnner Stimme zum begrenzten Tonumfang ihres traditionellen Musikinstruments, den Uilleann Pipes &#8211; einer Art Irischem Dudelsack -, \u00a0ihr ebenfalls nicht gerade ausuferndes Repertoire darbietet, um ihr \u0152uvre in Form von CDs unter die Touristen zu bringen, und beenden den Besuch mit einem Cappucchino auf der sonnigen Terrasse des nahen Hotels.<\/p>\n<figure id=\"attachment_321\" aria-describedby=\"caption-attachment-321\" style=\"width: 864px\" class=\"wp-caption aligncenter\"><a href=\"https:\/\/bf-on-tour.de\/irland-2019\/wp-content\/uploads\/sites\/22\/2020\/01\/tullamore-1.jpg\" rel=\"lightbox[305]\"><img loading=\"lazy\" decoding=\"async\" class=\"size-full wp-image-321\" src=\"https:\/\/bf-on-tour.de\/irland-2019\/wp-content\/uploads\/sites\/22\/2020\/01\/tullamore-1.jpg\" alt=\"Tullamore\" width=\"864\" height=\"492\" srcset=\"https:\/\/bf-on-tour.de\/irland-2019\/wp-content\/uploads\/sites\/22\/2020\/01\/tullamore-1.jpg 864w, https:\/\/bf-on-tour.de\/irland-2019\/wp-content\/uploads\/sites\/22\/2020\/01\/tullamore-1-300x171.jpg 300w, https:\/\/bf-on-tour.de\/irland-2019\/wp-content\/uploads\/sites\/22\/2020\/01\/tullamore-1-768x437.jpg 768w\" sizes=\"auto, (max-width: 709px) 85vw, (max-width: 909px) 67vw, (max-width: 1362px) 62vw, 840px\" \/><\/a><figcaption id=\"caption-attachment-321\" class=\"wp-caption-text\">Der wenig erfreuliche Blick aus unserem Hotelzimmer: British\/Irische Wohnmonotonie<\/figcaption><\/figure>\n<p>Zur\u00fcck in Tullamore habe ich abends in der Hotelbar ein d\u00e9j\u00e0 vu. 2006 wollte ich mit Hendrik in Norwegen tanken und die Tankstelle war leer, kein Benzin mehr in den Tanks. Hier und heute ist das Guinness aus. Drei ganze und ein halbes Pint qu\u00e4lt der Barkeeper noch aus dem Fass, dann wird ein Glas \u00fcber den Zapfhahn gest\u00fclpt. Schluss. Seine Erkl\u00e4rung ist wieder so eine Art irischer Humor: \u201aEs sei die ganze Woche von den G\u00e4sten ausschlie\u00dflich Guinness getrunken worden. Damit h\u00e4tte er nicht gerechnet, er sei \u00fcberrascht.\u2019<\/p>\n<p>Tja, da m\u00fcssen wir wohl auf Smithwick\u2019s (auf dem Kontinent als \u201eKilkenny\u201c bekannt) umsteigen &#8211; ein Ale, das leicht moussierend wie eine Mischung aus dunklem D\u00fcnnbier und Berliner Wei\u00dfe ohne Sirup schmeckt. Und da wir vom Missgeschick des Barkeepers so direkt betroffen sind, schenkt er mir, der gerade mit dem Bezahlen der Runde dran ist, ein Riesenglas etwas abgestandenes Heineken. Auch das noch! Na dann mal: Gute Nacht, Irland!<\/p>\n<hr \/>\n<p>Diese endet allerdings auch wieder deutlich fr\u00fcher als erwartet, n\u00e4mlich um 7:50 Uhr. Der geneigte Leser wird vermuten, dass ein Feueralarm die Ursache sein k\u00f6nnte. Und ja, tats\u00e4chlich heult der Rauchwarnmelder! Also: The same procedure as last night. Nur sind diesmal nicht einmal die Feuert\u00fcren im Flur zu gegangen.<\/p>\n<p>Beim Auschecken spreche ich den Rezeptionisten auf die wenig erfreulichen Fehlfunktionen der Rauchmelder an und erhalte zur Erkl\u00e4rung, dass jemand beim Fr\u00fchst\u00fcck seinen Toast etwas l\u00e4nger als sonst \u00fcblich getoastet hatte. Ob das in der Nacht davor auch so war?<\/p>\n<figure id=\"attachment_318\" aria-describedby=\"caption-attachment-318\" style=\"width: 864px\" class=\"wp-caption aligncenter\"><a href=\"https:\/\/bf-on-tour.de\/irland-2019\/wp-content\/uploads\/sites\/22\/2020\/01\/Zur-F\u00e4hre.jpg\" rel=\"lightbox[305]\"><img loading=\"lazy\" decoding=\"async\" class=\"size-full wp-image-318\" src=\"https:\/\/bf-on-tour.de\/irland-2019\/wp-content\/uploads\/sites\/22\/2020\/01\/Zur-F\u00e4hre.jpg\" alt=\"zur F\u00e4hre\" width=\"864\" height=\"415\" srcset=\"https:\/\/bf-on-tour.de\/irland-2019\/wp-content\/uploads\/sites\/22\/2020\/01\/Zur-F\u00e4hre.jpg 864w, https:\/\/bf-on-tour.de\/irland-2019\/wp-content\/uploads\/sites\/22\/2020\/01\/Zur-F\u00e4hre-300x144.jpg 300w, https:\/\/bf-on-tour.de\/irland-2019\/wp-content\/uploads\/sites\/22\/2020\/01\/Zur-F\u00e4hre-768x369.jpg 768w\" sizes=\"auto, (max-width: 709px) 85vw, (max-width: 909px) 67vw, (max-width: 1362px) 62vw, 840px\" \/><\/a><figcaption id=\"caption-attachment-318\" class=\"wp-caption-text\">Auf der Autobahn, die letzten Kilometer bis zur F\u00e4hre<\/figcaption><\/figure>\n<p>Genug ist genug. Irgendwie bin ich nicht ungl\u00fccklich, jetzt zur F\u00e4hre zu fahren. Und den anderen geht es ebenso. Nach drei Wochen ruft mein eigenes Bett nach mir, m\u00f6chte mein eigenes Kopfkissen mal wieder in den Arm genommen werden. Aber zuvor stehen ja noch die F\u00e4hrfahrt und drei harte Tage Autobahnfahrt an&#8230;<\/p>\n<p><a href=\"https:\/\/bf-on-tour.de\/irland-2019\/p-12\"><img loading=\"lazy\" decoding=\"async\" class=\"alignleft wp-image-47\" src=\"https:\/\/bf-on-tour.de\/irland-2019\/wp-content\/uploads\/sites\/22\/2019\/12\/zurueck.png\" alt=\"\" width=\"50\" height=\"37\" \/><\/a> <a href=\"https:\/\/bf-on-tour.de\/irland-2019\/p-14\"><img loading=\"lazy\" decoding=\"async\" class=\"alignright wp-image-46\" src=\"https:\/\/bf-on-tour.de\/irland-2019\/wp-content\/uploads\/sites\/22\/2019\/12\/weiter.png\" alt=\"\" width=\"50\" height=\"37\" \/><\/a><\/p>\n","protected":false},"excerpt":{"rendered":"<p>Nach dem Fr\u00fchst\u00fcck am n\u00e4chsten Morgen funktionieren unsere Zimmerkarten nicht mehr. Zur Rezeption und nachgefragt, ob das denn so richtig sei. Schlie\u00dflich habe man f\u00fcr zwei N\u00e4chte bezahlt (auch, wenn es recht g\u00fcnstig ist). Die Antwort: \u201aJaaa, das k\u00e4me schon mal h\u00e4ufiger vor. Das Kartensystem sei wohl nicht mehr so recht in Ordnung.\u2019 Wir erhalten &hellip; <a href=\"https:\/\/bf-on-tour.de\/irland-2019\/p-13\/\" class=\"more-link\"><span class=\"screen-reader-text\">\u201eWicklow Mountains\u201c <\/span>weiterlesen<\/a><\/p>\n","protected":false},"author":1,"featured_media":0,"parent":0,"menu_order":12,"comment_status":"open","ping_status":"open","template":"","meta":{"footnotes":""},"class_list":["post-305","page","type-page","status-publish","hentry"],"yoast_head":"<!-- This site is optimized with the Yoast SEO plugin v27.1.1 - https:\/\/yoast.com\/product\/yoast-seo-wordpress\/ -->\n<title>Wicklow Mountains - (Motorrad-Reisebericht: Irland 2019)<\/title>\n<meta name=\"description\" content=\"Ein letzter Fahrtag bleibt uns - und den nutzen wir, um in die Wicklow Mountains, im s\u00fcd-osten der Insel gelegen, zu fahren. Dann geht es zur\u00fcck zur F\u00e4hre.\" \/>\n<meta name=\"robots\" content=\"index, follow, max-snippet:-1, max-image-preview:large, max-video-preview:-1\" \/>\n<link rel=\"canonical\" href=\"https:\/\/bf-on-tour.de\/irland-2019\/p-13\/\" \/>\n<meta property=\"og:locale\" content=\"de_DE\" \/>\n<meta property=\"og:type\" content=\"article\" \/>\n<meta property=\"og:title\" content=\"Wicklow Mountains - (Motorrad-Reisebericht: Irland 2019)\" \/>\n<meta property=\"og:description\" content=\"Ein letzter Fahrtag bleibt uns - und den nutzen wir, um in die Wicklow Mountains, im s\u00fcd-osten der Insel gelegen, zu fahren. Dann geht es zur\u00fcck zur F\u00e4hre.\" \/>\n<meta property=\"og:url\" content=\"https:\/\/bf-on-tour.de\/irland-2019\/p-13\/\" \/>\n<meta property=\"og:site_name\" content=\"Irland\" \/>\n<meta property=\"article:modified_time\" content=\"2020-04-02T13:37:31+00:00\" \/>\n<meta property=\"og:image\" content=\"https:\/\/bf-on-tour.de\/irland-2019\/wp-content\/uploads\/sites\/22\/2020\/01\/Land.jpg\" \/>\n<meta name=\"twitter:card\" content=\"summary_large_image\" \/>\n<meta name=\"twitter:label1\" content=\"Gesch\u00e4tzte Lesezeit\" \/>\n\t<meta name=\"twitter:data1\" content=\"5\u00a0Minuten\" \/>\n<script type=\"application\/ld+json\" class=\"yoast-schema-graph\">{\"@context\":\"https:\/\/schema.org\",\"@graph\":[{\"@type\":\"WebPage\",\"@id\":\"https:\/\/bf-on-tour.de\/irland-2019\/p-13\/\",\"url\":\"https:\/\/bf-on-tour.de\/irland-2019\/p-13\/\",\"name\":\"Wicklow Mountains - (Motorrad-Reisebericht: Irland 2019)\",\"isPartOf\":{\"@id\":\"https:\/\/bf-on-tour.de\/irland-2019\/#website\"},\"primaryImageOfPage\":{\"@id\":\"https:\/\/bf-on-tour.de\/irland-2019\/p-13\/#primaryimage\"},\"image\":{\"@id\":\"https:\/\/bf-on-tour.de\/irland-2019\/p-13\/#primaryimage\"},\"thumbnailUrl\":\"https:\/\/bf-on-tour.de\/irland-2019\/wp-content\/uploads\/sites\/22\/2020\/01\/Land.jpg\",\"datePublished\":\"2020-01-05T14:59:55+00:00\",\"dateModified\":\"2020-04-02T13:37:31+00:00\",\"description\":\"Ein letzter Fahrtag bleibt uns - und den nutzen wir, um in die Wicklow Mountains, im s\u00fcd-osten der Insel gelegen, zu fahren. Dann geht es zur\u00fcck zur F\u00e4hre.\",\"breadcrumb\":{\"@id\":\"https:\/\/bf-on-tour.de\/irland-2019\/p-13\/#breadcrumb\"},\"inLanguage\":\"de\",\"potentialAction\":[{\"@type\":\"ReadAction\",\"target\":[\"https:\/\/bf-on-tour.de\/irland-2019\/p-13\/\"]}]},{\"@type\":\"ImageObject\",\"inLanguage\":\"de\",\"@id\":\"https:\/\/bf-on-tour.de\/irland-2019\/p-13\/#primaryimage\",\"url\":\"https:\/\/bf-on-tour.de\/irland-2019\/wp-content\/uploads\/sites\/22\/2020\/01\/Land.jpg\",\"contentUrl\":\"https:\/\/bf-on-tour.de\/irland-2019\/wp-content\/uploads\/sites\/22\/2020\/01\/Land.jpg\"},{\"@type\":\"BreadcrumbList\",\"@id\":\"https:\/\/bf-on-tour.de\/irland-2019\/p-13\/#breadcrumb\",\"itemListElement\":[{\"@type\":\"ListItem\",\"position\":1,\"name\":\"Startseite\",\"item\":\"https:\/\/bf-on-tour.de\/irland-2019\/\"},{\"@type\":\"ListItem\",\"position\":2,\"name\":\"Wicklow Mountains\"}]},{\"@type\":\"WebSite\",\"@id\":\"https:\/\/bf-on-tour.de\/irland-2019\/#website\",\"url\":\"https:\/\/bf-on-tour.de\/irland-2019\/\",\"name\":\"Irland\",\"description\":\"fr\u00f6hlich melancholisch, gr\u00fcn\",\"potentialAction\":[{\"@type\":\"SearchAction\",\"target\":{\"@type\":\"EntryPoint\",\"urlTemplate\":\"https:\/\/bf-on-tour.de\/irland-2019\/?s={search_term_string}\"},\"query-input\":{\"@type\":\"PropertyValueSpecification\",\"valueRequired\":true,\"valueName\":\"search_term_string\"}}],\"inLanguage\":\"de\"}]}<\/script>\n<!-- \/ Yoast SEO plugin. -->","yoast_head_json":{"title":"Wicklow Mountains - (Motorrad-Reisebericht: Irland 2019)","description":"Ein letzter Fahrtag bleibt uns - und den nutzen wir, um in die Wicklow Mountains, im s\u00fcd-osten der Insel gelegen, zu fahren. Dann geht es zur\u00fcck zur F\u00e4hre.","robots":{"index":"index","follow":"follow","max-snippet":"max-snippet:-1","max-image-preview":"max-image-preview:large","max-video-preview":"max-video-preview:-1"},"canonical":"https:\/\/bf-on-tour.de\/irland-2019\/p-13\/","og_locale":"de_DE","og_type":"article","og_title":"Wicklow Mountains - (Motorrad-Reisebericht: Irland 2019)","og_description":"Ein letzter Fahrtag bleibt uns - und den nutzen wir, um in die Wicklow Mountains, im s\u00fcd-osten der Insel gelegen, zu fahren. Dann geht es zur\u00fcck zur F\u00e4hre.","og_url":"https:\/\/bf-on-tour.de\/irland-2019\/p-13\/","og_site_name":"Irland","article_modified_time":"2020-04-02T13:37:31+00:00","og_image":[{"url":"https:\/\/bf-on-tour.de\/irland-2019\/wp-content\/uploads\/sites\/22\/2020\/01\/Land.jpg","type":"","width":"","height":""}],"twitter_card":"summary_large_image","twitter_misc":{"Gesch\u00e4tzte Lesezeit":"5\u00a0Minuten"},"schema":{"@context":"https:\/\/schema.org","@graph":[{"@type":"WebPage","@id":"https:\/\/bf-on-tour.de\/irland-2019\/p-13\/","url":"https:\/\/bf-on-tour.de\/irland-2019\/p-13\/","name":"Wicklow Mountains - (Motorrad-Reisebericht: Irland 2019)","isPartOf":{"@id":"https:\/\/bf-on-tour.de\/irland-2019\/#website"},"primaryImageOfPage":{"@id":"https:\/\/bf-on-tour.de\/irland-2019\/p-13\/#primaryimage"},"image":{"@id":"https:\/\/bf-on-tour.de\/irland-2019\/p-13\/#primaryimage"},"thumbnailUrl":"https:\/\/bf-on-tour.de\/irland-2019\/wp-content\/uploads\/sites\/22\/2020\/01\/Land.jpg","datePublished":"2020-01-05T14:59:55+00:00","dateModified":"2020-04-02T13:37:31+00:00","description":"Ein letzter Fahrtag bleibt uns - und den nutzen wir, um in die Wicklow Mountains, im s\u00fcd-osten der Insel gelegen, zu fahren. Dann geht es zur\u00fcck zur F\u00e4hre.","breadcrumb":{"@id":"https:\/\/bf-on-tour.de\/irland-2019\/p-13\/#breadcrumb"},"inLanguage":"de","potentialAction":[{"@type":"ReadAction","target":["https:\/\/bf-on-tour.de\/irland-2019\/p-13\/"]}]},{"@type":"ImageObject","inLanguage":"de","@id":"https:\/\/bf-on-tour.de\/irland-2019\/p-13\/#primaryimage","url":"https:\/\/bf-on-tour.de\/irland-2019\/wp-content\/uploads\/sites\/22\/2020\/01\/Land.jpg","contentUrl":"https:\/\/bf-on-tour.de\/irland-2019\/wp-content\/uploads\/sites\/22\/2020\/01\/Land.jpg"},{"@type":"BreadcrumbList","@id":"https:\/\/bf-on-tour.de\/irland-2019\/p-13\/#breadcrumb","itemListElement":[{"@type":"ListItem","position":1,"name":"Startseite","item":"https:\/\/bf-on-tour.de\/irland-2019\/"},{"@type":"ListItem","position":2,"name":"Wicklow Mountains"}]},{"@type":"WebSite","@id":"https:\/\/bf-on-tour.de\/irland-2019\/#website","url":"https:\/\/bf-on-tour.de\/irland-2019\/","name":"Irland","description":"fr\u00f6hlich melancholisch, gr\u00fcn","potentialAction":[{"@type":"SearchAction","target":{"@type":"EntryPoint","urlTemplate":"https:\/\/bf-on-tour.de\/irland-2019\/?s={search_term_string}"},"query-input":{"@type":"PropertyValueSpecification","valueRequired":true,"valueName":"search_term_string"}}],"inLanguage":"de"}]}},"_links":{"self":[{"href":"https:\/\/bf-on-tour.de\/irland-2019\/wp-json\/wp\/v2\/pages\/305","targetHints":{"allow":["GET"]}}],"collection":[{"href":"https:\/\/bf-on-tour.de\/irland-2019\/wp-json\/wp\/v2\/pages"}],"about":[{"href":"https:\/\/bf-on-tour.de\/irland-2019\/wp-json\/wp\/v2\/types\/page"}],"author":[{"embeddable":true,"href":"https:\/\/bf-on-tour.de\/irland-2019\/wp-json\/wp\/v2\/users\/1"}],"replies":[{"embeddable":true,"href":"https:\/\/bf-on-tour.de\/irland-2019\/wp-json\/wp\/v2\/comments?post=305"}],"version-history":[{"count":8,"href":"https:\/\/bf-on-tour.de\/irland-2019\/wp-json\/wp\/v2\/pages\/305\/revisions"}],"predecessor-version":[{"id":365,"href":"https:\/\/bf-on-tour.de\/irland-2019\/wp-json\/wp\/v2\/pages\/305\/revisions\/365"}],"wp:attachment":[{"href":"https:\/\/bf-on-tour.de\/irland-2019\/wp-json\/wp\/v2\/media?parent=305"}],"curies":[{"name":"wp","href":"https:\/\/api.w.org\/{rel}","templated":true}]}}