{"id":146,"date":"2020-01-03T16:51:19","date_gmt":"2020-01-03T15:51:19","guid":{"rendered":"http:\/\/bf-on-tour.de\/m-2019\/?page_id=146"},"modified":"2020-04-02T15:35:06","modified_gmt":"2020-04-02T13:35:06","slug":"p-06","status":"publish","type":"page","link":"https:\/\/bf-on-tour.de\/irland-2019\/p-06\/","title":{"rendered":"Die Ersten Tage"},"content":{"rendered":"<h2>Ballyvaughan: Sonntag, Ruhetag<\/h2>\n<p>Fast f\u00fcnf Minuten stehe ich mit den F\u00fc\u00dfen im kalten Duschwasser. Die Pumpe l\u00e4uft, warmes kommt nicht. Den anderen geht\u2019s nicht besser. Haben wir die Warmwasser-Wochenration gestern etwa schon verbraucht? W\u00e4hrend Mike sich an der Schaltuhr versucht, beobachten Devil und ich den Stromz\u00e4hler. Der ruht still vor sich hin, ebenso wie die Sicherung. Hier ist alles ok, hier tut sich nichts. Wie bekommen wir jetzt warmes Wasser?<\/p>\n<figure id=\"attachment_159\" aria-describedby=\"caption-attachment-159\" style=\"width: 143px\" class=\"wp-caption alignleft\"><a href=\"https:\/\/bf-on-tour.de\/irland-2019\/wp-content\/uploads\/sites\/22\/2020\/01\/Boiler.jpg\" rel=\"lightbox[146]\"><img loading=\"lazy\" decoding=\"async\" class=\"size-medium wp-image-159\" src=\"https:\/\/bf-on-tour.de\/irland-2019\/wp-content\/uploads\/sites\/22\/2020\/01\/Boiler-143x300.jpg\" alt=\"Boiler\" width=\"143\" height=\"300\" \/><\/a><figcaption id=\"caption-attachment-159\" class=\"wp-caption-text\">Der Boiler<\/figcaption><\/figure>\n<p>Anruf bei der Vermieterin! Sie kommt, zeigt, wo der Boiler ist und erkl\u00e4rt, dass der \u00dcberhitzungsschutz ausgel\u00f6st, sie bereits einen neuen gekauft, den aber noch nicht eingebaut hat. Also dr\u00fcckt sie den alten \u00dcberlastknopf wieder hinein und es gibt warmes Duschwasser. Wir w\u00fcnschen uns allerdings inniglich, dass dergleichen nicht noch einmal passiert, denn dieser Boiler besticht nicht nur durch museale Form und landestypische Farbe, sondern auch durch den schlichten Charme seines elektrischen Anschlusses: Es muss lediglich eine etwas angerostete Abdeckung entfernt werden, danach liegt alles schier und (vor allem) blank direkt im Zugriff des Reparateurs. Das spart Zeit und Geld!<\/p>\n<figure id=\"attachment_170\" aria-describedby=\"caption-attachment-170\" style=\"width: 300px\" class=\"wp-caption alignright\"><a href=\"https:\/\/bf-on-tour.de\/irland-2019\/wp-content\/uploads\/sites\/22\/2020\/01\/Anschluss.png\" rel=\"lightbox[146]\"><img loading=\"lazy\" decoding=\"async\" class=\"size-medium wp-image-170\" src=\"https:\/\/bf-on-tour.de\/irland-2019\/wp-content\/uploads\/sites\/22\/2020\/01\/Anschluss-300x279.png\" alt=\"Der Anschluss\" width=\"300\" height=\"279\" srcset=\"https:\/\/bf-on-tour.de\/irland-2019\/wp-content\/uploads\/sites\/22\/2020\/01\/Anschluss-300x279.png 300w, https:\/\/bf-on-tour.de\/irland-2019\/wp-content\/uploads\/sites\/22\/2020\/01\/Anschluss-768x715.png 768w, https:\/\/bf-on-tour.de\/irland-2019\/wp-content\/uploads\/sites\/22\/2020\/01\/Anschluss.png 864w\" sizes=\"auto, (max-width: 300px) 85vw, 300px\" \/><\/a><figcaption id=\"caption-attachment-170\" class=\"wp-caption-text\">Der elektrische Anschluss&#8230;<\/figcaption><\/figure>\n<p>Konsequenterweise befindet sich der \u00dcberlastknopf leicht versenkt genau in der Mitte zwischen Plus und Minus. Das ist zwar ebenfalls platzsparend, w\u00fcrde einem deutschen Elektriker aber wahrscheinlich die Haare zu Berge stehen lassen. &#8212;\u00a0Genau wie uns, sollten wir versuchen, den Knopf mit dem Finger zu bet\u00e4tigen&#8230;<\/p>\n<p>Nachmittags erhalten wir Besuch. Ein \u00e4lterer Herr m\u00f6chte knapp 150 Euronen von uns. \u201eHaben Sie nicht gestern im Supermarkt eingekauft?\u201c \u201eJa&#8230;?\u201c \u201eIhre Kreditkarte hat nicht funktioniert.\u201c Er hat Rechnung und Kartenbeleg dabei. Ob wir so freundlich w\u00e4ren, den Betrag noch zu begleichen? Da hier jeder jeden kennt, kommt es nicht gut an, offene Rechnungen offen zu lassen. Er bekommt also das Geld und zieht zufrieden ab. Uns ist es etwas peinlich, aber die Kassiererin hatte es schlie\u00dflich auch nicht bemerkt.<\/p>\n<p>So zieht der Sonntag an uns vor\u00fcber: Man erholt und entspannt sich, redet \u00fcber dies und das, \u00fcber diesen und jenen und \u00fcber allerlei anderes.<\/p>\n<hr \/>\n<h2>Montag<\/h2>\n<p>Nach dem Fr\u00fchst\u00fcck ist mir schwindelig &#8211; wei\u00df der Teufel, woher. Vielleicht bin ich unterhopft, keine Ahnung. Die geplante Tour nach Galway f\u00e4llt jedenfalls aus. Wir fahren lediglich zum Supermarkt nach Ennistimon &#8211; allerdings nicht ohne einen Zwischenstopp beim <a href=\"https:\/\/en.wikipedia.org\/wiki\/Poulnabrone_dolmen\">Portalgrab von Poulabrone<\/a> einzulegen, das aus der Zeit von 4.200 bis 2.900 v.Chr. stammt. Es liegt an einem der h\u00f6chsten Punkte des Karstberges <a href=\"https:\/\/www.gruene-insel.de\/blog\/2018\/burren-nationalpark\/\">Burren<\/a> und da angenommen wird, dass auf dem urspr\u00fcnglich mit Erde angeh\u00e4ufelten Grab fr\u00fcher ein Steinturm aufgeschichtet war, liegt es nahe, das der Platz nicht nur als Grab- und Kultst\u00e4tte, sondern auch als geographischer Orientierungspunkt verwendet wurde.<\/p>\n<figure id=\"attachment_163\" aria-describedby=\"caption-attachment-163\" style=\"width: 864px\" class=\"wp-caption aligncenter\"><a href=\"https:\/\/bf-on-tour.de\/irland-2019\/wp-content\/uploads\/sites\/22\/2020\/01\/Grab.jpg\" rel=\"lightbox[146]\"><img loading=\"lazy\" decoding=\"async\" class=\"size-full wp-image-163\" src=\"https:\/\/bf-on-tour.de\/irland-2019\/wp-content\/uploads\/sites\/22\/2020\/01\/Grab.jpg\" alt=\"Poulnabrone Dolmen\" width=\"864\" height=\"613\" srcset=\"https:\/\/bf-on-tour.de\/irland-2019\/wp-content\/uploads\/sites\/22\/2020\/01\/Grab.jpg 864w, https:\/\/bf-on-tour.de\/irland-2019\/wp-content\/uploads\/sites\/22\/2020\/01\/Grab-300x213.jpg 300w, https:\/\/bf-on-tour.de\/irland-2019\/wp-content\/uploads\/sites\/22\/2020\/01\/Grab-768x545.jpg 768w\" sizes=\"auto, (max-width: 709px) 85vw, (max-width: 909px) 67vw, (max-width: 1362px) 62vw, 840px\" \/><\/a><figcaption id=\"caption-attachment-163\" class=\"wp-caption-text\">Poulnabrone Dolmen &#8211; ein Portalgrab<\/figcaption><\/figure>\n<p>Dann Einkaufen der Dinge, die wir vorgestern vergessen oder nicht bekommen hatten. Zum Beispiel \u201eDruids\u201c, The Taste of Magic. Das gibt es in Halbliterdosen und ahnungslos, wie ich bin, halte ich den Inhalt f\u00fcr gutes irisches Bier. Aber es ist &#8211; h\u00e4tte ich gelesen, was auf den Dosen steht, w\u00fcsste ich es &#8211; alkoholisierter Apfelsaft, Cider. Etwas s\u00fc\u00dfer als \u00c4ppelwoi, aber f\u00fcr mich, auf dessen Beliebtheitsskala Apfelsaft direkt mit holl\u00e4ndischen Tomaten und rohen Zwiebeln konkurriert, f\u00e4llt dieses Getr\u00e4nk in die Kategorie \u201emuss nicht sein\u201c. Tja, wer lesen kann ist eben doch im Vorteil.<\/p>\n<figure id=\"attachment_166\" aria-describedby=\"caption-attachment-166\" style=\"width: 864px\" class=\"wp-caption aligncenter\"><a href=\"https:\/\/bf-on-tour.de\/irland-2019\/wp-content\/uploads\/sites\/22\/2020\/01\/Pano.jpg\" rel=\"lightbox[146]\"><img loading=\"lazy\" decoding=\"async\" class=\"size-full wp-image-166\" src=\"https:\/\/bf-on-tour.de\/irland-2019\/wp-content\/uploads\/sites\/22\/2020\/01\/Pano.jpg\" alt=\"Panorama\" width=\"864\" height=\"492\" srcset=\"https:\/\/bf-on-tour.de\/irland-2019\/wp-content\/uploads\/sites\/22\/2020\/01\/Pano.jpg 864w, https:\/\/bf-on-tour.de\/irland-2019\/wp-content\/uploads\/sites\/22\/2020\/01\/Pano-300x171.jpg 300w, https:\/\/bf-on-tour.de\/irland-2019\/wp-content\/uploads\/sites\/22\/2020\/01\/Pano-768x437.jpg 768w\" sizes=\"auto, (max-width: 709px) 85vw, (max-width: 909px) 67vw, (max-width: 1362px) 62vw, 840px\" \/><\/a><figcaption id=\"caption-attachment-166\" class=\"wp-caption-text\">Panorama \u00fcber Ballyvaughan<\/figcaption><\/figure>\n<p>Auf dem R\u00fcckweg \u00fcber die N67 kommen wir noch zu einem Aussichtspunkt bei Gragan\u2018s Wood, der einen wundervollen Ausblick \u00fcber das Land in Richtung Ballyvaughan hin zur K\u00fcste erlaubt. Ein sch\u00f6nes Panorama! Leider setzt etwas Regen ein und wir sehen zu, dass wir auf dem Rest des Weges nicht allzu nass werden.<\/p>\n<hr \/>\n<h2>Dienstag<\/h2>\n<figure id=\"attachment_169\" aria-describedby=\"caption-attachment-169\" style=\"width: 864px\" class=\"wp-caption aligncenter\"><a href=\"https:\/\/bf-on-tour.de\/irland-2019\/wp-content\/uploads\/sites\/22\/2020\/01\/Bally-01.jpg\" rel=\"lightbox[146]\"><img loading=\"lazy\" decoding=\"async\" class=\"size-full wp-image-169\" src=\"https:\/\/bf-on-tour.de\/irland-2019\/wp-content\/uploads\/sites\/22\/2020\/01\/Bally-01.jpg\" alt=\"nach Galway\" width=\"864\" height=\"491\" srcset=\"https:\/\/bf-on-tour.de\/irland-2019\/wp-content\/uploads\/sites\/22\/2020\/01\/Bally-01.jpg 864w, https:\/\/bf-on-tour.de\/irland-2019\/wp-content\/uploads\/sites\/22\/2020\/01\/Bally-01-300x170.jpg 300w, https:\/\/bf-on-tour.de\/irland-2019\/wp-content\/uploads\/sites\/22\/2020\/01\/Bally-01-768x436.jpg 768w\" sizes=\"auto, (max-width: 709px) 85vw, (max-width: 909px) 67vw, (max-width: 1362px) 62vw, 840px\" \/><\/a><figcaption id=\"caption-attachment-169\" class=\"wp-caption-text\">Auf dem Weg nach Galway.<\/figcaption><\/figure>\n<p>Die Tour nach Galway wird nachgeholt. Gegen Mittag sind wir mit John verabredet, einem Bekannten von Mike, mit dem er sich regelm\u00e4\u00dfig trifft, wenn er in Irland ist. John ist Farmer, z\u00fcchtet Rinder und ist auf dem Sprung, denn morgen will er in Urlaub fahren. September ist g\u00fcnstig, sagt er, da bekommen die Tiere keine Jungen. Und was er dann als Urlaubsplan vorstellt, sieht eher bedingt nach Erholung aus: mit der Maschine nach Dublin, F\u00e4hre nach England, nach Hull, F\u00e4hre nach Holland, nach Frankfurt, von dort nach Spanien, durch die Pyren\u00e4en im Zick-Zack von West nach Ost, wieder Frankfurt und schlie\u00dflich retour nach Irland &#8211; alles in drei Wochen. Na dann mal gute Reise!<\/p>\n<figure id=\"attachment_165\" aria-describedby=\"caption-attachment-165\" style=\"width: 864px\" class=\"wp-caption aligncenter\"><a href=\"https:\/\/bf-on-tour.de\/irland-2019\/wp-content\/uploads\/sites\/22\/2020\/01\/Musikant.jpg\" rel=\"lightbox[146]\"><img loading=\"lazy\" decoding=\"async\" class=\"size-full wp-image-165\" src=\"https:\/\/bf-on-tour.de\/irland-2019\/wp-content\/uploads\/sites\/22\/2020\/01\/Musikant.jpg\" alt=\"Stra\u00dfenmusikant\" width=\"864\" height=\"580\" srcset=\"https:\/\/bf-on-tour.de\/irland-2019\/wp-content\/uploads\/sites\/22\/2020\/01\/Musikant.jpg 864w, https:\/\/bf-on-tour.de\/irland-2019\/wp-content\/uploads\/sites\/22\/2020\/01\/Musikant-300x201.jpg 300w, https:\/\/bf-on-tour.de\/irland-2019\/wp-content\/uploads\/sites\/22\/2020\/01\/Musikant-768x516.jpg 768w\" sizes=\"auto, (max-width: 709px) 85vw, (max-width: 909px) 67vw, (max-width: 1362px) 62vw, 840px\" \/><\/a><figcaption id=\"caption-attachment-165\" class=\"wp-caption-text\">Stra\u00dfenmusikant in der Hauptstra\u00dfe von Galway<\/figcaption><\/figure>\n<p>Galway selbst ist mit knapp 80.000 Einwohnern eine der gr\u00f6\u00dferen St\u00e4dte Irlands und besitzt dementsprechend kulturelle, infrastrukturelle und wissenschaftliche Einrichtungen. Aber entscheidend f\u00fcr uns ist nat\u00fcrlich die teils malerische Altstadt mit ihrer Fu\u00dfg\u00e4ngerzone, der Einkaufsmeile. Hier finden sich neben vielerlei Stra\u00dfenmusikern diverse kleine Sch\u00f6nheiten: H\u00fcbsche L\u00e4den, urige Pubs, Caf\u00e9s, Schaufenster und\/oder Dekorationen.<\/p>\n<figure id=\"attachment_162\" aria-describedby=\"caption-attachment-162\" style=\"width: 864px\" class=\"wp-caption aligncenter\"><a href=\"https:\/\/bf-on-tour.de\/irland-2019\/wp-content\/uploads\/sites\/22\/2020\/01\/Galway4.jpg\" rel=\"lightbox[146]\"><img loading=\"lazy\" decoding=\"async\" class=\"size-full wp-image-162\" src=\"https:\/\/bf-on-tour.de\/irland-2019\/wp-content\/uploads\/sites\/22\/2020\/01\/Galway4.jpg\" alt=\"Erker\" width=\"864\" height=\"580\" srcset=\"https:\/\/bf-on-tour.de\/irland-2019\/wp-content\/uploads\/sites\/22\/2020\/01\/Galway4.jpg 864w, https:\/\/bf-on-tour.de\/irland-2019\/wp-content\/uploads\/sites\/22\/2020\/01\/Galway4-300x201.jpg 300w, https:\/\/bf-on-tour.de\/irland-2019\/wp-content\/uploads\/sites\/22\/2020\/01\/Galway4-768x516.jpg 768w\" sizes=\"auto, (max-width: 709px) 85vw, (max-width: 909px) 67vw, (max-width: 1362px) 62vw, 840px\" \/><\/a><figcaption id=\"caption-attachment-162\" class=\"wp-caption-text\">Einer der endlos vielen Pubs.<\/figcaption><\/figure>\n<p>Pubs gibt es <em>en masse<\/em>. Mal mit ein paar Tischen davor, mal ohne; mal mit mehreren Stockwerken, mal nur im Parterre. Man fragt sich unwillk\u00fcrlich, wie die alle so friedlich nebeneinander \u00fcberleben k\u00f6nnen. Aber wir kennen die irische Pubtradition noch nicht. Erst im Laufe der Woche werden wir bemerken, dass selbst in einem so kleinen Ort, wie Ballyvaughan sp\u00e4testens ab 21:00 Uhr &#8222;die H\u00fctte voll ist&#8220;. Hier abends in die Kneipe zu gehen, sein Bierchen zu genie\u00dfen und mit Freunden oder Bekannten zu schwatzen, ist ein ganz normaler Tagesabschluss &#8211; v\u00f6llig egal, ob Mann oder Frau, Alt oder Jung.<\/p>\n<figure id=\"attachment_160\" aria-describedby=\"caption-attachment-160\" style=\"width: 864px\" class=\"wp-caption aligncenter\"><a href=\"https:\/\/bf-on-tour.de\/irland-2019\/wp-content\/uploads\/sites\/22\/2020\/01\/Galway1.jpg\" rel=\"lightbox[146]\"><img loading=\"lazy\" decoding=\"async\" class=\"size-full wp-image-160\" src=\"https:\/\/bf-on-tour.de\/irland-2019\/wp-content\/uploads\/sites\/22\/2020\/01\/Galway1.jpg\" alt=\"Galway City\" width=\"864\" height=\"580\" srcset=\"https:\/\/bf-on-tour.de\/irland-2019\/wp-content\/uploads\/sites\/22\/2020\/01\/Galway1.jpg 864w, https:\/\/bf-on-tour.de\/irland-2019\/wp-content\/uploads\/sites\/22\/2020\/01\/Galway1-300x201.jpg 300w, https:\/\/bf-on-tour.de\/irland-2019\/wp-content\/uploads\/sites\/22\/2020\/01\/Galway1-768x516.jpg 768w\" sizes=\"auto, (max-width: 709px) 85vw, (max-width: 909px) 67vw, (max-width: 1362px) 62vw, 840px\" \/><\/a><figcaption id=\"caption-attachment-160\" class=\"wp-caption-text\">Einkaufsstra\u00dfe in der City von Galway<\/figcaption><\/figure>\n<p>Zwischen den einkaufenden Menschen und den Touris (wie uns) laufen \u00fcberall Schulkinder herum. Man erkennt sie an ihren Uniformen: dunkle Hose, blauer Pulli mit dem Wappen der Schule. Allen typisch deutschen Diskussionen zum Trotz, hat diese Uniformit\u00e4t aus meiner Sicht nichts mit Milit\u00e4r oder mit Ausgrenzung zu tun. Ich halte sie f\u00fcr ein zweckm\u00e4\u00dfiges Mittel, um den Unterschied zwischen armen und reichen Elternh\u00e4usern zumindest teilweise kaschieren zu k\u00f6nnen (<em>wer keine Nike-Schuhe tr\u00e4gt, ist raus<\/em>). Und zum anderen meine ich, dass daraus ein positives Gemeinschafts- und Zugeh\u00f6rigkeitsgef\u00fchl entstehen kann, das unserer kaputt-individualisierten Gesellschaft vielleicht auch ganz gut t\u00e4te.<\/p>\n<figure id=\"attachment_161\" aria-describedby=\"caption-attachment-161\" style=\"width: 864px\" class=\"wp-caption aligncenter\"><a href=\"https:\/\/bf-on-tour.de\/irland-2019\/wp-content\/uploads\/sites\/22\/2020\/01\/Galway2.jpg\" rel=\"lightbox[146]\"><img loading=\"lazy\" decoding=\"async\" class=\"size-full wp-image-161\" src=\"https:\/\/bf-on-tour.de\/irland-2019\/wp-content\/uploads\/sites\/22\/2020\/01\/Galway2.jpg\" alt=\"An der Kirche\" width=\"864\" height=\"580\" srcset=\"https:\/\/bf-on-tour.de\/irland-2019\/wp-content\/uploads\/sites\/22\/2020\/01\/Galway2.jpg 864w, https:\/\/bf-on-tour.de\/irland-2019\/wp-content\/uploads\/sites\/22\/2020\/01\/Galway2-300x201.jpg 300w, https:\/\/bf-on-tour.de\/irland-2019\/wp-content\/uploads\/sites\/22\/2020\/01\/Galway2-768x516.jpg 768w\" sizes=\"auto, (max-width: 709px) 85vw, (max-width: 909px) 67vw, (max-width: 1362px) 62vw, 840px\" \/><\/a><figcaption id=\"caption-attachment-161\" class=\"wp-caption-text\">An der St. Nicholas&#8216; Collegiate Church.<\/figcaption><\/figure>\n<p>Inzwischen sind wir an der <a href=\"https:\/\/de.wikipedia.org\/wiki\/St._Nicholas\u2019_Collegiate_Church\">St. Nicholas\u2018 Collegiate Kirche<\/a> angekommen. Sie ist (lt. Wikipedia) die gr\u00f6\u00dfte kontinuierlich genutzte mittelalterliche Pfarrkirche Irlands. Und ich merke es sofort, als ich eintreten und ein Foto machen will: Drinnen wird musiziert, das Kirchenschiff ist voller Menschen und ich werde sofort von einer Dame, die aussieht, als w\u00fcrde sie keinen Widerspruch dulden, h\u00f6flich aber eindeutig hinaus komplimentiert.<\/p>\n<figure id=\"attachment_164\" aria-describedby=\"caption-attachment-164\" style=\"width: 864px\" class=\"wp-caption aligncenter\"><a href=\"https:\/\/bf-on-tour.de\/irland-2019\/wp-content\/uploads\/sites\/22\/2020\/01\/MitJohn.jpg\" rel=\"lightbox[146]\"><img loading=\"lazy\" decoding=\"async\" class=\"size-full wp-image-164\" src=\"https:\/\/bf-on-tour.de\/irland-2019\/wp-content\/uploads\/sites\/22\/2020\/01\/MitJohn.jpg\" alt=\"im Caf\u00e9\" width=\"864\" height=\"580\" srcset=\"https:\/\/bf-on-tour.de\/irland-2019\/wp-content\/uploads\/sites\/22\/2020\/01\/MitJohn.jpg 864w, https:\/\/bf-on-tour.de\/irland-2019\/wp-content\/uploads\/sites\/22\/2020\/01\/MitJohn-300x201.jpg 300w, https:\/\/bf-on-tour.de\/irland-2019\/wp-content\/uploads\/sites\/22\/2020\/01\/MitJohn-768x516.jpg 768w\" sizes=\"auto, (max-width: 709px) 85vw, (max-width: 909px) 67vw, (max-width: 1362px) 62vw, 840px\" \/><\/a><figcaption id=\"caption-attachment-164\" class=\"wp-caption-text\">Mit John im Stra\u00dfencaf\u00e9 &#8211; Regen abwettern&#8230;<\/figcaption><\/figure>\n<p>Es hat zu regnen angefangen, wir verziehen uns in ein Caf\u00e9. Mike und John sind sich einig: <em>Wenn Du etwas \u00fcber das Irische Wetter sagen willst, warte 15 Minuten, es hat sich ge\u00e4ndert.<\/em> OK, diese Viertelstunde dauert heute deutlich l\u00e4nger und so starten wir irgendwann im Regen auf den Heimweg. Es ist das erste Mal, dass sich unsere Anz\u00fcge bew\u00e4hren m\u00fcssen. Bei den Schuhen wissen wir, dass sie dicht sind. Und in Ballyvaughan angekommen, sind wir uneinig, ob nicht doch die eine oder andere Stelle durchgefeuchtet ist&#8230;<\/p>\n<p><a href=\"https:\/\/bf-on-tour.de\/irland-2019\/p-05\"><img loading=\"lazy\" decoding=\"async\" class=\"alignleft wp-image-47\" src=\"https:\/\/bf-on-tour.de\/irland-2019\/wp-content\/uploads\/sites\/22\/2019\/12\/zurueck.png\" alt=\"\" width=\"50\" height=\"37\" \/><\/a> <a href=\"https:\/\/bf-on-tour.de\/irland-2019\/p-07\"><img loading=\"lazy\" decoding=\"async\" class=\"alignright wp-image-46\" src=\"https:\/\/bf-on-tour.de\/irland-2019\/wp-content\/uploads\/sites\/22\/2019\/12\/weiter.png\" alt=\"\" width=\"50\" height=\"37\" \/><\/a><\/p>\n","protected":false},"excerpt":{"rendered":"<p>Ballyvaughan: Sonntag, Ruhetag Fast f\u00fcnf Minuten stehe ich mit den F\u00fc\u00dfen im kalten Duschwasser. Die Pumpe l\u00e4uft, warmes kommt nicht. Den anderen geht\u2019s nicht besser. Haben wir die Warmwasser-Wochenration gestern etwa schon verbraucht? W\u00e4hrend Mike sich an der Schaltuhr versucht, beobachten Devil und ich den Stromz\u00e4hler. Der ruht still vor sich hin, ebenso wie die &hellip; <a href=\"https:\/\/bf-on-tour.de\/irland-2019\/p-06\/\" class=\"more-link\"><span class=\"screen-reader-text\">\u201eDie Ersten Tage\u201c <\/span>weiterlesen<\/a><\/p>\n","protected":false},"author":1,"featured_media":0,"parent":0,"menu_order":5,"comment_status":"open","ping_status":"open","template":"","meta":{"footnotes":""},"class_list":["post-146","page","type-page","status-publish","hentry"],"yoast_head":"<!-- This site is optimized with the Yoast SEO plugin v27.1.1 - https:\/\/yoast.com\/product\/yoast-seo-wordpress\/ -->\n<title>Die Ersten Tage - (Motorrad-Reisebericht: Irland 2019)<\/title>\n<meta name=\"description\" content=\"Die ersten Tage in Ballyvaughan: Wir erkunden das Cottage, haben ein Wasserproblem und machen kurze Ausfl\u00fcge in die Umgebung, sowie nach Galway.\" \/>\n<meta name=\"robots\" content=\"index, follow, max-snippet:-1, max-image-preview:large, max-video-preview:-1\" \/>\n<link rel=\"canonical\" href=\"https:\/\/bf-on-tour.de\/irland-2019\/p-06\/\" \/>\n<meta property=\"og:locale\" content=\"de_DE\" \/>\n<meta property=\"og:type\" content=\"article\" \/>\n<meta property=\"og:title\" content=\"Die Ersten Tage - (Motorrad-Reisebericht: Irland 2019)\" \/>\n<meta property=\"og:description\" content=\"Die ersten Tage in Ballyvaughan: Wir erkunden das Cottage, haben ein Wasserproblem und machen kurze Ausfl\u00fcge in die Umgebung, sowie nach Galway.\" \/>\n<meta property=\"og:url\" content=\"https:\/\/bf-on-tour.de\/irland-2019\/p-06\/\" \/>\n<meta property=\"og:site_name\" content=\"Irland\" \/>\n<meta property=\"article:modified_time\" content=\"2020-04-02T13:35:06+00:00\" \/>\n<meta property=\"og:image\" content=\"https:\/\/bf-on-tour.de\/irland-2019\/wp-content\/uploads\/sites\/22\/2020\/01\/Boiler-143x300.jpg\" \/>\n<meta name=\"twitter:card\" content=\"summary_large_image\" \/>\n<meta name=\"twitter:label1\" content=\"Gesch\u00e4tzte Lesezeit\" \/>\n\t<meta name=\"twitter:data1\" content=\"6\u00a0Minuten\" \/>\n<script type=\"application\/ld+json\" class=\"yoast-schema-graph\">{\"@context\":\"https:\/\/schema.org\",\"@graph\":[{\"@type\":\"WebPage\",\"@id\":\"https:\/\/bf-on-tour.de\/irland-2019\/p-06\/\",\"url\":\"https:\/\/bf-on-tour.de\/irland-2019\/p-06\/\",\"name\":\"Die Ersten Tage - (Motorrad-Reisebericht: Irland 2019)\",\"isPartOf\":{\"@id\":\"https:\/\/bf-on-tour.de\/irland-2019\/#website\"},\"primaryImageOfPage\":{\"@id\":\"https:\/\/bf-on-tour.de\/irland-2019\/p-06\/#primaryimage\"},\"image\":{\"@id\":\"https:\/\/bf-on-tour.de\/irland-2019\/p-06\/#primaryimage\"},\"thumbnailUrl\":\"https:\/\/bf-on-tour.de\/irland-2019\/wp-content\/uploads\/sites\/22\/2020\/01\/Boiler-143x300.jpg\",\"datePublished\":\"2020-01-03T15:51:19+00:00\",\"dateModified\":\"2020-04-02T13:35:06+00:00\",\"description\":\"Die ersten Tage in Ballyvaughan: Wir erkunden das Cottage, haben ein Wasserproblem und machen kurze Ausfl\u00fcge in die Umgebung, sowie nach Galway.\",\"breadcrumb\":{\"@id\":\"https:\/\/bf-on-tour.de\/irland-2019\/p-06\/#breadcrumb\"},\"inLanguage\":\"de\",\"potentialAction\":[{\"@type\":\"ReadAction\",\"target\":[\"https:\/\/bf-on-tour.de\/irland-2019\/p-06\/\"]}]},{\"@type\":\"ImageObject\",\"inLanguage\":\"de\",\"@id\":\"https:\/\/bf-on-tour.de\/irland-2019\/p-06\/#primaryimage\",\"url\":\"\",\"contentUrl\":\"\"},{\"@type\":\"BreadcrumbList\",\"@id\":\"https:\/\/bf-on-tour.de\/irland-2019\/p-06\/#breadcrumb\",\"itemListElement\":[{\"@type\":\"ListItem\",\"position\":1,\"name\":\"Startseite\",\"item\":\"https:\/\/bf-on-tour.de\/irland-2019\/\"},{\"@type\":\"ListItem\",\"position\":2,\"name\":\"Die Ersten Tage\"}]},{\"@type\":\"WebSite\",\"@id\":\"https:\/\/bf-on-tour.de\/irland-2019\/#website\",\"url\":\"https:\/\/bf-on-tour.de\/irland-2019\/\",\"name\":\"Irland\",\"description\":\"fr\u00f6hlich melancholisch, gr\u00fcn\",\"potentialAction\":[{\"@type\":\"SearchAction\",\"target\":{\"@type\":\"EntryPoint\",\"urlTemplate\":\"https:\/\/bf-on-tour.de\/irland-2019\/?s={search_term_string}\"},\"query-input\":{\"@type\":\"PropertyValueSpecification\",\"valueRequired\":true,\"valueName\":\"search_term_string\"}}],\"inLanguage\":\"de\"}]}<\/script>\n<!-- \/ Yoast SEO plugin. -->","yoast_head_json":{"title":"Die Ersten Tage - (Motorrad-Reisebericht: Irland 2019)","description":"Die ersten Tage in Ballyvaughan: Wir erkunden das Cottage, haben ein Wasserproblem und machen kurze Ausfl\u00fcge in die Umgebung, sowie nach Galway.","robots":{"index":"index","follow":"follow","max-snippet":"max-snippet:-1","max-image-preview":"max-image-preview:large","max-video-preview":"max-video-preview:-1"},"canonical":"https:\/\/bf-on-tour.de\/irland-2019\/p-06\/","og_locale":"de_DE","og_type":"article","og_title":"Die Ersten Tage - (Motorrad-Reisebericht: Irland 2019)","og_description":"Die ersten Tage in Ballyvaughan: Wir erkunden das Cottage, haben ein Wasserproblem und machen kurze Ausfl\u00fcge in die Umgebung, sowie nach Galway.","og_url":"https:\/\/bf-on-tour.de\/irland-2019\/p-06\/","og_site_name":"Irland","article_modified_time":"2020-04-02T13:35:06+00:00","og_image":[{"url":"https:\/\/bf-on-tour.de\/irland-2019\/wp-content\/uploads\/sites\/22\/2020\/01\/Boiler-143x300.jpg","type":"","width":"","height":""}],"twitter_card":"summary_large_image","twitter_misc":{"Gesch\u00e4tzte Lesezeit":"6\u00a0Minuten"},"schema":{"@context":"https:\/\/schema.org","@graph":[{"@type":"WebPage","@id":"https:\/\/bf-on-tour.de\/irland-2019\/p-06\/","url":"https:\/\/bf-on-tour.de\/irland-2019\/p-06\/","name":"Die Ersten Tage - (Motorrad-Reisebericht: Irland 2019)","isPartOf":{"@id":"https:\/\/bf-on-tour.de\/irland-2019\/#website"},"primaryImageOfPage":{"@id":"https:\/\/bf-on-tour.de\/irland-2019\/p-06\/#primaryimage"},"image":{"@id":"https:\/\/bf-on-tour.de\/irland-2019\/p-06\/#primaryimage"},"thumbnailUrl":"https:\/\/bf-on-tour.de\/irland-2019\/wp-content\/uploads\/sites\/22\/2020\/01\/Boiler-143x300.jpg","datePublished":"2020-01-03T15:51:19+00:00","dateModified":"2020-04-02T13:35:06+00:00","description":"Die ersten Tage in Ballyvaughan: Wir erkunden das Cottage, haben ein Wasserproblem und machen kurze Ausfl\u00fcge in die Umgebung, sowie nach Galway.","breadcrumb":{"@id":"https:\/\/bf-on-tour.de\/irland-2019\/p-06\/#breadcrumb"},"inLanguage":"de","potentialAction":[{"@type":"ReadAction","target":["https:\/\/bf-on-tour.de\/irland-2019\/p-06\/"]}]},{"@type":"ImageObject","inLanguage":"de","@id":"https:\/\/bf-on-tour.de\/irland-2019\/p-06\/#primaryimage","url":"","contentUrl":""},{"@type":"BreadcrumbList","@id":"https:\/\/bf-on-tour.de\/irland-2019\/p-06\/#breadcrumb","itemListElement":[{"@type":"ListItem","position":1,"name":"Startseite","item":"https:\/\/bf-on-tour.de\/irland-2019\/"},{"@type":"ListItem","position":2,"name":"Die Ersten Tage"}]},{"@type":"WebSite","@id":"https:\/\/bf-on-tour.de\/irland-2019\/#website","url":"https:\/\/bf-on-tour.de\/irland-2019\/","name":"Irland","description":"fr\u00f6hlich melancholisch, gr\u00fcn","potentialAction":[{"@type":"SearchAction","target":{"@type":"EntryPoint","urlTemplate":"https:\/\/bf-on-tour.de\/irland-2019\/?s={search_term_string}"},"query-input":{"@type":"PropertyValueSpecification","valueRequired":true,"valueName":"search_term_string"}}],"inLanguage":"de"}]}},"_links":{"self":[{"href":"https:\/\/bf-on-tour.de\/irland-2019\/wp-json\/wp\/v2\/pages\/146","targetHints":{"allow":["GET"]}}],"collection":[{"href":"https:\/\/bf-on-tour.de\/irland-2019\/wp-json\/wp\/v2\/pages"}],"about":[{"href":"https:\/\/bf-on-tour.de\/irland-2019\/wp-json\/wp\/v2\/types\/page"}],"author":[{"embeddable":true,"href":"https:\/\/bf-on-tour.de\/irland-2019\/wp-json\/wp\/v2\/users\/1"}],"replies":[{"embeddable":true,"href":"https:\/\/bf-on-tour.de\/irland-2019\/wp-json\/wp\/v2\/comments?post=146"}],"version-history":[{"count":30,"href":"https:\/\/bf-on-tour.de\/irland-2019\/wp-json\/wp\/v2\/pages\/146\/revisions"}],"predecessor-version":[{"id":358,"href":"https:\/\/bf-on-tour.de\/irland-2019\/wp-json\/wp\/v2\/pages\/146\/revisions\/358"}],"wp:attachment":[{"href":"https:\/\/bf-on-tour.de\/irland-2019\/wp-json\/wp\/v2\/media?parent=146"}],"curies":[{"name":"wp","href":"https:\/\/api.w.org\/{rel}","templated":true}]}}