{"id":7,"date":"2022-10-15T11:47:16","date_gmt":"2022-10-15T09:47:16","guid":{"rendered":"https:\/\/bf-on-tour.de\/fk-22\/?page_id=7"},"modified":"2022-10-22T14:04:26","modified_gmt":"2022-10-22T12:04:26","slug":"page-2","status":"publish","type":"page","link":"https:\/\/bf-on-tour.de\/fk-22\/page-2\/","title":{"rendered":"Stralsund"},"content":{"rendered":"<p>Nachdem uns gestern Kuttel Daddeldu h\u00f6chst am\u00fcsant durch Stralsund gef\u00fchrt hatte, strolchen wir heute noch einmal ohne ihn und ohne Zeitbeschr\u00e4nkung, aber durchaus mit der einen oder anderen seiner Erl\u00e4uterungen im Ohr, hier herum.<\/p>\n<p>Es ist Sonntag, sonnig, windig-k\u00fchl, kurz vor 9:00 Uhr und die Stadt schl\u00e4ft noch &#8211; zumindest weitgehend, denn in der Freikirche, deren Gemeinde in einem pr\u00e4chtigen Backsteingeb\u00e4ude aus der Hansezeit logiert, schallen durch die hohen gotischen Fensterb\u00f6gen bereits innig zum Lobe des HERRN gesungene Lieder. Nicht unbedingt sch\u00f6n, aber laut.<\/p>\n<figure id=\"attachment_47\" aria-describedby=\"caption-attachment-47\" style=\"width: 840px\" class=\"wp-caption aligncenter\"><img loading=\"lazy\" decoding=\"async\" class=\"wp-image-47 size-large\" src=\"https:\/\/bf-on-tour.de\/fk-22\/wp-content\/uploads\/sites\/25\/2022\/10\/P1050680-1024x699.jpg\" alt=\"\" width=\"840\" height=\"573\" srcset=\"https:\/\/bf-on-tour.de\/fk-22\/wp-content\/uploads\/sites\/25\/2022\/10\/P1050680-1024x699.jpg 1024w, https:\/\/bf-on-tour.de\/fk-22\/wp-content\/uploads\/sites\/25\/2022\/10\/P1050680-300x205.jpg 300w, https:\/\/bf-on-tour.de\/fk-22\/wp-content\/uploads\/sites\/25\/2022\/10\/P1050680-768x524.jpg 768w, https:\/\/bf-on-tour.de\/fk-22\/wp-content\/uploads\/sites\/25\/2022\/10\/P1050680-1536x1049.jpg 1536w, https:\/\/bf-on-tour.de\/fk-22\/wp-content\/uploads\/sites\/25\/2022\/10\/P1050680-2048x1398.jpg 2048w, https:\/\/bf-on-tour.de\/fk-22\/wp-content\/uploads\/sites\/25\/2022\/10\/P1050680-1200x819.jpg 1200w\" sizes=\"auto, (max-width: 709px) 85vw, (max-width: 909px) 67vw, (max-width: 1362px) 62vw, 840px\" \/><figcaption id=\"caption-attachment-47\" class=\"wp-caption-text\">Kloster St. Johannes<\/figcaption><\/figure>\n<p>Am Geburtshaus des bedeutenden Chemikers Carl Wilhelm Scheele, der feststellte, dass Luft aus Sauerstoff und Stickstoff besteht, biegen wir rechts ab, passieren die Ruine des leider geschlossenen St. Johannes Klosters und finden uns in einem romantischen Ensemble kleiner H\u00e4uschen, in deren gepflegten Vorg\u00e4rten Stockrosen und Hortensien mit allen m\u00f6glichen anderen Pflanzen um die Wette bl\u00fchen. Eine unerwartete Idylle mitten in der Stadt, in die man sich in Form von Ferienwohnungen einmieten kann.<\/p>\n<figure id=\"attachment_45\" aria-describedby=\"caption-attachment-45\" style=\"width: 840px\" class=\"wp-caption aligncenter\"><img loading=\"lazy\" decoding=\"async\" class=\"size-large wp-image-45\" src=\"https:\/\/bf-on-tour.de\/fk-22\/wp-content\/uploads\/sites\/25\/2022\/10\/P1050682-1024x576.jpg\" alt=\"\" width=\"840\" height=\"473\" srcset=\"https:\/\/bf-on-tour.de\/fk-22\/wp-content\/uploads\/sites\/25\/2022\/10\/P1050682-1024x576.jpg 1024w, https:\/\/bf-on-tour.de\/fk-22\/wp-content\/uploads\/sites\/25\/2022\/10\/P1050682-300x169.jpg 300w, https:\/\/bf-on-tour.de\/fk-22\/wp-content\/uploads\/sites\/25\/2022\/10\/P1050682-768x432.jpg 768w, https:\/\/bf-on-tour.de\/fk-22\/wp-content\/uploads\/sites\/25\/2022\/10\/P1050682-1536x864.jpg 1536w, https:\/\/bf-on-tour.de\/fk-22\/wp-content\/uploads\/sites\/25\/2022\/10\/P1050682-2048x1152.jpg 2048w, https:\/\/bf-on-tour.de\/fk-22\/wp-content\/uploads\/sites\/25\/2022\/10\/P1050682-1200x675.jpg 1200w\" sizes=\"auto, (max-width: 709px) 85vw, (max-width: 909px) 67vw, (max-width: 1362px) 62vw, 840px\" \/><figcaption id=\"caption-attachment-45\" class=\"wp-caption-text\">Idylle mitten in der Stadt<\/figcaption><\/figure>\n<p>Dann der alte Markt mit der m\u00e4chtigen Nikolaikirche und dem imposanten Rathaus mit seinem Macht und Reichtum verk\u00fcndeden Scheingiebel und einem S\u00e4ulengang, der sehr an das Rigaische Rathaus erinnert. Wer hier von wem abgekupfert hat, blieb schon gestern bei Kuttel im Unklaren. Entweder wusste er es nicht oder h\u00e4tte zugeben m\u00fcssen, dass wohl doch Riga die bedeutendere Stadt gewesen war. Geht nat\u00fcrlich gar nicht.<\/p>\n<figure id=\"attachment_40\" aria-describedby=\"caption-attachment-40\" style=\"width: 840px\" class=\"wp-caption aligncenter\"><img loading=\"lazy\" decoding=\"async\" class=\"size-large wp-image-40\" src=\"https:\/\/bf-on-tour.de\/fk-22\/wp-content\/uploads\/sites\/25\/2022\/10\/P1050690-1024x683.jpg\" alt=\"\" width=\"840\" height=\"560\" srcset=\"https:\/\/bf-on-tour.de\/fk-22\/wp-content\/uploads\/sites\/25\/2022\/10\/P1050690-1024x683.jpg 1024w, https:\/\/bf-on-tour.de\/fk-22\/wp-content\/uploads\/sites\/25\/2022\/10\/P1050690-300x200.jpg 300w, https:\/\/bf-on-tour.de\/fk-22\/wp-content\/uploads\/sites\/25\/2022\/10\/P1050690-768x512.jpg 768w, https:\/\/bf-on-tour.de\/fk-22\/wp-content\/uploads\/sites\/25\/2022\/10\/P1050690-1536x1025.jpg 1536w, https:\/\/bf-on-tour.de\/fk-22\/wp-content\/uploads\/sites\/25\/2022\/10\/P1050690-2048x1367.jpg 2048w, https:\/\/bf-on-tour.de\/fk-22\/wp-content\/uploads\/sites\/25\/2022\/10\/P1050690-1200x801.jpg 1200w\" sizes=\"auto, (max-width: 709px) 85vw, (max-width: 909px) 67vw, (max-width: 1362px) 62vw, 840px\" \/><figcaption id=\"caption-attachment-40\" class=\"wp-caption-text\">Das Rathaus<\/figcaption><\/figure>\n<figure id=\"attachment_44\" aria-describedby=\"caption-attachment-44\" style=\"width: 576px\" class=\"wp-caption aligncenter\"><img loading=\"lazy\" decoding=\"async\" class=\"size-large wp-image-44\" src=\"https:\/\/bf-on-tour.de\/fk-22\/wp-content\/uploads\/sites\/25\/2022\/10\/P1050666-576x1024.jpg\" alt=\"\" width=\"576\" height=\"1024\" srcset=\"https:\/\/bf-on-tour.de\/fk-22\/wp-content\/uploads\/sites\/25\/2022\/10\/P1050666-576x1024.jpg 576w, https:\/\/bf-on-tour.de\/fk-22\/wp-content\/uploads\/sites\/25\/2022\/10\/P1050666-169x300.jpg 169w, https:\/\/bf-on-tour.de\/fk-22\/wp-content\/uploads\/sites\/25\/2022\/10\/P1050666-768x1365.jpg 768w, https:\/\/bf-on-tour.de\/fk-22\/wp-content\/uploads\/sites\/25\/2022\/10\/P1050666-864x1536.jpg 864w, https:\/\/bf-on-tour.de\/fk-22\/wp-content\/uploads\/sites\/25\/2022\/10\/P1050666-1152x2048.jpg 1152w, https:\/\/bf-on-tour.de\/fk-22\/wp-content\/uploads\/sites\/25\/2022\/10\/P1050666-1200x2133.jpg 1200w, https:\/\/bf-on-tour.de\/fk-22\/wp-content\/uploads\/sites\/25\/2022\/10\/P1050666-scaled.jpg 1441w\" sizes=\"auto, (max-width: 576px) 85vw, 576px\" \/><figcaption id=\"caption-attachment-44\" class=\"wp-caption-text\">Blick in den Rathaushof<\/figcaption><\/figure>\n<figure id=\"attachment_43\" aria-describedby=\"caption-attachment-43\" style=\"width: 641px\" class=\"wp-caption aligncenter\"><img loading=\"lazy\" decoding=\"async\" class=\"size-large wp-image-43\" src=\"https:\/\/bf-on-tour.de\/fk-22\/wp-content\/uploads\/sites\/25\/2022\/10\/P1050662-641x1024.jpg\" alt=\"\" width=\"641\" height=\"1024\" srcset=\"https:\/\/bf-on-tour.de\/fk-22\/wp-content\/uploads\/sites\/25\/2022\/10\/P1050662-641x1024.jpg 641w, https:\/\/bf-on-tour.de\/fk-22\/wp-content\/uploads\/sites\/25\/2022\/10\/P1050662-188x300.jpg 188w, https:\/\/bf-on-tour.de\/fk-22\/wp-content\/uploads\/sites\/25\/2022\/10\/P1050662-768x1226.jpg 768w, https:\/\/bf-on-tour.de\/fk-22\/wp-content\/uploads\/sites\/25\/2022\/10\/P1050662-962x1536.jpg 962w, https:\/\/bf-on-tour.de\/fk-22\/wp-content\/uploads\/sites\/25\/2022\/10\/P1050662-1283x2048.jpg 1283w, https:\/\/bf-on-tour.de\/fk-22\/wp-content\/uploads\/sites\/25\/2022\/10\/P1050662-1200x1916.jpg 1200w, https:\/\/bf-on-tour.de\/fk-22\/wp-content\/uploads\/sites\/25\/2022\/10\/P1050662-scaled.jpg 1603w\" sizes=\"auto, (max-width: 641px) 85vw, 641px\" \/><figcaption id=\"caption-attachment-43\" class=\"wp-caption-text\">Das Tuchschneiderhaus<\/figcaption><\/figure>\n<p>Gegen\u00fcber das pr\u00e4chtige, im Stil der Backsteingotik erbaute Tuchschneiderhaus, welches schmerzlich daran erinnert, wie sich eine f\u00fcr den Normalb\u00fcrger unverst\u00e4ndliche B\u00fcrokratie auf Jahrhunderte alte Traditionen berufen kann: Tuchschneider waren n\u00e4mlich keine Schneider, sondern besa\u00dfen lediglich das Recht, von Tuchballen eben jene Menge Stoff abzuschneiden, aus denen richtige Schneider dann Gew\u00e4nder herstellen konnten, bzw. durften. Mittelalterlicher, durch historische B\u00fcrokratie verteidigter Zwischenhandel ohne praktischen N\u00e4hrwert also &#8211; grad so, als w\u00e4r&#8217;s heute gewesen.<\/p>\n<figure id=\"attachment_41\" aria-describedby=\"caption-attachment-41\" style=\"width: 840px\" class=\"wp-caption aligncenter\"><img loading=\"lazy\" decoding=\"async\" class=\"size-large wp-image-41\" src=\"https:\/\/bf-on-tour.de\/fk-22\/wp-content\/uploads\/sites\/25\/2022\/10\/P1050704-1024x1024.jpg\" alt=\"\" width=\"840\" height=\"840\" srcset=\"https:\/\/bf-on-tour.de\/fk-22\/wp-content\/uploads\/sites\/25\/2022\/10\/P1050704-1024x1024.jpg 1024w, https:\/\/bf-on-tour.de\/fk-22\/wp-content\/uploads\/sites\/25\/2022\/10\/P1050704-300x300.jpg 300w, https:\/\/bf-on-tour.de\/fk-22\/wp-content\/uploads\/sites\/25\/2022\/10\/P1050704-150x150.jpg 150w, https:\/\/bf-on-tour.de\/fk-22\/wp-content\/uploads\/sites\/25\/2022\/10\/P1050704-768x768.jpg 768w, https:\/\/bf-on-tour.de\/fk-22\/wp-content\/uploads\/sites\/25\/2022\/10\/P1050704-1536x1536.jpg 1536w, https:\/\/bf-on-tour.de\/fk-22\/wp-content\/uploads\/sites\/25\/2022\/10\/P1050704-2048x2048.jpg 2048w, https:\/\/bf-on-tour.de\/fk-22\/wp-content\/uploads\/sites\/25\/2022\/10\/P1050704-1200x1200.jpg 1200w\" sizes=\"auto, (max-width: 709px) 85vw, (max-width: 909px) 67vw, (max-width: 1362px) 62vw, 840px\" \/><figcaption id=\"caption-attachment-41\" class=\"wp-caption-text\">Stockrosen vor den H\u00e4usern<\/figcaption><\/figure>\n<p>Und \u00fcberall vor den H\u00e4usern &#8211; egal, ob einfach oder historisch pomp\u00f6s &#8211; bl\u00fchen Stockrosen in verschiedensten Farben. Damit hat Stralsund geradezu d\u00e4nisches Flair &#8211; nun, wir sind ja schlie\u00dflich in Vorpommern, dass uns bereits auf unserer Ostseeradtour 2007 deutlich skandinavischer vorkam als etwa Mecklenburg.<\/p>\n<p>Aber jetzt l\u00e4uft uns doch die Zeit davon. Also z\u00fcgig zur\u00fcck zum Schiff, vorbei am Ozeaneum, dem &#8211; nach seinen Besucherzahlen gerechnet &#8211; drittgr\u00f6\u00dften Museum Deutschlands; einem futuristischen Bau, dessen \u00c4u\u00dferes aus wei\u00dfen Schiffsstahlplatten besteht, deren Form vom Wind gebl\u00e4hte Segel assoziieren soll &#8211; so die Architekten. Die Stralsunder assoziieren allerdings eher h\u00f6chst Profanes damit, weshalb das Geb\u00e4ude gemeinhin &#8222;Die Klorollen&#8220; genannt wird.<\/p>\n<figure id=\"attachment_42\" aria-describedby=\"caption-attachment-42\" style=\"width: 840px\" class=\"wp-caption aligncenter\"><img loading=\"lazy\" decoding=\"async\" class=\"wp-image-42 size-large\" src=\"https:\/\/bf-on-tour.de\/fk-22\/wp-content\/uploads\/sites\/25\/2022\/10\/P1050706-scaled-e1665843268791-1024x527.jpg\" alt=\"\" width=\"840\" height=\"432\" srcset=\"https:\/\/bf-on-tour.de\/fk-22\/wp-content\/uploads\/sites\/25\/2022\/10\/P1050706-scaled-e1665843268791-1024x527.jpg 1024w, https:\/\/bf-on-tour.de\/fk-22\/wp-content\/uploads\/sites\/25\/2022\/10\/P1050706-scaled-e1665843268791-300x154.jpg 300w, https:\/\/bf-on-tour.de\/fk-22\/wp-content\/uploads\/sites\/25\/2022\/10\/P1050706-scaled-e1665843268791-768x395.jpg 768w, https:\/\/bf-on-tour.de\/fk-22\/wp-content\/uploads\/sites\/25\/2022\/10\/P1050706-scaled-e1665843268791-1536x791.jpg 1536w, https:\/\/bf-on-tour.de\/fk-22\/wp-content\/uploads\/sites\/25\/2022\/10\/P1050706-scaled-e1665843268791-2048x1054.jpg 2048w, https:\/\/bf-on-tour.de\/fk-22\/wp-content\/uploads\/sites\/25\/2022\/10\/P1050706-scaled-e1665843268791-1200x618.jpg 1200w\" sizes=\"auto, (max-width: 709px) 85vw, (max-width: 909px) 67vw, (max-width: 1362px) 62vw, 840px\" \/><figcaption id=\"caption-attachment-42\" class=\"wp-caption-text\">Das Ozeaneum &#8211; die &#8222;Klorollen&#8220;!<\/figcaption><\/figure>\n<p>OK, wir sind rechtzeitig zur\u00fcck und Kathi legt ab, Kurs Lauterbach auf R\u00fcgen.<\/p>\n<figure id=\"attachment_49\" aria-describedby=\"caption-attachment-49\" style=\"width: 840px\" class=\"wp-caption aligncenter\"><img loading=\"lazy\" decoding=\"async\" class=\"size-large wp-image-49\" src=\"https:\/\/bf-on-tour.de\/fk-22\/wp-content\/uploads\/sites\/25\/2022\/10\/P1050711-1024x488.jpg\" alt=\"\" width=\"840\" height=\"400\" srcset=\"https:\/\/bf-on-tour.de\/fk-22\/wp-content\/uploads\/sites\/25\/2022\/10\/P1050711-1024x488.jpg 1024w, https:\/\/bf-on-tour.de\/fk-22\/wp-content\/uploads\/sites\/25\/2022\/10\/P1050711-300x143.jpg 300w, https:\/\/bf-on-tour.de\/fk-22\/wp-content\/uploads\/sites\/25\/2022\/10\/P1050711-768x366.jpg 768w, https:\/\/bf-on-tour.de\/fk-22\/wp-content\/uploads\/sites\/25\/2022\/10\/P1050711-1536x732.jpg 1536w, https:\/\/bf-on-tour.de\/fk-22\/wp-content\/uploads\/sites\/25\/2022\/10\/P1050711-2048x976.jpg 2048w, https:\/\/bf-on-tour.de\/fk-22\/wp-content\/uploads\/sites\/25\/2022\/10\/P1050711-1200x572.jpg 1200w\" sizes=\"auto, (max-width: 709px) 85vw, (max-width: 909px) 67vw, (max-width: 1362px) 62vw, 840px\" \/><figcaption id=\"caption-attachment-49\" class=\"wp-caption-text\">Auf dem Weg nach R\u00fcgen<\/figcaption><\/figure>\n<p><a href=\"https:\/\/bf-on-tour.de\/fk-22\/page-1\"><img loading=\"lazy\" decoding=\"async\" class=\"alignleft wp-image-123\" src=\"https:\/\/bf-on-tour.de\/fk-22\/wp-content\/uploads\/sites\/25\/2022\/10\/zurueck.png\" alt=\"\" width=\"50\" height=\"37\" \/><\/a><a href=\"https:\/\/bf-on-tour.de\/fk-22\/page-3\"><img loading=\"lazy\" decoding=\"async\" class=\"alignright wp-image-122\" src=\"https:\/\/bf-on-tour.de\/fk-22\/wp-content\/uploads\/sites\/25\/2022\/10\/weiter.png\" alt=\"\" width=\"50\" height=\"37\" \/><\/a><\/p>\n","protected":false},"excerpt":{"rendered":"<p>Nachdem uns gestern Kuttel Daddeldu h\u00f6chst am\u00fcsant durch Stralsund gef\u00fchrt hatte, strolchen wir heute noch einmal ohne ihn und ohne Zeitbeschr\u00e4nkung, aber durchaus mit der einen oder anderen seiner Erl\u00e4uterungen im Ohr, hier herum. Es ist Sonntag, sonnig, windig-k\u00fchl, kurz vor 9:00 Uhr und die Stadt schl\u00e4ft noch &#8211; zumindest weitgehend, denn in der Freikirche, &hellip; <a href=\"https:\/\/bf-on-tour.de\/fk-22\/page-2\/\" class=\"more-link\"><span class=\"screen-reader-text\">\u201eStralsund\u201c <\/span>weiterlesen<\/a><\/p>\n","protected":false},"author":1,"featured_media":0,"parent":0,"menu_order":1,"comment_status":"open","ping_status":"closed","template":"","meta":{"footnotes":""},"class_list":["post-7","page","type-page","status-publish","hentry"],"_links":{"self":[{"href":"https:\/\/bf-on-tour.de\/fk-22\/wp-json\/wp\/v2\/pages\/7","targetHints":{"allow":["GET"]}}],"collection":[{"href":"https:\/\/bf-on-tour.de\/fk-22\/wp-json\/wp\/v2\/pages"}],"about":[{"href":"https:\/\/bf-on-tour.de\/fk-22\/wp-json\/wp\/v2\/types\/page"}],"author":[{"embeddable":true,"href":"https:\/\/bf-on-tour.de\/fk-22\/wp-json\/wp\/v2\/users\/1"}],"replies":[{"embeddable":true,"href":"https:\/\/bf-on-tour.de\/fk-22\/wp-json\/wp\/v2\/comments?post=7"}],"version-history":[{"count":9,"href":"https:\/\/bf-on-tour.de\/fk-22\/wp-json\/wp\/v2\/pages\/7\/revisions"}],"predecessor-version":[{"id":129,"href":"https:\/\/bf-on-tour.de\/fk-22\/wp-json\/wp\/v2\/pages\/7\/revisions\/129"}],"wp:attachment":[{"href":"https:\/\/bf-on-tour.de\/fk-22\/wp-json\/wp\/v2\/media?parent=7"}],"curies":[{"name":"wp","href":"https:\/\/api.w.org\/{rel}","templated":true}]}}