{"id":60,"date":"2022-07-26T16:30:13","date_gmt":"2022-07-26T14:30:13","guid":{"rendered":"https:\/\/bf-on-tour.de\/k-21\/?page_id=60"},"modified":"2022-10-24T10:19:08","modified_gmt":"2022-10-24T08:19:08","slug":"page-3","status":"publish","type":"page","link":"https:\/\/bf-on-tour.de\/fk-21\/page-3\/","title":{"rendered":"Esztergom und Budapest"},"content":{"rendered":"<p>Ich \u00f6ffne meine Augen. In der Kabine ist es hell. Wieder eine der zahlreichen Schleusen? Nein, wir sind in Ungarn und die Sonne scheint! Zum ersten Mal seit Tagen. Was f\u00fcr ein vers\u00f6hnlicher Morgen! Die eingekachelte, unser stilles \u00d6rtchen bewachende Jugendstilmaid scheint zu l\u00e4cheln und selbst das entsetzliche R\u00f6hren des Unterdrucksystems dieser Location klingt heute weniger bedrohlich. Rudi schl\u00e4ft noch und unsere vier Mitfr\u00fchst\u00fccker haben die gleiche gute Laune wie wir. Ach, das Leben kann so sch\u00f6n sein!<\/p>\n<figure id=\"attachment_66\" aria-describedby=\"caption-attachment-66\" style=\"width: 840px\" class=\"wp-caption aligncenter\"><img loading=\"lazy\" decoding=\"async\" class=\"wp-image-66 size-large\" src=\"https:\/\/bf-on-tour.de\/k-21\/wp-content\/uploads\/sites\/24\/2022\/10\/P1050270-1024x583.jpg\" alt=\"\" width=\"840\" height=\"478\" srcset=\"https:\/\/bf-on-tour.de\/fk-21\/wp-content\/uploads\/sites\/24\/2022\/10\/P1050270-1024x583.jpg 1024w, https:\/\/bf-on-tour.de\/fk-21\/wp-content\/uploads\/sites\/24\/2022\/10\/P1050270-300x171.jpg 300w, https:\/\/bf-on-tour.de\/fk-21\/wp-content\/uploads\/sites\/24\/2022\/10\/P1050270-768x437.jpg 768w, https:\/\/bf-on-tour.de\/fk-21\/wp-content\/uploads\/sites\/24\/2022\/10\/P1050270-1536x874.jpg 1536w, https:\/\/bf-on-tour.de\/fk-21\/wp-content\/uploads\/sites\/24\/2022\/10\/P1050270-2048x1165.jpg 2048w, https:\/\/bf-on-tour.de\/fk-21\/wp-content\/uploads\/sites\/24\/2022\/10\/P1050270-1200x683.jpg 1200w\" sizes=\"auto, (max-width: 709px) 85vw, (max-width: 909px) 67vw, (max-width: 1362px) 62vw, 840px\" \/><figcaption id=\"caption-attachment-66\" class=\"wp-caption-text\">Esztergom<\/figcaption><\/figure>\n<p>Gegen 10:00 Uhr liegt die Heidelberg in Esztergom fest und wir starten zur Besichtigung der dortigen Basilika, \u201ecaput, mater et magistra ecclesiarum hungariae\u201c, Oberhaupt, Mutter und Lehrmeisterin der Kirche Ungarns \u2013 in aller Bescheidenheit also DER Kirche im Land -, mit einer Bimmelbahnfahrt, d.h. mit einem als Lokomotive verkleideten Traktor, der zwei bunt bemalte aber recht klapprige Anh\u00e4nger z\u00fcgig und nicht gerade r\u00fcckenschonend durch eine beachtliche Auswahl an Schlagl\u00f6chern und Querrillen den Berg hinauf zu eben diesem Geb\u00e4ude zieht. Wohl dem, der Ibuprophen dabei hat!<\/p>\n<figure id=\"attachment_68\" aria-describedby=\"caption-attachment-68\" style=\"width: 840px\" class=\"wp-caption aligncenter\"><img loading=\"lazy\" decoding=\"async\" class=\"size-large wp-image-68\" src=\"https:\/\/bf-on-tour.de\/k-21\/wp-content\/uploads\/sites\/24\/2022\/10\/P1050317-1024x732.jpg\" alt=\"\" width=\"840\" height=\"600\" srcset=\"https:\/\/bf-on-tour.de\/fk-21\/wp-content\/uploads\/sites\/24\/2022\/10\/P1050317-1024x732.jpg 1024w, https:\/\/bf-on-tour.de\/fk-21\/wp-content\/uploads\/sites\/24\/2022\/10\/P1050317-300x214.jpg 300w, https:\/\/bf-on-tour.de\/fk-21\/wp-content\/uploads\/sites\/24\/2022\/10\/P1050317-768x549.jpg 768w, https:\/\/bf-on-tour.de\/fk-21\/wp-content\/uploads\/sites\/24\/2022\/10\/P1050317-1536x1098.jpg 1536w, https:\/\/bf-on-tour.de\/fk-21\/wp-content\/uploads\/sites\/24\/2022\/10\/P1050317-2048x1464.jpg 2048w, https:\/\/bf-on-tour.de\/fk-21\/wp-content\/uploads\/sites\/24\/2022\/10\/P1050317-1200x858.jpg 1200w\" sizes=\"auto, (max-width: 709px) 85vw, (max-width: 909px) 67vw, (max-width: 1362px) 62vw, 840px\" \/><figcaption id=\"caption-attachment-68\" class=\"wp-caption-text\">Portal der Basilika<\/figcaption><\/figure>\n<p><img loading=\"lazy\" decoding=\"async\" class=\"alignleft size-medium wp-image-67\" src=\"https:\/\/bf-on-tour.de\/k-21\/wp-content\/uploads\/sites\/24\/2022\/10\/P1050296-278x300.jpg\" alt=\"\" width=\"278\" height=\"300\" srcset=\"https:\/\/bf-on-tour.de\/fk-21\/wp-content\/uploads\/sites\/24\/2022\/10\/P1050296-278x300.jpg 278w, https:\/\/bf-on-tour.de\/fk-21\/wp-content\/uploads\/sites\/24\/2022\/10\/P1050296-950x1024.jpg 950w, https:\/\/bf-on-tour.de\/fk-21\/wp-content\/uploads\/sites\/24\/2022\/10\/P1050296-768x828.jpg 768w, https:\/\/bf-on-tour.de\/fk-21\/wp-content\/uploads\/sites\/24\/2022\/10\/P1050296-1424x1536.jpg 1424w, https:\/\/bf-on-tour.de\/fk-21\/wp-content\/uploads\/sites\/24\/2022\/10\/P1050296-1899x2048.jpg 1899w, https:\/\/bf-on-tour.de\/fk-21\/wp-content\/uploads\/sites\/24\/2022\/10\/P1050296-1200x1294.jpg 1200w\" sizes=\"auto, (max-width: 278px) 85vw, 278px\" \/><\/p>\n<p>Und dann stehen wir vor einem m\u00e4chtigen S\u00e4ulenportal, das nicht nur an griechische oder r\u00f6mische Vorbilder erinnert, sondern auch an den Dom zu Helsinki \u2013 sollte es etwa mehr als eine Sprachverwandtschaft geben? Drinnen dann eine elegante Schlichtheit, die durchaus auch in den Norden passen w\u00fcrde. Kein Barock, wenig Blattgold \u2013 woher auch, die Basilika stammt aus dem 19. Jahrhundert, weil ihre Vorg\u00e4nger entweder abbrannten, durch Truppen zerst\u00f6rt wurden oder der ganze Berg einfach als milit\u00e4rstrategisch wichtig, schn\u00f6den weltlichen Zwecken der Verteidigung dienen musste -, aber durchaus w\u00fcrdevolles Gedenken an verschiedene Heilige und Selige, mit oder ohne Reliquie, an Stephan, den ersten K\u00f6nig Ungarns, sowie an Adalbert von Prag, den Schutzpatron des Bistums. Und nat\u00fcrlich an Maria, der, anl\u00e4sslich ihrer Himmelfahrt, zusammen mit Adalbert der Dom jeweils zur ideellen H\u00e4lfte geweiht ist.<\/p>\n<p>Nach dem Mittag geht die Fahrt weiter nach Budapest. Die Sonne ist uns hold geblieben und gegen einen Nachmittag auf dem Sonnendeck mit langsam vor\u00fcber ziehenden Burgen, kleinen St\u00e4dten, W\u00e4ldern und Inselchen ist bei Kuchen und Cappuccino \u00fcberhaupt nichts einzuwenden!<\/p>\n<figure id=\"attachment_69\" aria-describedby=\"caption-attachment-69\" style=\"width: 840px\" class=\"wp-caption aligncenter\"><img loading=\"lazy\" decoding=\"async\" class=\"wp-image-69 size-large\" src=\"https:\/\/bf-on-tour.de\/k-21\/wp-content\/uploads\/sites\/24\/2022\/10\/P1050329-1024x542.jpg\" alt=\"\" width=\"840\" height=\"445\" srcset=\"https:\/\/bf-on-tour.de\/fk-21\/wp-content\/uploads\/sites\/24\/2022\/10\/P1050329-1024x542.jpg 1024w, https:\/\/bf-on-tour.de\/fk-21\/wp-content\/uploads\/sites\/24\/2022\/10\/P1050329-300x159.jpg 300w, https:\/\/bf-on-tour.de\/fk-21\/wp-content\/uploads\/sites\/24\/2022\/10\/P1050329-768x407.jpg 768w, https:\/\/bf-on-tour.de\/fk-21\/wp-content\/uploads\/sites\/24\/2022\/10\/P1050329-1536x813.jpg 1536w, https:\/\/bf-on-tour.de\/fk-21\/wp-content\/uploads\/sites\/24\/2022\/10\/P1050329-2048x1084.jpg 2048w, https:\/\/bf-on-tour.de\/fk-21\/wp-content\/uploads\/sites\/24\/2022\/10\/P1050329-1200x635.jpg 1200w\" sizes=\"auto, (max-width: 709px) 85vw, (max-width: 909px) 67vw, (max-width: 1362px) 62vw, 840px\" \/><figcaption id=\"caption-attachment-69\" class=\"wp-caption-text\">Sonniger Nachmittag auf dem Oberdeck<\/figcaption><\/figure>\n<p>In Budapest angekommen, starten wir im Anschluss an das Abendessen, bei dem sich der Koch ausnahmsweise h\u00f6chst zufriedenstellend an gebratener Kalbsleber versucht hat, zu einer Lichterfahrt auf der Donau. Fast alle wichtigen Geb\u00e4ude entlang des Flusses sind beleuchtet, angestrahlt oder beides. Einfach phantastisch.<\/p>\n<figure id=\"attachment_70\" aria-describedby=\"caption-attachment-70\" style=\"width: 840px\" class=\"wp-caption aligncenter\"><img loading=\"lazy\" decoding=\"async\" class=\"wp-image-70 size-large\" src=\"https:\/\/bf-on-tour.de\/k-21\/wp-content\/uploads\/sites\/24\/2022\/10\/P1050340-1024x576.jpg\" alt=\"\" width=\"840\" height=\"473\" srcset=\"https:\/\/bf-on-tour.de\/fk-21\/wp-content\/uploads\/sites\/24\/2022\/10\/P1050340-1024x576.jpg 1024w, https:\/\/bf-on-tour.de\/fk-21\/wp-content\/uploads\/sites\/24\/2022\/10\/P1050340-300x169.jpg 300w, https:\/\/bf-on-tour.de\/fk-21\/wp-content\/uploads\/sites\/24\/2022\/10\/P1050340-768x432.jpg 768w, https:\/\/bf-on-tour.de\/fk-21\/wp-content\/uploads\/sites\/24\/2022\/10\/P1050340-1536x864.jpg 1536w, https:\/\/bf-on-tour.de\/fk-21\/wp-content\/uploads\/sites\/24\/2022\/10\/P1050340-2048x1152.jpg 2048w, https:\/\/bf-on-tour.de\/fk-21\/wp-content\/uploads\/sites\/24\/2022\/10\/P1050340-1200x675.jpg 1200w\" sizes=\"auto, (max-width: 709px) 85vw, (max-width: 909px) 67vw, (max-width: 1362px) 62vw, 840px\" \/><figcaption id=\"caption-attachment-70\" class=\"wp-caption-text\">Beleuchtetes Hotel Gellert an der Donau<\/figcaption><\/figure>\n<p><img loading=\"lazy\" decoding=\"async\" class=\"alignright size-medium wp-image-71\" src=\"https:\/\/bf-on-tour.de\/k-21\/wp-content\/uploads\/sites\/24\/2022\/10\/P1050345-300x272.jpg\" alt=\"\" width=\"300\" height=\"272\" srcset=\"https:\/\/bf-on-tour.de\/fk-21\/wp-content\/uploads\/sites\/24\/2022\/10\/P1050345-300x272.jpg 300w, https:\/\/bf-on-tour.de\/fk-21\/wp-content\/uploads\/sites\/24\/2022\/10\/P1050345-1024x927.jpg 1024w, https:\/\/bf-on-tour.de\/fk-21\/wp-content\/uploads\/sites\/24\/2022\/10\/P1050345-768x695.jpg 768w, https:\/\/bf-on-tour.de\/fk-21\/wp-content\/uploads\/sites\/24\/2022\/10\/P1050345-1536x1391.jpg 1536w, https:\/\/bf-on-tour.de\/fk-21\/wp-content\/uploads\/sites\/24\/2022\/10\/P1050345-2048x1855.jpg 2048w, https:\/\/bf-on-tour.de\/fk-21\/wp-content\/uploads\/sites\/24\/2022\/10\/P1050345-1200x1087.jpg 1200w\" sizes=\"auto, (max-width: 300px) 85vw, 300px\" \/>Dazu spielen zwei Musiker einer der angeblich besten Zigeunerkapellen der Stadt von ungarischen Weisen bis zu Operettenmelodien alles, was das Klischee des Landestypischen erf\u00fcllt \u2013 wobei die Fingerfertigkeit des Geigers am Hals seiner Violine mein optisches Aufl\u00f6sungsverm\u00f6gen zeitweilig deutlich \u00fcbersteigt und seine Bogenf\u00fchrung eine stark fortgeschrittene Parkinsonerkrankung geradezu deklassieren w\u00fcrde.<\/p>\n<p>Interessant \u00fcbrigens, dass sich niemand der Anwesenden \u2013 inklusive der beiden Musiker \u2013 dar\u00fcber echauffiert, dass hier Zigeuner als eben solche und nicht als Z-Wort-Menschen bezeichnet werden. Bei uns h\u00e4tten die Herren ja samt ihrer Instrumente vor Betroffenheit umgehend ins Wasser springen m\u00fcssen\u2026<\/p>\n<figure id=\"attachment_149\" aria-describedby=\"caption-attachment-149\" style=\"width: 840px\" class=\"wp-caption aligncenter\"><img loading=\"lazy\" decoding=\"async\" class=\"size-large wp-image-149\" src=\"https:\/\/bf-on-tour.de\/k-21\/wp-content\/uploads\/sites\/24\/2022\/10\/P1050339-1024x314.jpg\" alt=\"\" width=\"840\" height=\"258\" srcset=\"https:\/\/bf-on-tour.de\/fk-21\/wp-content\/uploads\/sites\/24\/2022\/10\/P1050339-1024x314.jpg 1024w, https:\/\/bf-on-tour.de\/fk-21\/wp-content\/uploads\/sites\/24\/2022\/10\/P1050339-300x92.jpg 300w, https:\/\/bf-on-tour.de\/fk-21\/wp-content\/uploads\/sites\/24\/2022\/10\/P1050339-768x235.jpg 768w, https:\/\/bf-on-tour.de\/fk-21\/wp-content\/uploads\/sites\/24\/2022\/10\/P1050339-1536x471.jpg 1536w, https:\/\/bf-on-tour.de\/fk-21\/wp-content\/uploads\/sites\/24\/2022\/10\/P1050339-2048x627.jpg 2048w, https:\/\/bf-on-tour.de\/fk-21\/wp-content\/uploads\/sites\/24\/2022\/10\/P1050339-1200x368.jpg 1200w\" sizes=\"auto, (max-width: 709px) 85vw, (max-width: 909px) 67vw, (max-width: 1362px) 62vw, 840px\" \/><figcaption id=\"caption-attachment-149\" class=\"wp-caption-text\">Die Universit\u00e4t bei Nacht<\/figcaption><\/figure>\n<p><a href=\"https:\/\/bf-on-tour.de\/fk-21\/page-2\"><img loading=\"lazy\" decoding=\"async\" class=\"alignleft wp-image-135\" src=\"https:\/\/bf-on-tour.de\/fk-21\/wp-content\/uploads\/sites\/24\/2022\/10\/zurueck.png\" alt=\"\" width=\"50\" height=\"37\" \/><\/a><\/p>\n<p><a href=\"https:\/\/bf-on-tour.de\/fk-21\/page-4\"><img loading=\"lazy\" decoding=\"async\" class=\"alignright wp-image-136\" src=\"https:\/\/bf-on-tour.de\/fk-21\/wp-content\/uploads\/sites\/24\/2022\/10\/weiter.png\" alt=\"\" width=\"50\" height=\"37\" \/><\/a><\/p>\n","protected":false},"excerpt":{"rendered":"<p>Ich \u00f6ffne meine Augen. In der Kabine ist es hell. Wieder eine der zahlreichen Schleusen? Nein, wir sind in Ungarn und die Sonne scheint! Zum ersten Mal seit Tagen. Was f\u00fcr ein vers\u00f6hnlicher Morgen! Die eingekachelte, unser stilles \u00d6rtchen bewachende Jugendstilmaid scheint zu l\u00e4cheln und selbst das entsetzliche R\u00f6hren des Unterdrucksystems dieser Location klingt heute &hellip; <a href=\"https:\/\/bf-on-tour.de\/fk-21\/page-3\/\" class=\"more-link\"><span class=\"screen-reader-text\">\u201eEsztergom und Budapest\u201c <\/span>weiterlesen<\/a><\/p>\n","protected":false},"author":1,"featured_media":0,"parent":0,"menu_order":2,"comment_status":"closed","ping_status":"closed","template":"","meta":{"footnotes":""},"class_list":["post-60","page","type-page","status-publish","hentry"],"aioseo_notices":[],"_links":{"self":[{"href":"https:\/\/bf-on-tour.de\/fk-21\/wp-json\/wp\/v2\/pages\/60","targetHints":{"allow":["GET"]}}],"collection":[{"href":"https:\/\/bf-on-tour.de\/fk-21\/wp-json\/wp\/v2\/pages"}],"about":[{"href":"https:\/\/bf-on-tour.de\/fk-21\/wp-json\/wp\/v2\/types\/page"}],"author":[{"embeddable":true,"href":"https:\/\/bf-on-tour.de\/fk-21\/wp-json\/wp\/v2\/users\/1"}],"replies":[{"embeddable":true,"href":"https:\/\/bf-on-tour.de\/fk-21\/wp-json\/wp\/v2\/comments?post=60"}],"version-history":[{"count":12,"href":"https:\/\/bf-on-tour.de\/fk-21\/wp-json\/wp\/v2\/pages\/60\/revisions"}],"predecessor-version":[{"id":171,"href":"https:\/\/bf-on-tour.de\/fk-21\/wp-json\/wp\/v2\/pages\/60\/revisions\/171"}],"wp:attachment":[{"href":"https:\/\/bf-on-tour.de\/fk-21\/wp-json\/wp\/v2\/media?parent=60"}],"curies":[{"name":"wp","href":"https:\/\/api.w.org\/{rel}","templated":true}]}}