{"id":5,"date":"2022-07-25T12:40:12","date_gmt":"2022-07-25T10:40:12","guid":{"rendered":"https:\/\/bf-on-tour.de\/k-21\/?page_id=5"},"modified":"2022-10-24T10:17:05","modified_gmt":"2022-10-24T08:17:05","slug":"page-1","status":"publish","type":"page","link":"https:\/\/bf-on-tour.de\/fk-21\/","title":{"rendered":"Wieso Donau?"},"content":{"rendered":"<p>Montag 9:30 Uhr. Wir sind mit dem Auto auf dem Weg nach Passau. Passau? Und mit dem Auto? Wir wollten doch drei Wochen mit den Maschinen durch deutsche Lande fahren, Freunde und Verwandte besuchen.<\/p>\n<p>Ja, wir (!) wollten das, aber mein R\u00fccken hatte nach zwei Tagen dringlichst medizinischen Service eingefordert, weshalb in den n\u00e4chsten Wochen meine Mahlzeiten von Ibu800 flankiert und die Urlaubstage in die hiesige Physiotherapie verlegt wurden.<\/p>\n<p>Und eines Abends hie\u00df es dann: \u201eBevor wir gar keinen Urlaub machen, lass uns doch mal eine Flusskreuzfahrt buchen.\u201c Meine Bedenken, die von einem skeptischen \u201ehmmm\u201c \u00fcber \u201esind wir daf\u00fcr schon alt genug\u201c und \u201edas ist viel zu teuer\u201c reichten, wurden geflissentlich \u00fcberh\u00f6rt.<\/p>\n<figure id=\"attachment_129\" aria-describedby=\"caption-attachment-129\" style=\"width: 840px\" class=\"wp-caption aligncenter\"><img loading=\"lazy\" decoding=\"async\" class=\"wp-image-129 size-large\" src=\"https:\/\/bf-on-tour.de\/k-21\/wp-content\/uploads\/sites\/24\/2022\/10\/P1050265-1024x407.jpg\" alt=\"\" width=\"840\" height=\"334\" srcset=\"https:\/\/bf-on-tour.de\/fk-21\/wp-content\/uploads\/sites\/24\/2022\/10\/P1050265-1024x407.jpg 1024w, https:\/\/bf-on-tour.de\/fk-21\/wp-content\/uploads\/sites\/24\/2022\/10\/P1050265-300x119.jpg 300w, https:\/\/bf-on-tour.de\/fk-21\/wp-content\/uploads\/sites\/24\/2022\/10\/P1050265-768x305.jpg 768w, https:\/\/bf-on-tour.de\/fk-21\/wp-content\/uploads\/sites\/24\/2022\/10\/P1050265-1536x610.jpg 1536w, https:\/\/bf-on-tour.de\/fk-21\/wp-content\/uploads\/sites\/24\/2022\/10\/P1050265-2048x813.jpg 2048w, https:\/\/bf-on-tour.de\/fk-21\/wp-content\/uploads\/sites\/24\/2022\/10\/P1050265-1200x476.jpg 1200w\" sizes=\"auto, (max-width: 709px) 85vw, (max-width: 909px) 67vw, (max-width: 1362px) 62vw, 840px\" \/><figcaption id=\"caption-attachment-129\" class=\"wp-caption-text\">Die MS Heidelberg<\/figcaption><\/figure>\n<p>Montag 15:30 Uhr. Ankunft in Passau und Transfer zum Schiff. Schiff? Ist das ein Schiff? Schiffe haben, wenn sie nicht gerade Flugzeugtr\u00e4ger oder Containerriesen sind, einigerma\u00dfen \u00e4sthetische Proportionen. Wir entern gerade eine plattgewalzte Keksdose von 100 Metern L\u00e4nge und 10 Metern Breite, die knapp aus dem Wasser ragt. Aber da es wie aus Eimern sch\u00fcttet, ist es uns egal. Au\u00dferdem haben wir die Woche im Voraus bezahlt und ein Zur\u00fcck gibt es nicht.<\/p>\n<figure id=\"attachment_128\" aria-describedby=\"caption-attachment-128\" style=\"width: 300px\" class=\"wp-caption alignleft\"><img loading=\"lazy\" decoding=\"async\" class=\"wp-image-128 size-medium\" src=\"https:\/\/bf-on-tour.de\/k-21\/wp-content\/uploads\/sites\/24\/2022\/10\/Untitled_1.1.6-300x242.jpg\" alt=\"\" width=\"300\" height=\"242\" srcset=\"https:\/\/bf-on-tour.de\/fk-21\/wp-content\/uploads\/sites\/24\/2022\/10\/Untitled_1.1.6-300x242.jpg 300w, https:\/\/bf-on-tour.de\/fk-21\/wp-content\/uploads\/sites\/24\/2022\/10\/Untitled_1.1.6-1024x826.jpg 1024w, https:\/\/bf-on-tour.de\/fk-21\/wp-content\/uploads\/sites\/24\/2022\/10\/Untitled_1.1.6-768x619.jpg 768w, https:\/\/bf-on-tour.de\/fk-21\/wp-content\/uploads\/sites\/24\/2022\/10\/Untitled_1.1.6-1200x968.jpg 1200w, https:\/\/bf-on-tour.de\/fk-21\/wp-content\/uploads\/sites\/24\/2022\/10\/Untitled_1.1.6.jpg 1322w\" sizes=\"auto, (max-width: 300px) 85vw, 300px\" \/><figcaption id=\"caption-attachment-128\" class=\"wp-caption-text\">Kabine<\/figcaption><\/figure>\n<p>Einchecken und Kabine beziehen. Jugendstil wohin man schaut. Das Bett, der Schrank, das Bad, der kleine Schreibtisch. War mir die schlichte Moderne von \u201eMein Schiff\u201c gegen\u00fcber dem Luxus der Color-Line, dem italienischen Plastik-Kitsch der Costa-Schiffe und der robusten Resopaloptik von Hurtigruten auch immer etwas fremd, hier vermisse ich sie.<\/p>\n<figure id=\"attachment_127\" aria-describedby=\"caption-attachment-127\" style=\"width: 226px\" class=\"wp-caption alignright\"><img loading=\"lazy\" decoding=\"async\" class=\"wp-image-127 size-medium\" src=\"https:\/\/bf-on-tour.de\/k-21\/wp-content\/uploads\/sites\/24\/2022\/10\/Untitled_1.1.5-226x300.jpg\" alt=\"\" width=\"226\" height=\"300\" srcset=\"https:\/\/bf-on-tour.de\/fk-21\/wp-content\/uploads\/sites\/24\/2022\/10\/Untitled_1.1.5-226x300.jpg 226w, https:\/\/bf-on-tour.de\/fk-21\/wp-content\/uploads\/sites\/24\/2022\/10\/Untitled_1.1.5-771x1024.jpg 771w, https:\/\/bf-on-tour.de\/fk-21\/wp-content\/uploads\/sites\/24\/2022\/10\/Untitled_1.1.5-768x1020.jpg 768w, https:\/\/bf-on-tour.de\/fk-21\/wp-content\/uploads\/sites\/24\/2022\/10\/Untitled_1.1.5.jpg 813w\" sizes=\"auto, (max-width: 226px) 85vw, 226px\" \/><figcaption id=\"caption-attachment-127\" class=\"wp-caption-text\">Bad<\/figcaption><\/figure>\n<p>Abendessen. Vorspeise Obatzda. Wir sitzen an einem Sechsertisch. Vier kennen Obatzda aus Bayern, wissen, dass dieser h\u00f6chst unterschiedlich schmecken kann \u2013 aber eben nicht so. Die anderen zwei haben gleich auf die Vorspeise verzichtet. Danach Kartoffelsuppe. Gut, dass es jemand bemerkt hat. Der Rest ist ok, aber Kulinarik war garantiert nicht des Koches Lieblingsfach.<\/p>\n<p>Und jetzt? Jetzt sitzen wir in einem etwas aus der Zeit gefallenen Ambiente aus Titanic, Veteranenclub Kaiserlicher Truppen und dem Seniorenheim Rosenhof, lauschen &#8222;Rudis musikalischem Tagesausklang&#8220; &#8211; wie es im Programm ausgewiesen ist.<\/p>\n<figure id=\"attachment_125\" aria-describedby=\"caption-attachment-125\" style=\"width: 300px\" class=\"wp-caption alignleft\"><img loading=\"lazy\" decoding=\"async\" class=\"wp-image-125 size-medium\" src=\"https:\/\/bf-on-tour.de\/k-21\/wp-content\/uploads\/sites\/24\/2022\/10\/Untitled_1.1.3-300x220.jpg\" alt=\"\" width=\"300\" height=\"220\" srcset=\"https:\/\/bf-on-tour.de\/fk-21\/wp-content\/uploads\/sites\/24\/2022\/10\/Untitled_1.1.3-300x220.jpg 300w, https:\/\/bf-on-tour.de\/fk-21\/wp-content\/uploads\/sites\/24\/2022\/10\/Untitled_1.1.3-1024x751.jpg 1024w, https:\/\/bf-on-tour.de\/fk-21\/wp-content\/uploads\/sites\/24\/2022\/10\/Untitled_1.1.3-768x563.jpg 768w, https:\/\/bf-on-tour.de\/fk-21\/wp-content\/uploads\/sites\/24\/2022\/10\/Untitled_1.1.3-1200x880.jpg 1200w, https:\/\/bf-on-tour.de\/fk-21\/wp-content\/uploads\/sites\/24\/2022\/10\/Untitled_1.1.3.jpg 1433w\" sizes=\"auto, (max-width: 300px) 85vw, 300px\" \/><figcaption id=\"caption-attachment-125\" class=\"wp-caption-text\">Salon<\/figcaption><\/figure>\n<p>Rudi selbst versteckt sich hinter einem auf dem Fl\u00fcgel platzierten, \u00fcppig dimensioniertem Yamaha-Keyboard und an einem Mikrofonst\u00e4nder h\u00e4ngt seine OP-Maske wie ein frisch gewaschener Babyschl\u00fcpfer. Von dort aus pr\u00e4sentiert er &#8211; kaum sichtbar &#8211; dem Alter des Publikums (uns?) angemessene Schlager aus der Konserve.<\/p>\n<p>Dann und wann singt er auch ein Wenig nach Karaoke-Art und bet\u00e4tigt mit der rechten Hand die eine oder andere Taste seiner Yamaha-Heimorgel, um diesen oder jenen vorgefertigten Akkord dazu erklingen zu lassen. Sowas muss man m\u00f6gen. Eine ganze Reihe Mitreisender ist begeistert &#8211; wir nicht. Das sch\u00f6ne Klavier scheint lediglich Deko zu sein.<\/p>\n<p>Der Ober bringt Aperol Spritz \u2013 Rudi muss man sich sch\u00f6n trinken. Und \u00dcberraschung: Das Getr\u00e4nk ist deutlich gehaltvoller als die Pl\u00f6rre auf der S\u00fcdtiroler Negerh\u00fctte aber kein Kopfschuss wie auf den TUI-Schiffen, bei denen \u201eall-in\u201c in der Regel \u201ealles, was reingeht\u201c bedeutet. Also doch nicht so \u00fcbel? Warten wir\u2019s mal ab. Jeder hat seine Chance\u2026<\/p>\n<p><a href=\"https:\/\/bf-on-tour.de\/fk-21\/page-2\"><img loading=\"lazy\" decoding=\"async\" class=\"alignright wp-image-136\" src=\"https:\/\/bf-on-tour.de\/fk-21\/wp-content\/uploads\/sites\/24\/2022\/10\/weiter.png\" alt=\"\" width=\"50\" height=\"37\" \/><\/a><\/p>\n","protected":false},"excerpt":{"rendered":"<p>Montag 9:30 Uhr. Wir sind mit dem Auto auf dem Weg nach Passau. Passau? Und mit dem Auto? Wir wollten doch drei Wochen mit den Maschinen durch deutsche Lande fahren, Freunde und Verwandte besuchen. Ja, wir (!) wollten das, aber mein R\u00fccken hatte nach zwei Tagen dringlichst medizinischen Service eingefordert, weshalb in den n\u00e4chsten Wochen &hellip; <a href=\"https:\/\/bf-on-tour.de\/fk-21\/\" class=\"more-link\"><span class=\"screen-reader-text\">\u201eWieso Donau?\u201c <\/span>weiterlesen<\/a><\/p>\n","protected":false},"author":1,"featured_media":0,"parent":0,"menu_order":0,"comment_status":"closed","ping_status":"closed","template":"","meta":{"footnotes":""},"class_list":["post-5","page","type-page","status-publish","hentry"],"aioseo_notices":[],"_links":{"self":[{"href":"https:\/\/bf-on-tour.de\/fk-21\/wp-json\/wp\/v2\/pages\/5","targetHints":{"allow":["GET"]}}],"collection":[{"href":"https:\/\/bf-on-tour.de\/fk-21\/wp-json\/wp\/v2\/pages"}],"about":[{"href":"https:\/\/bf-on-tour.de\/fk-21\/wp-json\/wp\/v2\/types\/page"}],"author":[{"embeddable":true,"href":"https:\/\/bf-on-tour.de\/fk-21\/wp-json\/wp\/v2\/users\/1"}],"replies":[{"embeddable":true,"href":"https:\/\/bf-on-tour.de\/fk-21\/wp-json\/wp\/v2\/comments?post=5"}],"version-history":[{"count":29,"href":"https:\/\/bf-on-tour.de\/fk-21\/wp-json\/wp\/v2\/pages\/5\/revisions"}],"predecessor-version":[{"id":169,"href":"https:\/\/bf-on-tour.de\/fk-21\/wp-json\/wp\/v2\/pages\/5\/revisions\/169"}],"wp:attachment":[{"href":"https:\/\/bf-on-tour.de\/fk-21\/wp-json\/wp\/v2\/media?parent=5"}],"curies":[{"name":"wp","href":"https:\/\/api.w.org\/{rel}","templated":true}]}}